{"id":7659,"date":"2023-05-04T17:53:32","date_gmt":"2023-05-04T15:53:32","guid":{"rendered":"http:\/\/astehshop.com\/?post_type=product&#038;p=7659"},"modified":"2023-05-04T17:53:32","modified_gmt":"2023-05-04T15:53:32","slug":"projektor-cubot-sw-10","status":"publish","type":"product","link":"http:\/\/astehshop.com\/index.php\/product\/projektor-cubot-sw-10\/","title":{"rendered":"PROJEKTOR CUBOT SW 10"},"content":{"rendered":"<p><u>CUBOT Surewheel SW10 projektor, boja: crna.\u00a0<\/u><\/p>\n<ul>\n<li>Rezolucija: 1080p &#8211; Full HD.<\/li>\n<li>Maksimalna veli\u010dina prikaza do 180 inch.<\/li>\n<li>Wireless Screen mirroring omogu\u0107ava prikazivanje sadr\u017eaja sa mobiltela.<\/li>\n<li>Ugra\u0111en zvu\u010dnik 5W.<\/li>\n<li>Wi-Fi integrisan &#8211; 2,4GHz i 5GHz.<\/li>\n<li>Bluetooth 4.0.<\/li>\n<li>Garancija: 12 mjeseci.<\/li>\n<\/ul>\n<p>&nbsp;<\/p>\n<p>Za sve dodatne informacije mozete nas kontaktirati na OLX poruke, 065824333 ili Viber<\/p>\n<p>&nbsp;<\/p>\n<p>NUDIMO KUPOVINU NOVE ROBE NA RATE:<\/p>\n<p>-DO 18 RATA PREKO MIKROFIN KREDITNA ORGANIZACIJA<\/p>\n<p>-DO 12 RATA PREKO \u0160OPING KARTICE UNICREDIT BANK<\/p>\n<p>&nbsp;<\/p>\n<p>Trgovinska RadnjaTECHNO SHOP BNNikole Tesle 31a, Bijeljina(izme\u0111u Moja Apoteka i picerije Park Ne\u0161kovi\u0107)055\/422-599065\/824-333066\/123-234Radnim danima 09-19hSubotom 09-16h<\/p>\n<p>www.technoshopbn.com<\/p>\n<p><a href=\"https:\/\/olx.ba\/artikal\/49765568\/nov-projektor-cubot-sw-10\">info@technoshopbn.com<\/a><\/p>\n","protected":false},"excerpt":{"rendered":"<p><u>CUBOT Surewheel SW10 projektor, boja: crna.\u00a0<\/u><\/p>\n<ul>\n<li>Rezolucija: 1080p &#8211; Full HD.<\/li>\n<li>Maksimalna veli\u010dina prikaza do 180 inch.<\/li>\n<li>Wireless Screen mirroring omogu\u0107ava prikazivanje sadr\u017eaja sa mobiltela.<\/li>\n<li>Ugra\u0111en zvu\u010dnik 5W.<\/li>\n<li>Wi-Fi integrisan &#8211; 2,4GHz i 5GHz.<\/li>\n<li>Bluetooth 4.0.<\/li>\n<li>Garancija: 12 mjeseci.<\/li>\n<\/ul>\n<p>&nbsp;<\/p>\n<p>Za sve dodatne informacije mozete nas kontaktirati na OLX poruke, 065824333 ili Viber<\/p>\n<p>&nbsp;<\/p>\n<p>NUDIMO KUPOVINU NOVE ROBE NA RATE:<\/p>\n<p>-DO 18 RATA PREKO MIKROFIN KREDITNA ORGANIZACIJA<\/p>\n<p>-DO 12 RATA PREKO \u0160OPING KARTICE UNICREDIT BANK<\/p>\n<p>&nbsp;<\/p>\n<p>Trgovinska RadnjaTECHNO SHOP BNNikole Tesle 31a, Bijeljina(izme\u0111u Moja Apoteka i picerije Park Ne\u0161kovi\u0107)055\/422-599065\/824-333066\/123-234Radnim danima 09-19hSubotom 09-16h<\/p>\n<p>www.technoshopbn.com<\/p>\n<p><a href=\"https:\/\/olx.ba\/artikal\/49765568\/nov-projektor-cubot-sw-10\">info@technoshopbn.com<\/a><\/p>\n","protected":false},"featured_media":7660,"comment_status":"open","ping_status":"closed","template":"","meta":{"_mi_skip_tracking":false,"_exactmetrics_sitenote_active":false,"_exactmetrics_sitenote_note":"","_exactmetrics_sitenote_category":0,"spay_email":""},"product_cat":[5382],"product_tag":[],"brands":[{"id":5215,"name":"Cubot","slug":"cubot"}],"df_price":449,"df_sale_price":"","df_regular_price":449,"df_image_link":"https:\/\/i0.wp.com\/astehshop.com\/wp-content\/uploads\/2023\/05\/nhF49iEfBWlpp9dp73cx.jpg?fit=450%2C450","jetpack_publicize_connections":[],"jetpack_sharing_enabled":true,"jetpack_likes_enabled":true,"jetpack-related-posts":[{"id":6450,"url":"http:\/\/astehshop.com\/index.php\/product\/cubot-sw-10-projektor\/","url_meta":{"origin":7659,"position":0},"title":"Cubot SW 10 Projektor","date":"24. listopada 2022.","format":false,"excerpt":"Naziv: Cubot SureWheel SW10 Rezolucija: 1080\u00d71920 (FullHD 1080p) Svjetlina: 13000 \u2013 14000 ANSL Lumena Maksimalna veli\u010dina zaslona: 180 in\u010da Procesor: 4-jezgreni MSD6A358AX ARM Cortex-A53 jezgre na 1,5GHz Grafika: Mali-400 MP2 RAM: 1GB Interna memorija: 16GB Povezivost: 2xUSB, 2xHDMI, AV ulaz (3,5mm), audio izlaz (3,5mm) Napajanje: DC (ulaz: AC100-240V\/50-60HZ) Kontrola: Daljinski\u2026","rel":"","context":"Srodne objave","img":{"alt_text":"","src":"https:\/\/i0.wp.com\/astehshop.com\/wp-content\/uploads\/2022\/10\/cubot-sw-10.jpg?fit=800%2C800&resize=350%2C200","width":350,"height":200},"classes":[]},{"id":6389,"url":"http:\/\/astehshop.com\/index.php\/product\/cubot-note-8-2gb-16gb-green\/","url_meta":{"origin":7659,"position":1},"title":"Cubot Note 8 2GB 16GB Green","date":"30. rujna 2022.","format":false,"excerpt":"Cubot Note zelene boje sa HD+ ekranom. Posjeduje 13MP AI zadnju kameru i 5MP prednju kameru koje daju odli\u010dnu kvalitetu slika. Te\u017eine je 143g. Rezolucija ekrana je 442x960px. Posjeduje SD slot.","rel":"","context":"Srodne objave","img":{"alt_text":"","src":"https:\/\/i2.wp.com\/astehshop.com\/wp-content\/uploads\/2022\/09\/cubot-note-8-2gb-16gb-green.png?fit=800%2C800&resize=350%2C200","width":350,"height":200},"classes":[]},{"id":10261,"url":"http:\/\/astehshop.com\/index.php\/product\/xo-cf4-mini-projektor-i-lampa-astronaut\/","url_meta":{"origin":7659,"position":2},"title":"XO CF4 Mini projektor i lampa Astronaut","date":"15. travnja 2025.","format":false,"excerpt":"Snaga: 5W Napajanje: 100-240V, 50-60Hz, 0.4A Ulazna snaga: DC 5V\/1A (max) Talasna du\u017eina: 532NMv Kontrole: tipke na zadnjoj strani i daljinski upravlja\u010d Dimenzije: 86 x 76 x 125 mm","rel":"","context":"Srodne objave","img":{"alt_text":"","src":"https:\/\/i0.wp.com\/astehshop.com\/wp-content\/uploads\/2025\/04\/5202994423_w600_h600_5202994423.webp?fit=600%2C600&resize=350%2C200","width":350,"height":200},"classes":[]},{"id":6391,"url":"http:\/\/astehshop.com\/index.php\/product\/pametni-telefon-cubot-p50-6gb-128gb-black\/","url_meta":{"origin":7659,"position":3},"title":"Pametni telefon Cubot P50 6GB 128GB Black","date":"30. rujna 2022.","format":false,"excerpt":"Cubot P50 u zelenoj boji. Posjeduje slot za SD karticu. RAM je 6 GB i interna memorija je 128 GB, mo\u017ee se pove\u0107ati sa SD karticom do 512 GB. Baterija 4200 mAh. Rezolucija zadnje kamere je 12MP, prednja kamera 20 MP. Octa core i Android 11 Red Velvet Cake operativni\u2026","rel":"","context":"Srodne objave","img":{"alt_text":"","src":"https:\/\/i0.wp.com\/astehshop.com\/wp-content\/uploads\/2022\/09\/cubot-p50-black.jpg?fit=800%2C800&resize=350%2C200","width":350,"height":200},"classes":[]},{"id":6818,"url":"http:\/\/astehshop.com\/index.php\/product\/cubot-j10-1gb-32gb-black\/","url_meta":{"origin":7659,"position":4},"title":"Cubot J10 1GB 32GB Black","date":"25. studenoga 2022.","format":false,"excerpt":"Cubot J10 u crnoj boji. Posjeduje slot za SD karticu. RAM je 1GB i interna memorija je 32GB, sa SD karticom do 128 GB. Baterija 2350 mAh. Rezolucija zadnje kamere je 5MP, prednja kamera 2MP. Quad Core i Android 11 operativni sistem. Veli\u010dina 4 in\u010da. \u00a0 \u00a0","rel":"","context":"Srodne objave","img":{"alt_text":"","src":"https:\/\/i0.wp.com\/astehshop.com\/wp-content\/uploads\/2022\/11\/Cubot-J10-1GB-32GB-Black.png?fit=800%2C800&resize=350%2C200","width":350,"height":200},"classes":[]},{"id":11143,"url":"http:\/\/astehshop.com\/index.php\/product\/monitor-21-5-tesla-22mc345bf\/","url_meta":{"origin":7659,"position":5},"title":"MONITOR 21.5&#8243; TESLA 22MC345BF","date":"17. srpnja 2025.","format":false,"excerpt":"Veli\u010dina ekrana: 21.5\" Tip panela: VA Rezolucija: 1920\u00d71080 (Full HD) Osvjetljenje: 310 cd\/m\u00b2 Kontrast: 3000:1 Vrijeme odziva: 6 ms Brzina osvje\u017eenja: 100 Hz Priklju\u010dci: HDMI, VGA","rel":"","context":"Srodne objave","img":{"alt_text":"","src":"https:\/\/i0.wp.com\/astehshop.com\/wp-content\/uploads\/2025\/07\/37532-215-TESLA-22MC345BF-Display-2.webp?fit=450%2C450&resize=350%2C200","width":350,"height":200},"classes":[]}],"_links":{"self":[{"href":"http:\/\/astehshop.com\/index.php\/wp-json\/wp\/v2\/product\/7659"}],"collection":[{"href":"http:\/\/astehshop.com\/index.php\/wp-json\/wp\/v2\/product"}],"about":[{"href":"http:\/\/astehshop.com\/index.php\/wp-json\/wp\/v2\/types\/product"}],"replies":[{"embeddable":true,"href":"http:\/\/astehshop.com\/index.php\/wp-json\/wp\/v2\/comments?post=7659"}],"wp:featuredmedia":[{"embeddable":true,"href":"http:\/\/astehshop.com\/index.php\/wp-json\/wp\/v2\/media\/7660"}],"wp:attachment":[{"href":"http:\/\/astehshop.com\/index.php\/wp-json\/wp\/v2\/media?parent=7659"}],"wp:term":[{"taxonomy":"product_cat","embeddable":true,"href":"http:\/\/astehshop.com\/index.php\/wp-json\/wp\/v2\/product_cat?post=7659"},{"taxonomy":"product_tag","embeddable":true,"href":"http:\/\/astehshop.com\/index.php\/wp-json\/wp\/v2\/product_tag?post=7659"}],"curies":[{"name":"wp","href":"https:\/\/api.w.org\/{rel}","templated":true}]}}