{"id":7604,"date":"2023-04-24T16:37:59","date_gmt":"2023-04-24T14:37:59","guid":{"rendered":"http:\/\/astehshop.com\/?post_type=product&#038;p=7604"},"modified":"2023-08-20T21:22:25","modified_gmt":"2023-08-20T19:22:25","slug":"segway-ninebot-kickscooter-f25e-ii","status":"publish","type":"product","link":"http:\/\/astehshop.com\/index.php\/product\/segway-ninebot-kickscooter-f25e-ii\/","title":{"rendered":"Segway Ninebot KickScooter F25E II"},"content":{"rendered":"<div id=\"collapseDescription\" class=\"product-description-block tab-pane fade active show\">\n<div class=\"panel-content\">\n<div class=\"product-description typo\">\n<p>Ninebot KickScooter F25 II je moderan i u\u010dinkovit elektri\u010dni skuter koji je namijenjen ljudima koji \u017eele brzo i jednostavno putovati gradom. Skuter dolazi s izdr\u017eljivim i kvalitetnim dijelovima koji su dizajnirani tako da traju, a istovremeno pru\u017eaju udobnost i sigurnost tokom vo\u017enje.<\/p>\n<p>Jedna od najistaknutijih zna\u010dajki Ninebot KickScooter F25 II je njegova baterija. Baterija potro\u0161nje 275 Wh omogu\u0107uje vam da vozite skuter do 25 km s jednim punjenjem. Baterija se mo\u017ee napuniti u 4-6 sati, a indikator razine napunjenosti baterije omogu\u0107uje vam da lako pratite koliko jo\u0161 mo\u017eete voziti prije nego \u0161to baterija ponestane.<\/p>\n<p>Skuter dolazi s prednjim i stra\u017enjim LED svjetlima koja pru\u017eaju bolju vidljivost tokom vo\u017enje u uvjetima smanjene vidljivosti, kao \u0161to su no\u0107ne vo\u017enje, a elektri\u010dni i mehani\u010dki ko\u010dioni sistem omogu\u0107uju vam da brzo i lako zaustavite skuter.<\/p>\n<p>Ninebot KickScooter F25 II ima tri na\u010dina vo\u017enje &#8211; Eco, Standard i Sport koji se mogu prilagoditi razli\u010ditim uvjetima vo\u017enje. Aplikacija Ninebot omogu\u0107uje vam da pratite putovanja, prikupljate podatke o vo\u017enji i prilagodite postavke skutera prema va\u0161im \u017eeljama.<\/p>\n<p>Uz ove osobine, Ninebot KickScooter F25 II je idealan izbor za svakoga tko \u017eeli brzo, jednostavno i ekolo\u0161ki prihvatljivo putovati gradom.<\/p>\n<iframe  id=\"_ytid_60596\"  width=\"480\" height=\"270\"  data-origwidth=\"480\" data-origheight=\"270\"  src=\"https:\/\/www.youtube.com\/embed\/HUMb2s60Cts?enablejsapi=1&autoplay=0&cc_load_policy=0&cc_lang_pref=&iv_load_policy=1&loop=0&modestbranding=0&rel=1&fs=1&playsinline=0&autohide=2&theme=dark&color=red&controls=1&\" class=\"__youtube_prefs__  no-lazyload\" title=\"YouTube player\"  allow=\"autoplay; encrypted-media\" allowfullscreen data-no-lazy=\"1\" data-skipgform_ajax_framebjll=\"\"><\/iframe>\n<\/div>\n<\/div>\n<\/div>\n","protected":false},"excerpt":{"rendered":"<div id=\"collapseDescription\" class=\"product-description-block tab-pane fade active show\">\n<div class=\"panel-content\">\n<div class=\"product-description typo\">\n<div id=\"collapseDescription\" class=\"product-description-block tab-pane fade active show\">\n<div class=\"panel-content\">\n<div class=\"product-description typo\">\n<p>Ninebot KickScooter F25 II je moderan i u\u010dinkovit elektri\u010dni skuter koji je namijenjen ljudima koji \u017eele brzo i jednostavno putovati gradom. Skuter dolazi s izdr\u017eljivim i kvalitetnim dijelovima koji su dizajnirani tako da traju, a istovremeno pru\u017eaju udobnost i sigurnost tokom vo\u017enje.<\/p>\n<p>Jedna od najistaknutijih zna\u010dajki Ninebot KickScooter F25 II je njegova baterija. Baterija potro\u0161nje 275 Wh omogu\u0107uje vam da vozite skuter do 25 km s jednim punjenjem. Baterija se mo\u017ee napuniti u 4-6 sati, a indikator razine napunjenosti baterije omogu\u0107uje vam da lako pratite koliko jo\u0161 mo\u017eete voziti prije nego \u0161to baterija ponestane.<\/p>\n<p>Skuter dolazi s prednjim i stra\u017enjim LED svjetlima koja pru\u017eaju bolju vidljivost tokom vo\u017enje u uvjetima smanjene vidljivosti, kao \u0161to su no\u0107ne vo\u017enje, a elektri\u010dni i mehani\u010dki ko\u010dioni sistem omogu\u0107uju vam da brzo i lako zaustavite skuter.<\/p>\n<p>Ninebot KickScooter F25 II ima tri na\u010dina vo\u017enje &#8211; Eco, Standard i Sport koji se mogu prilagoditi razli\u010ditim uvjetima vo\u017enje. Aplikacija Ninebot omogu\u0107uje vam da pratite putovanja, prikupljate podatke o vo\u017enji i prilagodite postavke skutera prema va\u0161im \u017eeljama.<\/p>\n<p>Uz ove osobine, Ninebot KickScooter F25 II je idealan izbor za svakoga tko \u017eeli brzo, jednostavno i ekolo\u0161ki prihvatljivo putovati gradom.<\/p>\n[embedyt] https:\/\/www.youtube.com\/watch?v=HUMb2s60Cts[\/embedyt]\n<\/div>\n<\/div>\n<\/div>\n<\/div>\n<\/div>\n<\/div>\n","protected":false},"featured_media":7606,"comment_status":"open","ping_status":"closed","template":"","meta":{"_mi_skip_tracking":false,"_exactmetrics_sitenote_active":false,"_exactmetrics_sitenote_note":"","_exactmetrics_sitenote_category":0,"spay_email":""},"product_cat":[5319],"product_tag":[5321,5324,5320,5322,5323],"brands":[],"df_price":769,"df_sale_price":"","df_regular_price":769,"df_image_link":"https:\/\/i2.wp.com\/astehshop.com\/wp-content\/uploads\/2023\/04\/segway-ninebot-kickscooter-f25e-ii-elektricni-skuter.jpg?fit=450%2C448","jetpack_publicize_connections":[],"jetpack_sharing_enabled":true,"jetpack_likes_enabled":true,"jetpack-related-posts":[{"id":9298,"url":"http:\/\/astehshop.com\/index.php\/product\/elektricni-romobil-xiaomi-e-scooter-4-10-gume\/","url_meta":{"origin":7604,"position":0},"title":"Elektri\u010dni romobil Xiaomi E-Scooter 4 10&#8221; gume","date":"6. svibnja 2024.","format":false,"excerpt":"Xiaomi E-Scooter 4 Xiaomi Electric Scooter 4 je visokokvalitetni elektri\u010dni skuter dizajniran da pru\u017ei udoban i ekolo\u0161ki prihvatljiv na\u010din kretanja u urbanim sredinama. Ovaj model je posebno prilago\u0111en za evropsko tr\u017ei\u0161te i ispunjava sve va\u017ee\u0107e EU direktive i sigurnosne standarde. - Sna\u017ean elektromotor Skuter je opremljen sna\u017enim elektri\u010dnim motorom koji\u2026","rel":"","context":"Srodne objave","img":{"alt_text":"","src":"https:\/\/i2.wp.com\/astehshop.com\/wp-content\/uploads\/2024\/05\/34702_1712926086c1m63d06bg.png?fit=1200%2C1181&resize=350%2C200","width":350,"height":200},"classes":[]},{"id":9288,"url":"http:\/\/astehshop.com\/index.php\/product\/elektricni-romobil-skuter-do-80-kg-sa-cicom-max-brzina-18-km-h\/","url_meta":{"origin":7604,"position":1},"title":"Elektri\u010dni romobil skuter do 80 KG sa cicom max brzina 18 km\/h","date":"3. svibnja 2024.","format":false,"excerpt":"MAKSIMALNA BRZINA DO 18 km\/h MAKSIMALAN NAGIB DO 5% DOMET DO 10 KILOMETARA (u idealnim uslovima) SNAGA 120W PODESIVA VISINA CICA I VOLANA","rel":"","context":"Srodne objave","img":{"alt_text":"","src":"https:\/\/i2.wp.com\/astehshop.com\/wp-content\/uploads\/2024\/05\/img-1709812677-04b8c7a30129-removebg-preview-1.png?fit=451%2C481&resize=350%2C200","width":350,"height":200},"classes":[]},{"id":9301,"url":"http:\/\/astehshop.com\/index.php\/product\/xiaomi-elekricni-romobil-4-pro-2nd-gen-10-gume\/","url_meta":{"origin":7604,"position":2},"title":"Xiaomi Elekri\u010dni Romobil 4 Pro 2nd Gen  10&#8243; gume","date":"6. svibnja 2024.","format":false,"excerpt":"Xiaomi Elekri\u010dni Romobil 4 Pro 2nd Gen - Uzburkana energja, oslobodite svou strast - Vi\u0161e snage za izvanredna iskustva Baterijski sustav od 48 V uparen je s motorom sa \u0161tra\u017enjim pogonom od 400 W za jo\u0161 ve\u0107u snagu. Bilo da ubrzavate ili se penjete uzbrdo, s lakotom se mote nositi\u2026","rel":"","context":"Srodne objave","img":{"alt_text":"","src":"https:\/\/i0.wp.com\/astehshop.com\/wp-content\/uploads\/2024\/05\/Xiaomi-Elekricni-Romobil-4-Pro-2nd-Gen.png?fit=1200%2C1184&resize=350%2C200","width":350,"height":200},"classes":[]},{"id":8761,"url":"http:\/\/astehshop.com\/index.php\/product\/masazni-jastuk-mt6525-periva-navlaka\/","url_meta":{"origin":7604,"position":3},"title":"Masa\u017eni Jastuk MT6525 | Periva Navlaka","date":"10. sije\u010dnja 2024.","format":false,"excerpt":"Savr\u0161en jastuk za va\u0161e zdravlje i udobnost. U svakodnevnoj \u017eivotnoj u\u017eurbanosti vrijedi se pobrinuti za udobnost svog vrata i vrata. U-PILLOW MASSAGING moderan je odgovor na potrebe najzahtjevnijih korisnika \u017eeljnih udobnosti i luksuza. Dizajniran da podupre va\u0161 vrat, savr\u0161eno je rje\u0161enje i kod ku\u0107e, u uredu i tijekom dugih putovanja.\u2026","rel":"","context":"Srodne objave","img":{"alt_text":"","src":"https:\/\/i2.wp.com\/astehshop.com\/wp-content\/uploads\/2024\/01\/masazni-jastuk.jpg?fit=400%2C400&resize=350%2C200","width":350,"height":200},"classes":[]},{"id":9983,"url":"http:\/\/astehshop.com\/index.php\/product\/hub-roombanker-rbgw-202-868-sa-4g-wifi-i-rj45-do-128-uredjaja\/","url_meta":{"origin":7604,"position":4},"title":"HUB RoomBanker RBGW-202-868  sa 4G wifi i RJ45 do 128 uredjaja","date":"16. o\u017eujka 2025.","format":false,"excerpt":"Unesite neuporedivu fleksibilnost i sigurnost u svoj dom uz Roombanker Station Home Security Hub, kamen temeljac Roombanker Security & Automation sistema. Dizajniran za vlasnike ku\u0107a koji su upoznati s tehnologijom, ovo \u010dvori\u0161te podr\u017eava \u0161irok raspon do 128 perifernih ure\u0111aja, uklju\u010duju\u0107i RBF, Zigbee i Bluetooth ure\u0111aje, \u0161to ga \u010dini najsvestranijim izborom\u2026","rel":"","context":"Srodne objave","img":{"alt_text":"","src":"https:\/\/i2.wp.com\/astehshop.com\/wp-content\/uploads\/2025\/03\/RBGW-202-868_EU_-1.webp?fit=1200%2C1200&resize=350%2C200","width":350,"height":200},"classes":[]},{"id":9620,"url":"http:\/\/astehshop.com\/index.php\/product\/kamin-elektricni-2000w\/","url_meta":{"origin":7604,"position":5},"title":"Kamin, elektri\u010dni, 2000W","date":"21. studenoga 2024.","format":false,"excerpt":"U ovom elektri\u010dnom kaminu moderni dizajnerski trendovi skladno se isprepli\u0107u s jedinstvenim autorskim stilom. Zrcalna prednja plo\u010da trendovski je naglasak koji izgleda luksuzno u svakom interijeru, a zahvaljuju\u0107i ukrasnom gorivu - \"kamenju\" - posti\u017ee se maksimalna razina udobnosti. Dvije razine toplinske snage stvorit \u0107e za vas optimalnu klimu. Kamin je\u2026","rel":"","context":"Srodne objave","img":{"alt_text":"","src":"https:\/\/i1.wp.com\/astehshop.com\/wp-content\/uploads\/2024\/11\/el-kamin.png?fit=1200%2C1103&resize=350%2C200","width":350,"height":200},"classes":[]}],"_links":{"self":[{"href":"http:\/\/astehshop.com\/index.php\/wp-json\/wp\/v2\/product\/7604"}],"collection":[{"href":"http:\/\/astehshop.com\/index.php\/wp-json\/wp\/v2\/product"}],"about":[{"href":"http:\/\/astehshop.com\/index.php\/wp-json\/wp\/v2\/types\/product"}],"replies":[{"embeddable":true,"href":"http:\/\/astehshop.com\/index.php\/wp-json\/wp\/v2\/comments?post=7604"}],"wp:featuredmedia":[{"embeddable":true,"href":"http:\/\/astehshop.com\/index.php\/wp-json\/wp\/v2\/media\/7606"}],"wp:attachment":[{"href":"http:\/\/astehshop.com\/index.php\/wp-json\/wp\/v2\/media?parent=7604"}],"wp:term":[{"taxonomy":"product_cat","embeddable":true,"href":"http:\/\/astehshop.com\/index.php\/wp-json\/wp\/v2\/product_cat?post=7604"},{"taxonomy":"product_tag","embeddable":true,"href":"http:\/\/astehshop.com\/index.php\/wp-json\/wp\/v2\/product_tag?post=7604"}],"curies":[{"name":"wp","href":"https:\/\/api.w.org\/{rel}","templated":true}]}}