{"id":7464,"date":"2023-03-11T20:36:57","date_gmt":"2023-03-11T19:36:57","guid":{"rendered":"http:\/\/astehshop.com\/?post_type=product&#038;p=7464"},"modified":"2023-03-11T20:36:58","modified_gmt":"2023-03-11T19:36:58","slug":"bluetooth-zvucnik-sal-max-bt","status":"publish","type":"product","link":"http:\/\/astehshop.com\/index.php\/product\/bluetooth-zvucnik-sal-max-bt\/","title":{"rendered":"BLUETOOTH ZVU\u010cNIK SAL MAX BT"},"content":{"rendered":"<p><strong>Zvu\u010dnik be\u017ei\u010dni, Bluetooth, multimedijalni, BoomBox<\/strong><\/p>\n<p>&nbsp;<\/p>\n<p>Prenosivi multimedijalni zvu\u010dnik sa daljinskim upravlja\u010dem,<\/p>\n<p>2.1 Stereo zvuk,<\/p>\n<p>2 x 35W,<\/p>\n<p>extra bass 50W,<\/p>\n<p>Bluetooth,<\/p>\n<p>ugra\u0111en FM radi sa automatskim pretra\u017eivanjem,<\/p>\n<p>MP3 player, reprodukcija sa USB-a,<\/p>\n<p>SD memorijske kartice,<\/p>\n<p>2 x 6,3mm ulaz za mikrofon ( KARAOKE ),<\/p>\n<p>Bluetooth spajanje sa Smartphone-om,<\/p>\n<p>LED plavo svjetlo,<\/p>\n<p>drvena kutija sa dr\u0161kom za no\u0161enje<\/p>\n<p>&nbsp;<\/p>\n<p><strong>Za sve dodatne informacije mozete nas kontaktirati na OLX poruke, 065824333 ili Viber<\/strong><\/p>\n<p><strong>\u00a0<\/strong><\/p>\n<p><strong>\u00a0NUDIMO KUPOVINU NOVE ROBE NA RATE:<\/strong><\/p>\n<p><strong>-DO 18 RATA PREKO MIKROFIN KREDITNA ORGANIZACIJA<\/strong><\/p>\n<p><strong>-DO 12 RATA PREKO \u0160OPING KARTICE UNICREDIT BANK<\/strong><\/p>\n<p><strong>\u00a0<\/strong><\/p>\n<p><strong>Trgovinska RadnjaTECHNO SHOP BN<\/strong><\/p>\n<p><strong>Nikole Tesle 31a, Bijeljina(izme\u0111u Moja Apoteka i picerije Park Ne\u0161kovi\u0107)<\/strong><\/p>\n<p><strong>055\/422-599; 065\/824-333; 066\/123-234<\/strong><\/p>\n<p><strong>Radnim danima 09-19h<\/strong><\/p>\n<p><strong>Subotom 09-16h<\/strong><\/p>\n<p><strong>www.technoshopbn.com<\/strong><\/p>\n<p><a href=\"https:\/\/olx.ba\/artikal\/51187537\/gaming-racunar-pc-i5-10400f-16gb-gtx-1660-ti\"><strong>info@technoshopbn.com<\/strong><\/a><\/p>\n","protected":false},"excerpt":{"rendered":"<p>Prenosivi multimedijalni zvu\u010dnik sa daljinskim upravlja\u010dem,<\/p>\n<p>2.1 Stereo zvuk,<\/p>\n<p>2 x 35W,<\/p>\n<p>extra bass 50W,<\/p>\n<p>Bluetooth,<\/p>\n<p>ugra\u0111en FM radi sa automatskim pretra\u017eivanjem,<\/p>\n<p>MP3 player, reprodukcija sa USB-a,<\/p>\n<p>SD memorijske kartice,<\/p>\n<p>2 x 6,3mm ulaz za mikrofon ( KARAOKE ),<\/p>\n<p>Bluetooth spajanje sa Smartphone-om,<\/p>\n<p>LED plavo svjetlo,<\/p>\n<p>drvena kutija sa dr\u0161kom za no\u0161enje<\/p>\n","protected":false},"featured_media":7465,"comment_status":"open","ping_status":"closed","template":"","meta":{"_mi_skip_tracking":false,"_exactmetrics_sitenote_active":false,"_exactmetrics_sitenote_note":"","_exactmetrics_sitenote_category":0,"spay_email":""},"product_cat":[5174],"product_tag":[],"brands":[{"id":5267,"name":"SAL","slug":"sal"}],"df_price":189,"df_sale_price":"","df_regular_price":189,"df_image_link":"https:\/\/i2.wp.com\/astehshop.com\/wp-content\/uploads\/2023\/03\/DsplnG0z8LEBxMxFnFeY.jpg?fit=450%2C450","jetpack_publicize_connections":[],"jetpack_sharing_enabled":true,"jetpack_likes_enabled":true,"jetpack-related-posts":[{"id":8050,"url":"http:\/\/astehshop.com\/index.php\/product\/bluetooth-zvucnik-2-bezicna-mikrofona-k5-15\/","url_meta":{"origin":7464,"position":0},"title":"BLUETOOTH ZVU\u010cNIK +2 BE\u017dI\u010cNA MIKROFONA K5-15","date":"13. kolovoza 2023.","format":false,"excerpt":"UZ ZVU\u010cNIK DOLAZI: -2 BE\u017dI\u010cNA MIKROFONA - DALJINSKI - LED OSVJETLJENJE, - USB ULAZ - SD CARD - FM RADIO - BLUETOOTH - AUX IN - MOGU\u0106NOST PRIKLJU\u010cIVANJA GITARE - Zvu\u010dnik ima svoj integrisan akumulator, vrijeme rada na akumulatoru 10h, - Punjenje preko priklju\u010dak adapter . - Mogu\u0107e pu\u0161tanje muzike\/matrica\u2026","rel":"","context":"Srodne objave","img":{"alt_text":"","src":"https:\/\/i1.wp.com\/astehshop.com\/wp-content\/uploads\/2023\/08\/k5-15.jpg?fit=1198%2C1200&resize=350%2C200","width":350,"height":200},"classes":[]},{"id":8048,"url":"http:\/\/astehshop.com\/index.php\/product\/bluetooth-zvucnik-15-inca-2-bezicna-mikrofona-karaoke-mr-501\/","url_meta":{"origin":7464,"position":1},"title":"BLUETOOTH ZVU\u010cNIK 15 IN\u010cA +2 BE\u017dI\u010cNA MIKROFONA karaoke MR-501","date":"13. kolovoza 2023.","format":false,"excerpt":"UZ ZVU\u010cNIK DOLAZI: -2 BE\u017dI\u010cNA MIKROFONA - DALJINSKI - LED OSVJETLJENJE, - USB ULAZ - SD CARD - FM RADIO - BLUETOOTH - AUX IN -MOGU\u0106NOST PRIKLJU\u010cIVANJA GITARE - Zvu\u010dnik ima svoj integrisan akumulator, vrijeme rada na akumulatoru 10h, - Punjenje preko priklju\u010dak adapter . - Mogu\u0107e pu\u0161tanje muzike\/matrica sa\u2026","rel":"","context":"Srodne objave","img":{"alt_text":"","src":"https:\/\/i1.wp.com\/astehshop.com\/wp-content\/uploads\/2023\/08\/mr-501.png?fit=537%2C525&resize=350%2C200","width":350,"height":200},"classes":[]},{"id":11139,"url":"http:\/\/astehshop.com\/index.php\/product\/zvucnik-bluetooth-esperanza-fado\/","url_meta":{"origin":7464,"position":2},"title":"Zvu\u010dnik BLUETOOTH ESPERANZA FADO","date":"17. srpnja 2025.","format":false,"excerpt":"FM radio, microSD, USB, EP133K","rel":"","context":"Srodne objave","img":{"alt_text":"","src":"https:\/\/i2.wp.com\/astehshop.com\/wp-content\/uploads\/2025\/07\/0090342_zvucnik-bluetooth-esperanza-fado-fm-radio-microsd-usb-ep133k.jpeg?fit=450%2C450&resize=350%2C200","width":350,"height":200},"classes":[]},{"id":8046,"url":"http:\/\/astehshop.com\/index.php\/product\/bluetooth-zvucnik-12-inca-1-bezicni-mikrofon-karaoke\/","url_meta":{"origin":7464,"position":3},"title":"BLUETOOTH ZVU\u010cNIK 12 INCA +1 BE\u017dI\u010cNI MIKROFON karaoke","date":"13. kolovoza 2023.","format":false,"excerpt":"UZ ZVU\u010cNIK DOLAZI: - 1 BE\u017dI\u010cNI MIKROFON - DALJINSKI - LED OSVJETLJENJE, - USB ULAZ - SD CARD - FM RADIO - BLUETOOTH - AUX IN - MOGU\u0106NOST PRIKLJU\u010cIVANJA GITARE","rel":"","context":"Srodne objave","img":{"alt_text":"","src":"https:\/\/i2.wp.com\/astehshop.com\/wp-content\/uploads\/2023\/08\/k3-12.jpg?fit=1010%2C1068&resize=350%2C200","width":350,"height":200},"classes":[]},{"id":11134,"url":"http:\/\/astehshop.com\/index.php\/product\/zvucnici-bluetooth-esperanza-trival\/","url_meta":{"origin":7464,"position":4},"title":"Zvu\u010dnici BLUETOOTH ESPERANZA TRIVAL","date":"17. srpnja 2025.","format":false,"excerpt":"3W, FM Radio, USB+microSD, BLACK-RED, EP117KR","rel":"","context":"Srodne objave","img":{"alt_text":"","src":"","width":0,"height":0},"classes":[]},{"id":8044,"url":"http:\/\/astehshop.com\/index.php\/product\/meirende-bluetooth-zvucnik-12-2-mikrofona\/","url_meta":{"origin":7464,"position":5},"title":"MEIRENDE BLUETOOTH ZVUCNIK 12&#8243; + 2 MIKROFONA","date":"13. kolovoza 2023.","format":false,"excerpt":"KARAOKE ZVU\u010cNICI - BLUETOOTH NEVJEROVATNA SNAGA UZ ZVU\u010cNIK DOLAZI: - 2 BE\u017dI\u010cNA MIKROFONA - DALJINSKI - LED OSVJETLJENJE, - USB ULAZ - SD CARD - FM RADIO - BLUETOOTH - AUX IN - MOGU\u0106NOST PRIKLJU\u010cIVANJA GITARE","rel":"","context":"Srodne objave","img":{"alt_text":"","src":"https:\/\/i1.wp.com\/astehshop.com\/wp-content\/uploads\/2023\/08\/meriende-mr-201.png?fit=890%2C938&resize=350%2C200","width":350,"height":200},"classes":[]}],"_links":{"self":[{"href":"http:\/\/astehshop.com\/index.php\/wp-json\/wp\/v2\/product\/7464"}],"collection":[{"href":"http:\/\/astehshop.com\/index.php\/wp-json\/wp\/v2\/product"}],"about":[{"href":"http:\/\/astehshop.com\/index.php\/wp-json\/wp\/v2\/types\/product"}],"replies":[{"embeddable":true,"href":"http:\/\/astehshop.com\/index.php\/wp-json\/wp\/v2\/comments?post=7464"}],"wp:featuredmedia":[{"embeddable":true,"href":"http:\/\/astehshop.com\/index.php\/wp-json\/wp\/v2\/media\/7465"}],"wp:attachment":[{"href":"http:\/\/astehshop.com\/index.php\/wp-json\/wp\/v2\/media?parent=7464"}],"wp:term":[{"taxonomy":"product_cat","embeddable":true,"href":"http:\/\/astehshop.com\/index.php\/wp-json\/wp\/v2\/product_cat?post=7464"},{"taxonomy":"product_tag","embeddable":true,"href":"http:\/\/astehshop.com\/index.php\/wp-json\/wp\/v2\/product_tag?post=7464"}],"curies":[{"name":"wp","href":"https:\/\/api.w.org\/{rel}","templated":true}]}}