{"id":7420,"date":"2023-03-11T15:58:05","date_gmt":"2023-03-11T14:58:05","guid":{"rendered":"http:\/\/astehshop.com\/?post_type=product&#038;p=7420"},"modified":"2023-03-11T15:58:05","modified_gmt":"2023-03-11T14:58:05","slug":"pametni-sat-cubot-c3-crni","status":"publish","type":"product","link":"http:\/\/astehshop.com\/index.php\/product\/pametni-sat-cubot-c3-crni\/","title":{"rendered":"Pametni sat CUBOT C3 crni"},"content":{"rendered":"<p>Vodootporan 5ATM Veli\u010dina ekrana 1.3&#8243; 240*240<br \/>\nMaterijal narukvice TPU Buckle TPU<br \/>\nBluetooth 5.0 (acceleration + gyroscope)<br \/>\nSTK8321 heart rate sensor HX3600<br \/>\nFlash 64Mb iOS iOS 8.0 and above Android Android 4.4 and above<br \/>\nOsnovne funkcije: sat, datum, otkucaji srca, pra\u0107enje sna, koraci, kalorije.<\/p>\n<iframe  id=\"_ytid_16442\"  width=\"480\" height=\"270\"  data-origwidth=\"480\" data-origheight=\"270\"  src=\"https:\/\/www.youtube.com\/embed\/t_inBlNKxzc?enablejsapi=1&autoplay=0&cc_load_policy=0&cc_lang_pref=&iv_load_policy=1&loop=0&modestbranding=0&rel=1&fs=1&playsinline=0&autohide=2&theme=dark&color=red&controls=1&\" class=\"__youtube_prefs__  no-lazyload\" title=\"YouTube player\"  allow=\"autoplay; encrypted-media\" allowfullscreen data-no-lazy=\"1\" data-skipgform_ajax_framebjll=\"\"><\/iframe>\n","protected":false},"excerpt":{"rendered":"<p>Vodootporan 5ATM Veli\u010dina ekrana 1.3&#8243; 240*240 Materijal narukvice TPU Buckle TPU Bluetooth 5.0 (acceleration + gyroscope) STK8321 heart rate sensor HX3600 Flash 64Mb iOS iOS 8.0 and above Android Android &hellip;<\/p>\n","protected":false},"featured_media":7421,"comment_status":"open","ping_status":"closed","template":"","meta":{"_mi_skip_tracking":false,"_exactmetrics_sitenote_active":false,"_exactmetrics_sitenote_note":"","_exactmetrics_sitenote_category":0,"spay_email":""},"product_cat":[885],"product_tag":[4561,5225,5185,3403],"brands":[{"id":5215,"name":"Cubot","slug":"cubot"}],"df_price":92,"df_sale_price":92,"df_regular_price":119,"df_image_link":"https:\/\/i1.wp.com\/astehshop.com\/wp-content\/uploads\/2023\/03\/0101259_pametni-sat-cubot-c3-crni.jpeg?fit=450%2C450","jetpack_publicize_connections":[],"jetpack_sharing_enabled":true,"jetpack_likes_enabled":true,"jetpack-related-posts":[{"id":7435,"url":"http:\/\/astehshop.com\/index.php\/product\/pametni-sat-blackview-r8-black\/","url_meta":{"origin":7420,"position":0},"title":"Pametni sat Blackview R8 Black","date":"11. o\u017eujka 2023.","format":false,"excerpt":"Screen Size 1.09\u201d 240*240 pixel Screen Type TFT-LCD Screen Cover 2.5D-curved Asahi Glass Bottom Material Zinc alloy frame, Plastic bottom shell, stainless buttons Strap Material TPU strap + metal buckle","rel":"","context":"Srodne objave","img":{"alt_text":"","src":"https:\/\/i1.wp.com\/astehshop.com\/wp-content\/uploads\/2023\/03\/0110114_pametni-sat-blackview-r8-black1.jpeg?fit=900%2C900&resize=350%2C200","width":350,"height":200},"classes":[]},{"id":7413,"url":"http:\/\/astehshop.com\/index.php\/product\/pametni-sat-cubot-c7-pink-smart-watch\/","url_meta":{"origin":7420,"position":1},"title":"Pametni sat CUBOT C7 pink smart watch","date":"11. o\u017eujka 2023.","format":false,"excerpt":"Cubot C7 Smartwatch Android 6.0+ IOS 10.0+ 24 satno pra\u0107enje otkucaja srca 23 sportska moda 7 dana baterija (uobi\u010dajno kori\u0161tenje) IP68 - vodootpornost Display - 1.54 in\u010da | TFT-LCD Pozivi\/Poruke - notifikacija 15 jezika","rel":"","context":"Srodne objave","img":{"alt_text":"","src":"https:\/\/i0.wp.com\/astehshop.com\/wp-content\/uploads\/2023\/03\/0105061_pametni-sat-cubot-c7-pink.jpeg?fit=900%2C900&resize=350%2C200","width":350,"height":200},"classes":[]},{"id":7423,"url":"http:\/\/astehshop.com\/index.php\/product\/pametni-sat-cubot-c5-crni\/","url_meta":{"origin":7420,"position":2},"title":"Pametni sat CUBOT C5 crni","date":"11. o\u017eujka 2023.","format":false,"excerpt":"Android 6.0+ IOS 10.0+ 24 satno pra\u0107enje otkucaja srca 23 sportska moda 7 dana baterija (uobi\u010dajno kori\u0161tenje) 5ATM - vodootpornost Display - 1.7 in\u010da | TFT-LCD Pozivi\/Poruke - notifikacija 15 jezika","rel":"","context":"Srodne objave","img":{"alt_text":"","src":"https:\/\/i2.wp.com\/astehshop.com\/wp-content\/uploads\/2023\/03\/0102458_pametni-sat-cubot-c5-crni.jpeg?fit=900%2C900&resize=350%2C200","width":350,"height":200},"classes":[]},{"id":7417,"url":"http:\/\/astehshop.com\/index.php\/product\/pametni-sat-cubot-c7-crni\/","url_meta":{"origin":7420,"position":3},"title":"Pametni sat CUBOT C7 crni","date":"11. o\u017eujka 2023.","format":false,"excerpt":"Cubot C7 Smartwatch Android 6.0+ IOS 10.0+ 24 satno pra\u0107enje otkucaja srca 23 sportska moda 7 dana baterija (uobi\u010dajno kori\u0161tenje) IP68 - vodootpornost Display - 1.54 in\u010da | TFT-LCD Pozivi\/Poruke - notifikacija 15 jezika","rel":"","context":"Srodne objave","img":{"alt_text":"","src":"https:\/\/i2.wp.com\/astehshop.com\/wp-content\/uploads\/2023\/03\/0105060_pametni-sat-cubot-c7-crni.jpeg?fit=900%2C900&resize=350%2C200","width":350,"height":200},"classes":[]},{"id":7446,"url":"http:\/\/astehshop.com\/index.php\/product\/pametni-sat-huawei-watch-talkband-b6\/","url_meta":{"origin":7420,"position":4},"title":"Pametni sat Huawei Watch TalkBand B6","date":"11. o\u017eujka 2023.","format":false,"excerpt":"Tip: AMOLED zaslon Veli\u010dina: 1, 53 in\u010da Rezolucija: 460 x 188 piksela Za\u0161tita: IP57 Platforma: Procesor: Kirin A1 + STL4R9 OS: Trebate Android OS, v4.4 (KitKat) ili iOS 9.0 ili najnoviji za posao Comms: Bluetooth: v5.2 USB: microUSB, v2.0 Baterija: Pripravnost: Do 4 dana Razgovor: Do 6 h","rel":"","context":"Srodne objave","img":{"alt_text":"","src":"https:\/\/i0.wp.com\/astehshop.com\/wp-content\/uploads\/2023\/03\/0104325_pametni-sat-huawei-watch-talkband-b6-classic-camellia-beige.jpeg?fit=900%2C900&resize=350%2C200","width":350,"height":200},"classes":[]},{"id":9483,"url":"http:\/\/astehshop.com\/index.php\/product\/panel-elektricna-grijalica-smart-1000-w-wifi\/","url_meta":{"origin":7420,"position":5},"title":"Panel elektri\u010dna grijalica, smart, 1000 W, WiFi","date":"21. rujna 2024.","format":false,"excerpt":"Elektri\u010dni panel, konvektor, dva nivoa snage grija\u010da 500W \/ 1000W, multifunkcionalni display, timer, kontrola dodirnim tipkama ili pametnim telefonom, elektroni\u010dki termostat, IPX4 standard, samostoje\u0107a ili zidna, automatsko isklju\u010divanje u slu\u010daju prevrtanja ili pregrijavanja, dje\u010dja brava, Ugra\u0111en WiFi, mogu\u0107nost kontrole preko pametnog telefona ( iOS 9.0 i Android 4.4 ) Dimenzije\u2026","rel":"","context":"Srodne objave","img":{"alt_text":"","src":"https:\/\/i0.wp.com\/astehshop.com\/wp-content\/uploads\/2024\/09\/12226_16862278591s0maf89ns.png?fit=1200%2C1200&resize=350%2C200","width":350,"height":200},"classes":[]}],"_links":{"self":[{"href":"http:\/\/astehshop.com\/index.php\/wp-json\/wp\/v2\/product\/7420"}],"collection":[{"href":"http:\/\/astehshop.com\/index.php\/wp-json\/wp\/v2\/product"}],"about":[{"href":"http:\/\/astehshop.com\/index.php\/wp-json\/wp\/v2\/types\/product"}],"replies":[{"embeddable":true,"href":"http:\/\/astehshop.com\/index.php\/wp-json\/wp\/v2\/comments?post=7420"}],"wp:featuredmedia":[{"embeddable":true,"href":"http:\/\/astehshop.com\/index.php\/wp-json\/wp\/v2\/media\/7421"}],"wp:attachment":[{"href":"http:\/\/astehshop.com\/index.php\/wp-json\/wp\/v2\/media?parent=7420"}],"wp:term":[{"taxonomy":"product_cat","embeddable":true,"href":"http:\/\/astehshop.com\/index.php\/wp-json\/wp\/v2\/product_cat?post=7420"},{"taxonomy":"product_tag","embeddable":true,"href":"http:\/\/astehshop.com\/index.php\/wp-json\/wp\/v2\/product_tag?post=7420"}],"curies":[{"name":"wp","href":"https:\/\/api.w.org\/{rel}","templated":true}]}}