{"id":7385,"date":"2023-03-11T15:00:32","date_gmt":"2023-03-11T14:00:32","guid":{"rendered":"http:\/\/astehshop.com\/?post_type=product&#038;p=7385"},"modified":"2023-03-11T15:00:33","modified_gmt":"2023-03-11T14:00:33","slug":"pametni-sat-haylou-smart-watch-2-ls02","status":"publish","type":"product","link":"http:\/\/astehshop.com\/index.php\/product\/pametni-sat-haylou-smart-watch-2-ls02\/","title":{"rendered":"Pametni sat Haylou Smart Watch 2 &#8211; LS02"},"content":{"rendered":"<div id=\"product-description-short-989\" class=\"product-description-short typo sm-bottom\">\n<div>&#8211; Garancija:\u00a0<strong>12 mjeseci<\/strong><\/div>\n<div>&#8211; Ekran:\u00a0<strong>1.4&#8243;<\/strong><\/div>\n<div>&#8211; Vodootpornost:\u00a0<strong>IP68<\/strong><\/div>\n<div>&#8211; Sport re\u017eimi:\u00a0<strong>12<\/strong><\/div>\n<\/div>\n<div>Trajanje baterije: 20 dana<br \/>\nOtpornost na pra\u0161inu i vodu: IP68<br \/>\nRadna temperatura: -20 \u2103 ~ 45 \u2103<br \/>\nNaziv aplikacije: HaylouFit<\/div>\n<div><iframe  id=\"_ytid_35731\"  width=\"480\" height=\"270\"  data-origwidth=\"480\" data-origheight=\"270\"  src=\"https:\/\/www.youtube.com\/embed\/883xiT4it7s?enablejsapi=1&autoplay=0&cc_load_policy=0&cc_lang_pref=&iv_load_policy=1&loop=0&modestbranding=0&rel=1&fs=1&playsinline=0&autohide=2&theme=dark&color=red&controls=1&\" class=\"__youtube_prefs__  no-lazyload\" title=\"YouTube player\"  allow=\"autoplay; encrypted-media\" allowfullscreen data-no-lazy=\"1\" data-skipgform_ajax_framebjll=\"\"><\/iframe><\/div>\n","protected":false},"excerpt":{"rendered":"<div id=\"product-description-short-989\" class=\"product-description-short typo sm-bottom\">\n<div>&#8211; Garancija:\u00a0<strong>12 mjeseci<\/strong><\/div>\n<div>&#8211; Ekran:\u00a0<strong>1.4&#8243;<\/strong><\/div>\n<div>&#8211; Vodootpornost:\u00a0<strong>IP68<\/strong><\/div>\n<div>&#8211; Sport re\u017eimi:\u00a0<strong>12<\/strong><\/div>\n<\/div>\n<div>Trajanje baterije: 20 dana<br \/>\nOtpornost na pra\u0161inu i vodu: IP68<br \/>\nRadna temperatura: -20 \u2103 ~ 45 \u2103<br \/>\nNaziv aplikacije: HaylouFit<\/div>\n<div>[embedyt] https:\/\/www.youtube.com\/watch?v=883xiT4it7s[\/embedyt]<\/div>\n","protected":false},"featured_media":7386,"comment_status":"open","ping_status":"closed","template":"","meta":{"_mi_skip_tracking":false,"_exactmetrics_sitenote_active":false,"_exactmetrics_sitenote_note":"","_exactmetrics_sitenote_category":0,"spay_email":""},"product_cat":[885],"product_tag":[5180,5181,896,3409,895],"brands":[{"id":2356,"name":"xiaomi","slug":"xiaomi"}],"df_price":79,"df_sale_price":79,"df_regular_price":109,"df_image_link":"https:\/\/i2.wp.com\/astehshop.com\/wp-content\/uploads\/2023\/03\/ls02.png?fit=450%2C450","jetpack_publicize_connections":[],"jetpack_sharing_enabled":true,"jetpack_likes_enabled":true,"jetpack-related-posts":[{"id":7388,"url":"http:\/\/astehshop.com\/index.php\/product\/pametni-sat-haylou-smart-watch-gs-black-ls09a\/","url_meta":{"origin":7385,"position":0},"title":"Pametni sat Haylou Smart Watch GS Black &#8211; LS09A","date":"11. o\u017eujka 2023.","format":false,"excerpt":"Xiaomi Haylou GST Watch LS09A, boja: crna. Ekran u boji 1.28''. Obavijesti o pozivima, porukama i od aplikacija. Pra\u0107enje sportskih aktivnosti, 12 razli\u010ditih sportskih modova. Pra\u0107enje rada srca 24 sata. Pra\u0107enje kvaliteta sna. Mjerenje nivoa kisika u krvi (SpO2). Trajanje baterije do 7-20 dana. Vodootporan, certificiran IP68. Garancija 12 mjeseci.","rel":"","context":"Srodne objave","img":{"alt_text":"","src":"https:\/\/i1.wp.com\/astehshop.com\/wp-content\/uploads\/2023\/03\/xiaomi-haylou-ls09a-smart-watch-black.png?fit=800%2C800&resize=350%2C200","width":350,"height":200},"classes":[]},{"id":7427,"url":"http:\/\/astehshop.com\/index.php\/product\/pametni-sat-cubot-c9-black\/","url_meta":{"origin":7385,"position":1},"title":"Pametni sat CUBOT C9 black","date":"11. o\u017eujka 2023.","format":false,"excerpt":"Cubot Smart Watch C9 Crni 43mm. Ekran u boji 1.30''. Obavijesti o pozivima, porukama i od aplikacija. Pra\u0107enje sportskih aktivnosti, 10 sportskih modova. Pra\u0107enje rada srca 24 sata. Pra\u0107enje kvaliteta sna. Kontrola muzike putem sata. Trajanje baterije 7 dana. Vodootporan IP68. Magnetni punja\u010d. Garancija 12 mjeseci.","rel":"","context":"Srodne objave","img":{"alt_text":"","src":"https:\/\/i1.wp.com\/astehshop.com\/wp-content\/uploads\/2023\/03\/0109694_pametni-sat-cubot-c9-black.jpeg?fit=900%2C900&resize=350%2C200","width":350,"height":200},"classes":[]},{"id":7410,"url":"http:\/\/astehshop.com\/index.php\/product\/pametni-sat-haylou-smart-watch-rs4-black-ls12\/","url_meta":{"origin":7385,"position":2},"title":"Pametni sat Haylou Smart Watch RS4 Black &#8211; LS12","date":"11. o\u017eujka 2023.","format":false,"excerpt":"Xiaomi Haylou RS4 Watch LS12 Black, boja: crna. Ekran AMOLED HD 1.78''. Metalna magnetna narukvica. Obavijesti o pozivima, porukama i od aplikacija. Pra\u0107enje sportskih aktivnosti, 12 razli\u010ditih sportskih modova. Pra\u0107enje rada srca 24 sata. Pra\u0107enje kvaliteta sna. Mjerenje nivoa kisika u krvi (SpO2). Vje\u017ebe disanja. Kontrola muzike preko sata. Trajanje\u2026","rel":"","context":"Srodne objave","img":{"alt_text":"","src":"https:\/\/i1.wp.com\/astehshop.com\/wp-content\/uploads\/2023\/03\/haylou-smart-watch-rs4-black-ls12.png?fit=800%2C800&resize=350%2C200","width":350,"height":200},"classes":[]},{"id":7417,"url":"http:\/\/astehshop.com\/index.php\/product\/pametni-sat-cubot-c7-crni\/","url_meta":{"origin":7385,"position":3},"title":"Pametni sat CUBOT C7 crni","date":"11. o\u017eujka 2023.","format":false,"excerpt":"Cubot C7 Smartwatch Android 6.0+ IOS 10.0+ 24 satno pra\u0107enje otkucaja srca 23 sportska moda 7 dana baterija (uobi\u010dajno kori\u0161tenje) IP68 - vodootpornost Display - 1.54 in\u010da | TFT-LCD Pozivi\/Poruke - notifikacija 15 jezika","rel":"","context":"Srodne objave","img":{"alt_text":"","src":"https:\/\/i2.wp.com\/astehshop.com\/wp-content\/uploads\/2023\/03\/0105060_pametni-sat-cubot-c7-crni.jpeg?fit=900%2C900&resize=350%2C200","width":350,"height":200},"classes":[]},{"id":7413,"url":"http:\/\/astehshop.com\/index.php\/product\/pametni-sat-cubot-c7-pink-smart-watch\/","url_meta":{"origin":7385,"position":4},"title":"Pametni sat CUBOT C7 pink smart watch","date":"11. o\u017eujka 2023.","format":false,"excerpt":"Cubot C7 Smartwatch Android 6.0+ IOS 10.0+ 24 satno pra\u0107enje otkucaja srca 23 sportska moda 7 dana baterija (uobi\u010dajno kori\u0161tenje) IP68 - vodootpornost Display - 1.54 in\u010da | TFT-LCD Pozivi\/Poruke - notifikacija 15 jezika","rel":"","context":"Srodne objave","img":{"alt_text":"","src":"https:\/\/i0.wp.com\/astehshop.com\/wp-content\/uploads\/2023\/03\/0105061_pametni-sat-cubot-c7-pink.jpeg?fit=900%2C900&resize=350%2C200","width":350,"height":200},"classes":[]},{"id":6632,"url":"http:\/\/astehshop.com\/index.php\/product\/power-walker-vfd-600-ups\/","url_meta":{"origin":7385,"position":5},"title":"Power Walker VFD 600 UPS","date":"17. studenoga 2022.","format":false,"excerpt":"Snaga: 600 VA \/ 300 W Ulazni napon: 170 - 280 VAC Radna frekvencija: 50 - 60 Hz Izlazni napon: 230 VAC Konektori: 2 x Schuko Baterije: 1 x 12 V \/ 7 Ah Jamstvo na bateriju: 6 mjeseci Trajanje punjenja: 10 sati za 90 % Za\u0161tita od prenapona: RJ11\u2026","rel":"","context":"Srodne objave","img":{"alt_text":"","src":"https:\/\/i1.wp.com\/astehshop.com\/wp-content\/uploads\/2022\/11\/medium_341_473462328765a492e3a9a8bb3851184dNHt.png?fit=400%2C400&resize=350%2C200","width":350,"height":200},"classes":[]}],"_links":{"self":[{"href":"http:\/\/astehshop.com\/index.php\/wp-json\/wp\/v2\/product\/7385"}],"collection":[{"href":"http:\/\/astehshop.com\/index.php\/wp-json\/wp\/v2\/product"}],"about":[{"href":"http:\/\/astehshop.com\/index.php\/wp-json\/wp\/v2\/types\/product"}],"replies":[{"embeddable":true,"href":"http:\/\/astehshop.com\/index.php\/wp-json\/wp\/v2\/comments?post=7385"}],"wp:featuredmedia":[{"embeddable":true,"href":"http:\/\/astehshop.com\/index.php\/wp-json\/wp\/v2\/media\/7386"}],"wp:attachment":[{"href":"http:\/\/astehshop.com\/index.php\/wp-json\/wp\/v2\/media?parent=7385"}],"wp:term":[{"taxonomy":"product_cat","embeddable":true,"href":"http:\/\/astehshop.com\/index.php\/wp-json\/wp\/v2\/product_cat?post=7385"},{"taxonomy":"product_tag","embeddable":true,"href":"http:\/\/astehshop.com\/index.php\/wp-json\/wp\/v2\/product_tag?post=7385"}],"curies":[{"name":"wp","href":"https:\/\/api.w.org\/{rel}","templated":true}]}}