{"id":7146,"date":"2023-01-20T11:22:14","date_gmt":"2023-01-20T10:22:14","guid":{"rendered":"http:\/\/astehshop.com\/?post_type=product&#038;p=7146"},"modified":"2023-01-20T11:22:15","modified_gmt":"2023-01-20T10:22:15","slug":"video-nadzor-longse-komplet-sa-3-kamere-2-mpx-full-color-ip-sistem","status":"publish","type":"product","link":"http:\/\/astehshop.com\/index.php\/product\/video-nadzor-longse-komplet-sa-3-kamere-2-mpx-full-color-ip-sistem\/","title":{"rendered":"Video nadzor Longse komplet sa 3 kamere 2 MPX FULL Color IP sistem"},"content":{"rendered":"<div>\n<div>\n<div>\n<p>Longse video nadzor SET za poslovne prostore, dvori\u0161ta, gara\u017ee, ku\u0107e, stanove.<\/p>\n<p>1 x Longse 4 kanalni snima\u010d sa 4 POE izlaza ( novi model NVR 6 )<br \/>\n3 x Longse bullet kamera 2 MPX <span class=\"sku_wrapper\"><span class=\"sku\">BMSDFG200WH<\/span><\/span> Full color slika u boji uvijek H.265+ ( integrisan mikrofon )<br \/>\n1 x disk 1 TB<br \/>\n1 x naljepnica Objekat je pod video nadzorom<br \/>\n3 x RBOX kutija za kablove od kamere<\/p>\n<p>Longse komplet video nadzor sa 2 Full Color HD sa slikom u boji uvijek kamerom nudi mogu\u0107nost da pokrijete ulaz u ku\u0107u ili dvori\u0161te, odnosno manji lokal ili stan.<\/p>\n<p>U kompletu se nalazi Full HD (1080p) kamera oblika bullete. Kamera poseduje BLC, 2D DNR, DWDR kao i inteligentnu\u00a0 rasvjetu dometa do 30 m LED lampa da obezbjedi sliku u boji uvijek.<\/p>\n<p>Kablovi za video nadzor se ne nalaze u kompletu iz razloga \u0161to je svakom kupcu potrebna druga\u010dija du\u017eina kablova. U ponudi imamo ne\u0161to od gotovih kablova, ali Vam mo\u017eemo i napraviti po \u017eelji.<br \/>\nNa\u0161a preporuka je CAT6 za ovaj model kamere<\/p>\n<p>Pored kamera u kompletu se nalazi digitalni video rekorder (NVR) koji slu\u017ei za snimanje video materijala.<\/p>\n<p>Video se skladi\u0161ti na hard disku veli\u010dine 1 TB GB \u0161to je dovoljno za oko 15 dana snimanja 24 sata bez prestanka. Umjesto vas pode\u0161avamo sistem da radi na detekciju pokreta tj. da snima samo kada promjena na ekranu, tada snimanje produ\u017eeno i do mjesec dana<\/p>\n<p>Kamere u kompletu su Full HD, dok je snimanje materijala u HD rezoluciji.<\/p>\n<p>Ako na objektu posjedujete internet potrebno je samo da isti pove\u017eete sa DVR snima\u010dem i tako mo\u017eete pratiti Va\u0161 video nadzor preko interneta na ra\u010dunaru, telefonu ili tabletu u realnom vremenu.<\/p>\n<p>Potrebno je instalirati Longse program za PC ili aplikaciju za mobilni i za bukvalno par minuta mo\u017eete pristupiti kamerama iz bilo kog dijela svijeta, samo vam je internet potreban. Nakon kupovine kompleta dobijate link za preuzimanje programa, kao i link do Android i iOS aplikacije i kratko uputstvo za pode\u0161avanje, iako sve a\u017eurno mo\u017eete vidjeti na na\u0161oj stranici u polju Tutorijali.<\/p>\n<\/div>\n<\/div>\n<\/div>\n","protected":false},"excerpt":{"rendered":"<div>\n<div>\n<div>\n<p>Longse video nadzor SET za poslovne prostore, dvori\u0161ta, gara\u017ee, ku\u0107e, stanove.<\/p>\n<p>1 x Longse 4 kanalni snima\u010d sa 4 POE izlaza ( novi model NVR 6 )<br \/>\n3 x Longse bullet kamera 2 MPX <span class=\"sku_wrapper\"><span class=\"sku\">BMSDFG200WH<\/span><\/span> Full color slika u boji uvijek H.265+ ( integrisan mikrofon )<br \/>\n1 x disk 1 TB<br \/>\n1 x naljepnica Objekat je pod video nadzorom<br \/>\n3 x RBOX kutija za kablove od kamere<\/p>\n<p>Longse komplet video nadzor sa 2 Full Color HD sa slikom u boji uvijek kamerom nudi mogu\u0107nost da pokrijete ulaz u ku\u0107u ili dvori\u0161te, odnosno manji lokal ili stan.<\/p>\n<p>U kompletu se nalazi Full HD (1080p) kamera oblika bullete. Kamera poseduje BLC, 2D DNR, DWDR kao i inteligentnu\u00a0 rasvjetu dometa do 30 m LED lampa da obezbjedi sliku u boji uvijek.<\/p>\n<p>Kablovi za video nadzor se ne nalaze u kompletu iz razloga \u0161to je svakom kupcu potrebna druga\u010dija du\u017eina kablova. U ponudi imamo ne\u0161to od gotovih kablova, ali Vam mo\u017eemo i napraviti po \u017eelji.<br \/>\nNa\u0161a preporuka je CAT6 za ovaj model kamere<\/p>\n<p>Pored kamera u kompletu se nalazi digitalni video rekorder (NVR) koji slu\u017ei za snimanje video materijala.<\/p>\n<p>Video se skladi\u0161ti na hard disku veli\u010dine 1 TB GB \u0161to je dovoljno za oko 15 dana snimanja 24 sata bez prestanka. Umjesto vas pode\u0161avamo sistem da radi na detekciju pokreta tj. da snima samo kada promjena na ekranu, tada snimanje produ\u017eeno i do mjesec dana<\/p>\n<p>Kamere u kompletu su Full HD, dok je snimanje materijala u HD rezoluciji.<\/p>\n<p>Ako na objektu posjedujete internet potrebno je samo da isti pove\u017eete sa DVR snima\u010dem i tako mo\u017eete pratiti Va\u0161 video nadzor preko interneta na ra\u010dunaru, telefonu ili tabletu u realnom vremenu.<\/p>\n<p>Potrebno je instalirati Longse program za PC ili aplikaciju za mobilni i za bukvalno par minuta mo\u017eete pristupiti kamerama iz bilo kog dijela svijeta, samo vam je internet potreban. Nakon kupovine kompleta dobijate link za preuzimanje programa, kao i link do Android i iOS aplikacije i kratko uputstvo za pode\u0161avanje, iako sve a\u017eurno mo\u017eete vidjeti na na\u0161oj stranici u polju Tutorijali.<\/p>\n<\/div>\n<\/div>\n<\/div>\n","protected":false},"featured_media":7147,"comment_status":"open","ping_status":"closed","template":"","meta":{"_mi_skip_tracking":false,"_exactmetrics_sitenote_active":false,"_exactmetrics_sitenote_note":"","_exactmetrics_sitenote_category":0,"spay_email":""},"product_cat":[2294,2298],"product_tag":[2030,4741,4988,1042,2223,2222,4990,4989,4991,4992,4950,474,394],"brands":[{"id":2220,"name":"Longse","slug":"longse"}],"df_price":1170,"df_sale_price":"","df_regular_price":1170,"df_image_link":"https:\/\/i0.wp.com\/astehshop.com\/wp-content\/uploads\/2023\/01\/longse-full-color-ip-sa-3-kamere.jpg?fit=450%2C358","jetpack_publicize_connections":[],"jetpack_sharing_enabled":true,"jetpack_likes_enabled":true,"jetpack-related-posts":[{"id":7079,"url":"http:\/\/astehshop.com\/index.php\/product\/video-nadzor-longse-komplet-sa-jednom-kamerom-2-mpx-full-color\/","url_meta":{"origin":7146,"position":0},"title":"Video nadzor Longse komplet sa jednom kamerom 2 MPX FULL Color","date":"16. prosinca 2022.","format":false,"excerpt":"Longse video nadzor SET za poslovne prostore, dvori\u0161ta, gara\u017ee, ku\u0107e, stanove. 1 x Longse 4 kanalni snima\u010d 1 x Longse bullet kamera 2 MPX BPSCHTC200FPEW-2 Full color slika u boji uvijek 1 x disk 500 GB 1 x naljepnica Objekat je pod video nadzorom 1 x RBOX kutija za kablove\u2026","rel":"","context":"Srodne objave","img":{"alt_text":"","src":"https:\/\/i1.wp.com\/astehshop.com\/wp-content\/uploads\/2022\/12\/BPSCHTC200FPEW-2-set-1-kam.jpg?fit=1200%2C953&resize=350%2C200","width":350,"height":200},"classes":[]},{"id":7144,"url":"http:\/\/astehshop.com\/index.php\/product\/video-nadzor-longse-komplet-sa-2-kamere-2-mpx-full-color-ip-sistem\/","url_meta":{"origin":7146,"position":1},"title":"Video nadzor Longse komplet sa 2 kamere 2 MPX FULL Color IP sistem","date":"20. sije\u010dnja 2023.","format":false,"excerpt":"Longse video nadzor SET za poslovne prostore, dvori\u0161ta, gara\u017ee, ku\u0107e, stanove. 1 x Longse 4 kanalni snima\u010d sa 4 POE izlaza ( novi model NVR 6 ) 2 x Longse bullet kamera 2 MPX BMSDFG200WH Full color slika u boji uvijek H.265+ ( integrisan mikrofon ) 1 x disk 500\u2026","rel":"","context":"Srodne objave","img":{"alt_text":"","src":"https:\/\/i0.wp.com\/astehshop.com\/wp-content\/uploads\/2023\/01\/komplet-full-color-2-mp-sa-2-kamere.jpg?fit=1200%2C954&resize=350%2C200","width":350,"height":200},"classes":[]},{"id":7142,"url":"http:\/\/astehshop.com\/index.php\/product\/video-nadzor-longse-komplet-sa-jednom-kamerom-2-mpx-full-color-ip-sistem\/","url_meta":{"origin":7146,"position":2},"title":"Video nadzor Longse komplet sa jednom kamerom 2 MPX FULL Color IP sistem","date":"20. sije\u010dnja 2023.","format":false,"excerpt":"Longse video nadzor SET za poslovne prostore, dvori\u0161ta, gara\u017ee, ku\u0107e, stanove. 1 x Longse 4 kanalni snima\u010d sa 4 POE izlaza ( novi model NVR 6 ) 1 x Longse bullet kamera 2 MPX BMSDFG200WH Full color slika u boji uvijek H.265+ ( integrisan mikrofon ) 1 x disk 500\u2026","rel":"","context":"Srodne objave","img":{"alt_text":"","src":"https:\/\/i1.wp.com\/astehshop.com\/wp-content\/uploads\/2023\/01\/longse-full-color-2-mp-set-1.jpg?fit=1200%2C954&resize=350%2C200","width":350,"height":200},"classes":[]},{"id":7148,"url":"http:\/\/astehshop.com\/index.php\/product\/video-nadzor-longse-komplet-sa-4-kamere-2-mpx-full-color-ip-sistem\/","url_meta":{"origin":7146,"position":3},"title":"Video nadzor Longse komplet sa 4 kamere 2 MPX FULL Color IP sistem","date":"20. sije\u010dnja 2023.","format":false,"excerpt":"Longse video nadzor SET za poslovne prostore, dvori\u0161ta, gara\u017ee, ku\u0107e, stanove. 1 x Longse 4 kanalni snima\u010d sa 4 POE izlaza ( novi model NVR 6 ) 4 x Longse bullet kamera 2 MPX BMSDFG200WH Full color slika u boji uvijek H.265+ ( integrisan mikrofon ) 1 x disk 1\u2026","rel":"","context":"Srodne objave","img":{"alt_text":"","src":"https:\/\/i1.wp.com\/astehshop.com\/wp-content\/uploads\/2023\/01\/komplet-ip-longse-sa-4-kamere-full-color.jpg?fit=1200%2C954&resize=350%2C200","width":350,"height":200},"classes":[]},{"id":7168,"url":"http:\/\/astehshop.com\/index.php\/product\/video-nadzor-longse-komplet-sa-4-kamere-5-mpx-full-color-sa-mikrofonom-ip-sistem\/","url_meta":{"origin":7146,"position":4},"title":"Video nadzor Longse komplet sa 4 kamere 5 MPX FULL Color sa mikrofonom IP sistem","date":"25. sije\u010dnja 2023.","format":false,"excerpt":"Longse video nadzor SET za poslovne prostore, dvori\u0161ta, gara\u017ee, ku\u0107e, stanove. 1 x Longse 4 kanalni snima\u010d sa 4 POE izlaza ( novi model NVR 6 ) 4 x Longse bullet kamera 5 MPX BMSAGL500WH Full color slika u boji uvijek H.265+ ( integrisan mikrofon ) 1 x disk 1\u2026","rel":"","context":"Srodne objave","img":{"alt_text":"","src":"https:\/\/i0.wp.com\/astehshop.com\/wp-content\/uploads\/2023\/01\/Longse-set-5-MPX-full-color.jpg?fit=1200%2C954&resize=350%2C200","width":350,"height":200},"classes":[]},{"id":7083,"url":"http:\/\/astehshop.com\/index.php\/product\/video-nadzor-longse-komplet-sa-3-kamere-2-mpx-full-color\/","url_meta":{"origin":7146,"position":5},"title":"Video nadzor Longse komplet sa 3 kamere 2 MPX Full Color","date":"16. prosinca 2022.","format":false,"excerpt":"Longse video nadzor SET za poslovne prostore, dvori\u0161ta, gara\u017ee, ku\u0107e, stanove. 1 x Longse 4 kanalni snima\u010d 3 x Longse bullet kamera 2 MPX FULL COLOR 1 x disk 500 GB 1 x naljepnica Objekat je pod video nadzorom 3 x RBOX za za\u0161titu kablova i kutija za kameru Longse\u2026","rel":"","context":"Srodne objave","img":{"alt_text":"","src":"https:\/\/i0.wp.com\/astehshop.com\/wp-content\/uploads\/2022\/12\/longse-set-3-kamere.jpg?fit=1200%2C953&resize=350%2C200","width":350,"height":200},"classes":[]}],"_links":{"self":[{"href":"http:\/\/astehshop.com\/index.php\/wp-json\/wp\/v2\/product\/7146"}],"collection":[{"href":"http:\/\/astehshop.com\/index.php\/wp-json\/wp\/v2\/product"}],"about":[{"href":"http:\/\/astehshop.com\/index.php\/wp-json\/wp\/v2\/types\/product"}],"replies":[{"embeddable":true,"href":"http:\/\/astehshop.com\/index.php\/wp-json\/wp\/v2\/comments?post=7146"}],"wp:featuredmedia":[{"embeddable":true,"href":"http:\/\/astehshop.com\/index.php\/wp-json\/wp\/v2\/media\/7147"}],"wp:attachment":[{"href":"http:\/\/astehshop.com\/index.php\/wp-json\/wp\/v2\/media?parent=7146"}],"wp:term":[{"taxonomy":"product_cat","embeddable":true,"href":"http:\/\/astehshop.com\/index.php\/wp-json\/wp\/v2\/product_cat?post=7146"},{"taxonomy":"product_tag","embeddable":true,"href":"http:\/\/astehshop.com\/index.php\/wp-json\/wp\/v2\/product_tag?post=7146"}],"curies":[{"name":"wp","href":"https:\/\/api.w.org\/{rel}","templated":true}]}}