{"id":6899,"date":"2022-12-02T16:37:51","date_gmt":"2022-12-02T15:37:51","guid":{"rendered":"http:\/\/astehshop.com\/?post_type=product&#038;p=6899"},"modified":"2022-12-02T16:37:51","modified_gmt":"2022-12-02T15:37:51","slug":"vivotek-8ch-nvr-8x-poe-port-2x-hdd-slot-nd9323p","status":"publish","type":"product","link":"http:\/\/astehshop.com\/index.php\/product\/vivotek-8ch-nvr-8x-poe-port-2x-hdd-slot-nd9323p\/","title":{"rendered":"Vivotek 8ch NVR, 8x PoE port, 2x HDD slot ND9323P"},"content":{"rendered":"<p><span id=\"page9R_mcid30\" class=\"markedContent\"><span dir=\"ltr\" role=\"presentation\">&#8211; 8-kanalni mre\u017eni snima\u010d sa 4x PoE 802.3 at\/af port<\/span><\/span><span id=\"page9R_mcid31\" class=\"markedContent\"><br role=\"presentation\" \/><span dir=\"ltr\" role=\"presentation\">&#8211; mogu\u0107nost dodavanja kamera rezolucije do 8 MP na 30 fps<\/span><\/span><span id=\"page9R_mcid32\" class=\"markedContent\"><br role=\"presentation\" \/><span dir=\"ltr\" role=\"presentation\">&#8211; konfiguracija RAID 0, 1<\/span><\/span><span id=\"page9R_mcid33\" class=\"markedContent\"><\/span><span id=\"page9R_mcid34\" class=\"markedContent\"> <span dir=\"ltr\" role=\"presentation\">za sprje\u010davanje gubitka podataka snimanja<\/span><\/span><span id=\"page9R_mcid35\" class=\"markedContent\"><br role=\"presentation\" \/><span dir=\"ltr\" role=\"presentation\">&#8211; HDMI &amp; VGA izlaz sa 4K rezolucijom prikaza<\/span><\/span><span id=\"page9R_mcid36\" class=\"markedContent\"><br role=\"presentation\" \/><span dir=\"ltr\" role=\"presentation\">&#8211; 4x Alarm In, 1x Alarm Out<\/span><\/span><span id=\"page9R_mcid37\" class=\"markedContent\"><br role=\"presentation\" \/><span dir=\"ltr\" role=\"presentation\">&#8211; 2x USB 3.0\/2.0<\/span><\/span><span id=\"page9R_mcid38\" class=\"markedContent\"><br role=\"presentation\" \/><span dir=\"ltr\" role=\"presentation\">&#8211; 1x 10\/100\/1000 Mbps Ethernet (RJ-45)<\/span><\/span><span id=\"page9R_mcid39\" class=\"markedContent\"><br role=\"presentation\" \/><span dir=\"ltr\" role=\"presentation\">&#8211; 1x Audio In, 1x Audio Out<\/span><\/span><span id=\"page9R_mcid40\" class=\"markedContent\"><br role=\"presentation\" \/><span dir=\"ltr\" role=\"presentation\">&#8211; H.265, H.264 i MJPEG kompresija<\/span><\/span><span id=\"page9R_mcid41\" class=\"markedContent\"><br role=\"presentation\" \/><span dir=\"ltr\" role=\"presentation\">&#8211; VIVOTEK Smart VCA pretra\u017eivanje i snimanje doga<\/span><\/span><span id=\"page9R_mcid42\" class=\"markedContent\"><span dir=\"ltr\" role=\"presentation\">\u0111<\/span><\/span><span id=\"page9R_mcid43\" class=\"markedContent\"><span dir=\"ltr\" role=\"presentation\">aja<\/span><\/span><span id=\"page9R_mcid44\" class=\"markedContent\"><br role=\"presentation\" \/><span dir=\"ltr\" aria-owns=\"pdfjs_internal_id_35R\">&#8211; Trend Micro IoT Security &amp; Cybersecurity za\u0161tita<\/span><\/span><span id=\"page9R_mcid45\" class=\"markedContent\"><br role=\"presentation\" \/><span dir=\"ltr\" role=\"presentation\">&#8211; Crowd control funkcionalnost<\/span><\/span><span id=\"page9R_mcid46\" class=\"markedContent\"><br role=\"presentation\" \/><span dir=\"ltr\" role=\"presentation\">&#8211; Aplikacija VIVOCloud &amp; VAST 2<\/span><\/span><\/p>\n","protected":false},"excerpt":{"rendered":"<p><span id=\"page9R_mcid30\" class=\"markedContent\"><span dir=\"ltr\" role=\"presentation\">&#8211; 8-kanalni mre\u017eni snima\u010d sa 4x PoE 802.3 at\/af port<\/span><\/span><span id=\"page9R_mcid31\" class=\"markedContent\"><br role=\"presentation\" \/><span dir=\"ltr\" role=\"presentation\">&#8211; mogu\u0107nost dodavanja kamera rezolucije do 8 MP na 30 fps<\/span><\/span><span id=\"page9R_mcid32\" class=\"markedContent\"><br role=\"presentation\" \/><span dir=\"ltr\" role=\"presentation\">&#8211; konfiguracija RAID 0, 1<\/span><\/span><span id=\"page9R_mcid33\" class=\"markedContent\"><\/span><span id=\"page9R_mcid34\" class=\"markedContent\"> <span dir=\"ltr\" role=\"presentation\">za sprje\u010davanje gubitka podataka snimanja<\/span><\/span><span id=\"page9R_mcid35\" class=\"markedContent\"><br role=\"presentation\" \/><span dir=\"ltr\" role=\"presentation\">&#8211; HDMI &amp; VGA izlaz sa 4K rezolucijom prikaza<\/span><\/span><span id=\"page9R_mcid36\" class=\"markedContent\"><br role=\"presentation\" \/><span dir=\"ltr\" role=\"presentation\">&#8211; 4x Alarm In, 1x Alarm Out<\/span><\/span><span id=\"page9R_mcid37\" class=\"markedContent\"><br role=\"presentation\" \/><span dir=\"ltr\" role=\"presentation\">&#8211; 2x USB 3.0\/2.0<\/span><\/span><span id=\"page9R_mcid38\" class=\"markedContent\"><br role=\"presentation\" \/><span dir=\"ltr\" role=\"presentation\">&#8211; 1x 10\/100\/1000 Mbps Ethernet (RJ-45)<\/span><\/span><span id=\"page9R_mcid39\" class=\"markedContent\"><br role=\"presentation\" \/><span dir=\"ltr\" role=\"presentation\">&#8211; 1x Audio In, 1x Audio Out<\/span><\/span><span id=\"page9R_mcid40\" class=\"markedContent\"><br role=\"presentation\" \/><span dir=\"ltr\" role=\"presentation\">&#8211; H.265, H.264 i MJPEG kompresija<\/span><\/span><span id=\"page9R_mcid41\" class=\"markedContent\"><br role=\"presentation\" \/><span dir=\"ltr\" role=\"presentation\">&#8211; VIVOTEK Smart VCA pretra\u017eivanje i snimanje doga<\/span><\/span><span id=\"page9R_mcid42\" class=\"markedContent\"><span dir=\"ltr\" role=\"presentation\">\u0111<\/span><\/span><span id=\"page9R_mcid43\" class=\"markedContent\"><span dir=\"ltr\" role=\"presentation\">aja<\/span><\/span><span id=\"page9R_mcid44\" class=\"markedContent\"><br role=\"presentation\" \/><span dir=\"ltr\" aria-owns=\"pdfjs_internal_id_35R\">&#8211; Trend Micro IoT Security &amp; Cybersecurity za\u0161tita<\/span><\/span><span id=\"page9R_mcid45\" class=\"markedContent\"><br role=\"presentation\" \/><span dir=\"ltr\" role=\"presentation\">&#8211; Crowd control funkcionalnost<\/span><\/span><span id=\"page9R_mcid46\" class=\"markedContent\"><br role=\"presentation\" \/><span dir=\"ltr\" role=\"presentation\">&#8211; Aplikacija VIVOCloud &amp; VAST 2<\/span><\/span><\/p>\n","protected":false},"featured_media":6900,"comment_status":"open","ping_status":"closed","template":"","meta":{"_mi_skip_tracking":false,"_exactmetrics_sitenote_active":false,"_exactmetrics_sitenote_note":"","_exactmetrics_sitenote_category":0,"spay_email":""},"product_cat":[1558],"product_tag":[4589,4588,4590,4592,4587,4591],"brands":[],"df_price":1025,"df_sale_price":"","df_regular_price":1025,"df_image_link":"https:\/\/i0.wp.com\/astehshop.com\/wp-content\/uploads\/2022\/12\/nd9323p_photo.png?fit=450%2C386","jetpack_publicize_connections":[],"jetpack_sharing_enabled":true,"jetpack_likes_enabled":true,"jetpack-related-posts":[{"id":6901,"url":"http:\/\/astehshop.com\/index.php\/product\/vivotek-16ch-nvr-16x-poe-port-2x-hdd-slot-nd9425p\/","url_meta":{"origin":6899,"position":0},"title":"Vivotek 16ch NVR, 16x PoE port, 2x HDD slot ND9425P","date":"2. prosinca 2022.","format":false,"excerpt":"- 16-kanalni mre\u017eni snima\u010d sa 4x PoE 802.3 at\/af port- mogu\u0107nost dodavanja kamera rezolucije do 8 MP na 30 fps720x480 @ 480 fps (16-CH)- konfiguracija RAID 0, 1 za sprje\u010davanje gubitka podataka snimanja- HDMI & VGA izlaz sa 4K rezolucijom prikaza- 4x Alarm In, 1x Alarm Out- 2x USB 3.0\/2.0-\u2026","rel":"","context":"Srodne objave","img":{"alt_text":"","src":"https:\/\/i0.wp.com\/astehshop.com\/wp-content\/uploads\/2022\/12\/nd9323p_photo.png?fit=842%2C723&resize=350%2C200","width":350,"height":200},"classes":[]},{"id":6897,"url":"http:\/\/astehshop.com\/index.php\/product\/vivotek-4ch-nvr-4x-poe-port-nd9213p\/","url_meta":{"origin":6899,"position":1},"title":"Vivotek 4ch NVR, 4x PoE port ND9213P","date":"2. prosinca 2022.","format":false,"excerpt":"- 4-kanalni mre\u017eni snima\u010d sa 4x PoE 802.3 at\/af port- mogu\u0107nost dodavanja kamera rezolucije do 8 MP na 30 fps- HDMI & VGA izlaz sa 4K rezolucijom prikaza- 4x Alarm In, 2x Alarm Out- 2x USB 3.0 port- 1x 10\/100Mbps Ethernet (RJ-45)- 1x Audio In, 1x Audio Out- H.265, H.264\u2026","rel":"","context":"Srodne objave","img":{"alt_text":"","src":"https:\/\/i2.wp.com\/astehshop.com\/wp-content\/uploads\/2022\/12\/nd9213p.png?fit=807%2C719&resize=350%2C200","width":350,"height":200},"classes":[]},{"id":8543,"url":"http:\/\/astehshop.com\/index.php\/product\/unv-mrezni-poe-snimac-nvr301-ls3-p8\/","url_meta":{"origin":6899,"position":2},"title":"UNV mre\u017eni POE snima\u010d NVR301-LS3-P8","date":"10. studenoga 2023.","format":false,"excerpt":"Podr\u017eava Ultra 265\/H.265\/H.264 video formate 8\/16-kanalni ulaz Plug & Play sa 8 nezavisnih PoE mre\u017enih interfejsa Podr\u017eava glavne kamere uskla\u0111ene sa ONVIF (profil S, profil G, profil T) i RTSP protokole Podr\u017eava 1-kanalni HDMI, 1-kanalni VGA, HDMI do 4K (3840x2160) rezolucije HDMI i VGA simultani izlaz Snimanje u rezoluciji do\u2026","rel":"","context":"Srodne objave","img":{"alt_text":"","src":"https:\/\/i0.wp.com\/astehshop.com\/wp-content\/uploads\/2023\/11\/NVR301-LS3-P8.jpg?fit=510%2C348&resize=350%2C200","width":350,"height":200},"classes":[]},{"id":8545,"url":"http:\/\/astehshop.com\/index.php\/product\/unv-mrezni-snimac-nvr301-s3-series\/","url_meta":{"origin":6899,"position":3},"title":"UNV mre\u017eni snima\u010d 4 kanala NVR301-S3 Series","date":"10. studenoga 2023.","format":false,"excerpt":"Podr\u017eava Ultra 265\/H.265\/H.264 video formate 4\/8\/16-kanalni ulaz Podr\u017eava glavne kamere uskla\u0111ene sa ONVIF (profil S, profil G, profil T) i RTSP protokole Podr\u017eava 1-kanalni HDMI, 1-kanalni VGA, HDMI do 4K (3840x2160) rezolucije HDMI i VGA simultani izlaz Snimanje u rezoluciji do 4K 1 SATA HDD do 8TB Podr\u0161ka nadogradnji oblaka","rel":"","context":"Srodne objave","img":{"alt_text":"","src":"https:\/\/i1.wp.com\/astehshop.com\/wp-content\/uploads\/2023\/11\/NVR301-S3-Series.jpg?fit=510%2C348&resize=350%2C200","width":350,"height":200},"classes":[]},{"id":8547,"url":"http:\/\/astehshop.com\/index.php\/product\/unv-mrezni-snimac-8-kanala-nvr301-s3-series\/","url_meta":{"origin":6899,"position":4},"title":"UNV mre\u017eni snima\u010d 8 kanala NVR301-S3 Series","date":"10. studenoga 2023.","format":false,"excerpt":"Podr\u017eava Ultra 265\/H.265\/H.264 video formate 4\/8\/16-kanalni ulaz Podr\u017eava glavne kamere uskla\u0111ene sa ONVIF (profil S, profil G, profil T) i RTSP protokole Podr\u017eava 1-kanalni HDMI, 1-kanalni VGA, HDMI do 4K (3840x2160) rezolucije HDMI i VGA simultani izlaz Snimanje u rezoluciji do 4K 1 SATA HDD do 8TB Podr\u0161ka nadogradnji oblaka","rel":"","context":"Srodne objave","img":{"alt_text":"","src":"https:\/\/i1.wp.com\/astehshop.com\/wp-content\/uploads\/2023\/11\/NVR301-S3-Series.jpg?fit=510%2C348&resize=350%2C200","width":350,"height":200},"classes":[]},{"id":7823,"url":"http:\/\/astehshop.com\/index.php\/product\/dahua-4-kanalni-poe-snimac-nvr-2104hs-p-s3\/","url_meta":{"origin":6899,"position":5},"title":"Dahua 4 kanalni POE snima\u010d NVR 2104HS-P-S3","date":"23. svibnja 2023.","format":false,"excerpt":"4-kanalni NVR sa 4X PoE; Lite serija; Do 12Mp; Do 80Mbps; Metalno ku\u0107i\u0161te; 1X SATA. 4-kanalni NVR. Lite serija. Podr\u017eane rezolucije snimanja 12MP \/8MP \/5MP \/4MP \/3MP \/2MP \/720p \/D1. HDMI izlaz (do 3840\u00d72160). VGA. Multi screen prikaz 1\/4 kamera. Podr\u017eane kompresije Smart H.265\/H.265\/Smart H.264\/H.264. Dual Stream. Bit rate \u2013\u2026","rel":"","context":"Srodne objave","img":{"alt_text":"","src":"https:\/\/i2.wp.com\/astehshop.com\/wp-content\/uploads\/2023\/05\/dahua-nvr2104hs-p-s3.jpg?fit=1200%2C1114&resize=350%2C200","width":350,"height":200},"classes":[]}],"_links":{"self":[{"href":"http:\/\/astehshop.com\/index.php\/wp-json\/wp\/v2\/product\/6899"}],"collection":[{"href":"http:\/\/astehshop.com\/index.php\/wp-json\/wp\/v2\/product"}],"about":[{"href":"http:\/\/astehshop.com\/index.php\/wp-json\/wp\/v2\/types\/product"}],"replies":[{"embeddable":true,"href":"http:\/\/astehshop.com\/index.php\/wp-json\/wp\/v2\/comments?post=6899"}],"wp:featuredmedia":[{"embeddable":true,"href":"http:\/\/astehshop.com\/index.php\/wp-json\/wp\/v2\/media\/6900"}],"wp:attachment":[{"href":"http:\/\/astehshop.com\/index.php\/wp-json\/wp\/v2\/media?parent=6899"}],"wp:term":[{"taxonomy":"product_cat","embeddable":true,"href":"http:\/\/astehshop.com\/index.php\/wp-json\/wp\/v2\/product_cat?post=6899"},{"taxonomy":"product_tag","embeddable":true,"href":"http:\/\/astehshop.com\/index.php\/wp-json\/wp\/v2\/product_tag?post=6899"}],"curies":[{"name":"wp","href":"https:\/\/api.w.org\/{rel}","templated":true}]}}