{"id":6830,"date":"2022-11-25T19:16:03","date_gmt":"2022-11-25T18:16:03","guid":{"rendered":"http:\/\/astehshop.com\/?post_type=product&#038;p=6830"},"modified":"2024-12-12T05:21:42","modified_gmt":"2024-12-12T04:21:42","slug":"xiaomi-redmi-9-active-4gb-64gb-green","status":"publish","type":"product","link":"http:\/\/astehshop.com\/index.php\/product\/xiaomi-redmi-9-active-4gb-64gb-green\/","title":{"rendered":"Xiaomi Redmi 9 Active 4GB 64GB Green"},"content":{"rendered":"<p>Smartphone Xiaomi Redmi 9 Activ, Dual SIM, IPS LCD 6.53&#8243; display rezolucija 720 x 1600 Chipset MediaTek MT6765G Helio G35, CPU Octa Core 2.3GHz ( 4 x 2.3 GHz Cortex-A53 &amp; 4 x 1.8 GHz Cortex-A53 ), grafi\u010dka kartica PowerVR GE8320, RAM memorija 4 GB, interna memorija 64 GB. Dual kamera 13 \/ 2 Mpixel, rezolucija video zapisa 1080p@30fps, LED blic, HDR visok dinami\u010dan raspon slike &#8230;, prednja kamera 5 Mpixel, video zapis 1080p@30fps, HDR Povezivost WiFi 802.11, Bluetooth 5.0 LE, GPS, FM Radio, microUSB 2.0 Fingerprint, akcelerometar &#8230;, Baterija Li-Po 5000 mAh, dimenzije 164.9 x 77.1 x 9 mm. Operativni sistem Android 10, MIUI 11<\/p>\n","protected":false},"excerpt":{"rendered":"<p>Smartphone Xiaomi Redmi 9 Activ, Dual SIM, IPS LCD 6.53&#8243; display rezolucija 720 x 1600 Chipset MediaTek MT6765G Helio G35, CPU Octa Core 2.3GHz ( 4 x 2.3 GHz Cortex-A53 &amp; 4 x 1.8 GHz Cortex-A53 ), grafi\u010dka kartica PowerVR GE8320, RAM memorija 4 GB, interna memorija 64 GB. Dual kamera 13 \/ 2 Mpixel, rezolucija video zapisa 1080p@30fps, LED blic, HDR visok dinami\u010dan raspon slike &#8230;, prednja kamera 5 Mpixel, video zapis 1080p@30fps, HDR Povezivost WiFi 802.11, Bluetooth 5.0 LE, GPS, FM Radio, microUSB 2.0 Fingerprint, akcelerometar &#8230;, Baterija Li-Po 5000 mAh, dimenzije 164.9 x 77.1 x 9 mm. Operativni sistem Android 10, MIUI 11<\/p>\n","protected":false},"featured_media":6831,"comment_status":"open","ping_status":"closed","template":"","meta":{"_mi_skip_tracking":false,"_exactmetrics_sitenote_active":false,"_exactmetrics_sitenote_note":"","_exactmetrics_sitenote_category":0,"spay_email":""},"product_cat":[1170],"product_tag":[4526],"brands":[],"df_price":266,"df_sale_price":"","df_regular_price":266,"df_image_link":"https:\/\/i0.wp.com\/astehshop.com\/wp-content\/uploads\/2022\/11\/xiaomi-redmi-9-active-4gb-64gb-green-noeu-ind.jpg?fit=450%2C450","jetpack_publicize_connections":[],"jetpack_sharing_enabled":true,"jetpack_likes_enabled":true,"jetpack-related-posts":[{"id":6841,"url":"http:\/\/astehshop.com\/index.php\/product\/xiaomi-redmi-note-11s-6gb-128gb-blue\/","url_meta":{"origin":6830,"position":0},"title":"Xiaomi Redmi Note 11s 6GB 128GB Blue","date":"25. studenoga 2022.","format":false,"excerpt":"Veli\u010dina ekrana 6.43'' Procesor Octa-core (2x2.05 GHz Cortex-A76 & 6x2.0 GHz Cortex-A55) RAM 6GB Pohrana 128GB Kamera 108MP Baterija 5000mAh","rel":"","context":"Srodne objave","img":{"alt_text":"","src":"https:\/\/i2.wp.com\/astehshop.com\/wp-content\/uploads\/2022\/11\/xiaomi-redmi-note-11s-6gb-128gb-blue-noeu-ind.png?fit=800%2C800&resize=350%2C200","width":350,"height":200},"classes":[]},{"id":6828,"url":"http:\/\/astehshop.com\/index.php\/product\/xiaomi-redmi-10a-4gb-64gb-grey\/","url_meta":{"origin":6830,"position":1},"title":"Xiaomi Redmi 10A 4GB 64GB Grey","date":"25. studenoga 2022.","format":false,"excerpt":"Veli\u010dina ekrana 6.53 Procesor MediaTek Helio G25 Octa-core processor RAM 4GB Pohrana 64GB Kamera 13MP Baterija 5000mAh","rel":"","context":"Srodne objave","img":{"alt_text":"","src":"https:\/\/i0.wp.com\/astehshop.com\/wp-content\/uploads\/2022\/11\/xiaomi-redmi-9a-4gb-64gb-black-noeu-1.jpg?fit=800%2C800&resize=350%2C200","width":350,"height":200},"classes":[]},{"id":6834,"url":"http:\/\/astehshop.com\/index.php\/product\/xiaomi-redmi-10a-sport-6gb-128gb\/","url_meta":{"origin":6830,"position":2},"title":"Xiaomi Redmi 10A Sport 6GB 128GB","date":"25. studenoga 2022.","format":false,"excerpt":"Veli\u010dina ekrana 6.53'' Procesor MediaTek Helio G25 Octa-core processor RAM 6GB Pohrana 128GB Kamera 13MP Baterija 5000mAh","rel":"","context":"Srodne objave","img":{"alt_text":"","src":"https:\/\/i2.wp.com\/astehshop.com\/wp-content\/uploads\/2022\/11\/xiaomi-redmi-10a-sport-6gb-128gb-blue.jpg?fit=800%2C800&resize=350%2C200","width":350,"height":200},"classes":[]},{"id":9217,"url":"http:\/\/astehshop.com\/index.php\/product\/tablet-space-a10-quad-core\/","url_meta":{"origin":6830,"position":3},"title":"Tablet Space A10 Quad Core","date":"19. o\u017eujka 2024.","format":false,"excerpt":"Tablet A10, 10.1\" IPS ekran osjetljiv na dodir, rezolucija 1280 x 800, Quad-Core ARM Cortex A53 1.6 GHz, 2GB DDR3 radne memorije, 32GB interne memorije, utor za microSDXC ( max 128 GB ). Grafi\u010dka kartica PowerVR GE 8300. Kamera 5 MPixel , Selfie kamera 2 MPixel. Povezivost: WiFi Dual Band\u2026","rel":"","context":"Srodne objave","img":{"alt_text":"","src":"https:\/\/i1.wp.com\/astehshop.com\/wp-content\/uploads\/2024\/03\/Space-A10.png?fit=1200%2C1150&resize=350%2C200","width":350,"height":200},"classes":[]},{"id":6826,"url":"http:\/\/astehshop.com\/index.php\/product\/xiaomi-redmi-9a-4gb-64gb-black\/","url_meta":{"origin":6830,"position":4},"title":"Xiaomi Redmi 9A 4GB 64GB Black","date":"25. studenoga 2022.","format":false,"excerpt":"Xiaomi Redmi 9A u crnoj boji. IPS LCD ekran veli\u010dine 6.53 in\u010da. Te\u017eina 196g. Zadnja kamera 13 MP, prednja kamera 5MP. Android 10 operativni sistem i octa-core procesor.Interna memorija iznosi 64GB. RAM 4GB. Baterija 5000 mAh. Dual SIM (Nano-SIM, dual stand-by).","rel":"","context":"Srodne objave","img":{"alt_text":"","src":"https:\/\/i1.wp.com\/astehshop.com\/wp-content\/uploads\/2022\/11\/xiaomi-redmi-9a-4gb-64gb-black-noeu.jpg?fit=800%2C800&resize=350%2C200","width":350,"height":200},"classes":[]},{"id":9219,"url":"http:\/\/astehshop.com\/index.php\/product\/tablet-space-a8-sa-ips-ekranom\/","url_meta":{"origin":6830,"position":5},"title":"Tablet Space A8 sa IPS ekranom","date":"19. o\u017eujka 2024.","format":false,"excerpt":"Tablet A8, 8\" IPS ekran osjetljiv na dodir, rezolucija 1280 x 800, Quad-Core ARM Cortex A53 1.6 GHz, 2GB DDR3 radne memorije, 16GB interne memorije, utor za microSDXC ( max 128 GB ). Grafi\u010dka kartica PowerVR GCE 8300. Kamera 5 MPixel , Selfie kamera 2 MPixel. Povezivost: WiFi 802.11, b\/g\/n,\u2026","rel":"","context":"Srodne objave","img":{"alt_text":"","src":"https:\/\/i2.wp.com\/astehshop.com\/wp-content\/uploads\/2024\/03\/space-a8.png?fit=1102%2C1200&resize=350%2C200","width":350,"height":200},"classes":[]}],"_links":{"self":[{"href":"http:\/\/astehshop.com\/index.php\/wp-json\/wp\/v2\/product\/6830"}],"collection":[{"href":"http:\/\/astehshop.com\/index.php\/wp-json\/wp\/v2\/product"}],"about":[{"href":"http:\/\/astehshop.com\/index.php\/wp-json\/wp\/v2\/types\/product"}],"replies":[{"embeddable":true,"href":"http:\/\/astehshop.com\/index.php\/wp-json\/wp\/v2\/comments?post=6830"}],"wp:featuredmedia":[{"embeddable":true,"href":"http:\/\/astehshop.com\/index.php\/wp-json\/wp\/v2\/media\/6831"}],"wp:attachment":[{"href":"http:\/\/astehshop.com\/index.php\/wp-json\/wp\/v2\/media?parent=6830"}],"wp:term":[{"taxonomy":"product_cat","embeddable":true,"href":"http:\/\/astehshop.com\/index.php\/wp-json\/wp\/v2\/product_cat?post=6830"},{"taxonomy":"product_tag","embeddable":true,"href":"http:\/\/astehshop.com\/index.php\/wp-json\/wp\/v2\/product_tag?post=6830"}],"curies":[{"name":"wp","href":"https:\/\/api.w.org\/{rel}","templated":true}]}}