{"id":6824,"date":"2022-11-25T19:10:42","date_gmt":"2022-11-25T18:10:42","guid":{"rendered":"http:\/\/astehshop.com\/?post_type=product&#038;p=6824"},"modified":"2022-11-25T19:10:42","modified_gmt":"2022-11-25T18:10:42","slug":"cubot-king-kong-mini-2-ds-32gb-3gb","status":"publish","type":"product","link":"http:\/\/astehshop.com\/index.php\/product\/cubot-king-kong-mini-2-ds-32gb-3gb\/","title":{"rendered":"Cubot King Kong Mini 2 DS 32GB 3GB"},"content":{"rendered":"<p>Cubot King Kong Mini 2 sa 64GB interne memorije i 13MP zadnjom kamerom. Te\u017eine je 122g. Tako\u0111er je multi-touch i otporan na ogrebotine. Posjeduje 8 jezgri i 4GB RAM.<\/p>\n","protected":false},"excerpt":{"rendered":"<p>Cubot King Kong Mini 2 sa 64GB interne memorije i 13MP zadnjom kamerom. Te\u017eine je 122g. Tako\u0111er je multi-touch i otporan na ogrebotine. Posjeduje 8 jezgri i 4GB RAM.<\/p>\n","protected":false},"featured_media":6825,"comment_status":"open","ping_status":"closed","template":"","meta":{"_mi_skip_tracking":false,"_exactmetrics_sitenote_active":false,"_exactmetrics_sitenote_note":"","_exactmetrics_sitenote_category":0,"spay_email":""},"product_cat":[1170],"product_tag":[4521],"brands":[],"df_price":239,"df_sale_price":"","df_regular_price":239,"df_image_link":"https:\/\/i2.wp.com\/astehshop.com\/wp-content\/uploads\/2022\/11\/cubot-king-kong-mini-2-ds-32gb-3gb-red.png?fit=450%2C450","jetpack_publicize_connections":[],"jetpack_sharing_enabled":true,"jetpack_likes_enabled":true,"jetpack-related-posts":[{"id":6389,"url":"http:\/\/astehshop.com\/index.php\/product\/cubot-note-8-2gb-16gb-green\/","url_meta":{"origin":6824,"position":0},"title":"Cubot Note 8 2GB 16GB Green","date":"30. rujna 2022.","format":false,"excerpt":"Cubot Note zelene boje sa HD+ ekranom. Posjeduje 13MP AI zadnju kameru i 5MP prednju kameru koje daju odli\u010dnu kvalitetu slika. Te\u017eine je 143g. Rezolucija ekrana je 442x960px. Posjeduje SD slot.","rel":"","context":"Srodne objave","img":{"alt_text":"","src":"https:\/\/i2.wp.com\/astehshop.com\/wp-content\/uploads\/2022\/09\/cubot-note-8-2gb-16gb-green.png?fit=800%2C800&resize=350%2C200","width":350,"height":200},"classes":[]},{"id":6828,"url":"http:\/\/astehshop.com\/index.php\/product\/xiaomi-redmi-10a-4gb-64gb-grey\/","url_meta":{"origin":6824,"position":1},"title":"Xiaomi Redmi 10A 4GB 64GB Grey","date":"25. studenoga 2022.","format":false,"excerpt":"Veli\u010dina ekrana 6.53 Procesor MediaTek Helio G25 Octa-core processor RAM 4GB Pohrana 64GB Kamera 13MP Baterija 5000mAh","rel":"","context":"Srodne objave","img":{"alt_text":"","src":"https:\/\/i0.wp.com\/astehshop.com\/wp-content\/uploads\/2022\/11\/xiaomi-redmi-9a-4gb-64gb-black-noeu-1.jpg?fit=800%2C800&resize=350%2C200","width":350,"height":200},"classes":[]},{"id":6391,"url":"http:\/\/astehshop.com\/index.php\/product\/pametni-telefon-cubot-p50-6gb-128gb-black\/","url_meta":{"origin":6824,"position":2},"title":"Pametni telefon Cubot P50 6GB 128GB Black","date":"30. rujna 2022.","format":false,"excerpt":"Cubot P50 u zelenoj boji. Posjeduje slot za SD karticu. RAM je 6 GB i interna memorija je 128 GB, mo\u017ee se pove\u0107ati sa SD karticom do 512 GB. Baterija 4200 mAh. Rezolucija zadnje kamere je 12MP, prednja kamera 20 MP. Octa core i Android 11 Red Velvet Cake operativni\u2026","rel":"","context":"Srodne objave","img":{"alt_text":"","src":"https:\/\/i0.wp.com\/astehshop.com\/wp-content\/uploads\/2022\/09\/cubot-p50-black.jpg?fit=800%2C800&resize=350%2C200","width":350,"height":200},"classes":[]},{"id":6818,"url":"http:\/\/astehshop.com\/index.php\/product\/cubot-j10-1gb-32gb-black\/","url_meta":{"origin":6824,"position":3},"title":"Cubot J10 1GB 32GB Black","date":"25. studenoga 2022.","format":false,"excerpt":"Cubot J10 u crnoj boji. Posjeduje slot za SD karticu. RAM je 1GB i interna memorija je 32GB, sa SD karticom do 128 GB. Baterija 2350 mAh. Rezolucija zadnje kamere je 5MP, prednja kamera 2MP. Quad Core i Android 11 operativni sistem. Veli\u010dina 4 in\u010da. \u00a0 \u00a0","rel":"","context":"Srodne objave","img":{"alt_text":"","src":"https:\/\/i0.wp.com\/astehshop.com\/wp-content\/uploads\/2022\/11\/Cubot-J10-1GB-32GB-Black.png?fit=800%2C800&resize=350%2C200","width":350,"height":200},"classes":[]},{"id":11954,"url":"http:\/\/astehshop.com\/index.php\/product\/xiaomi-redmi-15c-4gb-128gb-blue-eu\/","url_meta":{"origin":6824,"position":4},"title":"Xiaomi Redmi 15C 4GB 128GB Blue EU","date":"7. prosinca 2025.","format":false,"excerpt":"Xiaomi Redmi 15C 4GB 128GB Blue EU Xiaomi Redmi 15C\u00a0u varijanti sa\u00a04 GB RAM\u2011a\u00a0i\u00a0128 GB interne memorije\u00a0nudi sve \u0161to je potrebno za svakodnevnu upotrebu \u2013 od pregledavanja sadr\u017eaja i komunikacije, do laganih aplikacija i multimedije. Pristupa\u010dan je i pouzdan izbor u svojoj klasi. Klju\u010dne Karakteristike: Ekran:\u00a06.9\u2011in\u010dni\u00a0IPS LCD\u00a0ekran sa HD+ rezolucijom\u2026","rel":"","context":"Srodne objave","img":{"alt_text":"","src":"https:\/\/i2.wp.com\/astehshop.com\/wp-content\/uploads\/2025\/12\/Xiaomi-Redmi-15C-4GB-128GB-Blue-EU.png?fit=800%2C800&resize=350%2C200","width":350,"height":200},"classes":[]},{"id":11940,"url":"http:\/\/astehshop.com\/index.php\/product\/samsung-a06-4gb-64gb-gold\/","url_meta":{"origin":6824,"position":5},"title":"Samsung A06 4GB 64GB Gold","date":"7. prosinca 2025.","format":false,"excerpt":"Samsung Galaxy A06 Gold Samsung Galaxy A06 Gold\u00a0je pametni telefon iz Samsungove serije Galaxy A, dizajniran za korisnike koji tra\u017ee solidne performanse po pristupa\u010dnoj cijeni. Ovaj model nudi sve klju\u010dne karakteristike potrebne za svakodnevnu upotrebu, uz moderni dizajn i dugotrajnu bateriju. Klju\u010dne Karakteristike: Ekran:\u00a06.7-in\u010dni PLS LCD ekran sa HD+ rezolucijom\u2026","rel":"","context":"Srodne objave","img":{"alt_text":"","src":"https:\/\/i1.wp.com\/astehshop.com\/wp-content\/uploads\/2025\/12\/samsung-a065-galaxy-a06-dual-4gb-64gb-gold-noeu.jpg?fit=800%2C800&resize=350%2C200","width":350,"height":200},"classes":[]}],"_links":{"self":[{"href":"http:\/\/astehshop.com\/index.php\/wp-json\/wp\/v2\/product\/6824"}],"collection":[{"href":"http:\/\/astehshop.com\/index.php\/wp-json\/wp\/v2\/product"}],"about":[{"href":"http:\/\/astehshop.com\/index.php\/wp-json\/wp\/v2\/types\/product"}],"replies":[{"embeddable":true,"href":"http:\/\/astehshop.com\/index.php\/wp-json\/wp\/v2\/comments?post=6824"}],"wp:featuredmedia":[{"embeddable":true,"href":"http:\/\/astehshop.com\/index.php\/wp-json\/wp\/v2\/media\/6825"}],"wp:attachment":[{"href":"http:\/\/astehshop.com\/index.php\/wp-json\/wp\/v2\/media?parent=6824"}],"wp:term":[{"taxonomy":"product_cat","embeddable":true,"href":"http:\/\/astehshop.com\/index.php\/wp-json\/wp\/v2\/product_cat?post=6824"},{"taxonomy":"product_tag","embeddable":true,"href":"http:\/\/astehshop.com\/index.php\/wp-json\/wp\/v2\/product_tag?post=6824"}],"curies":[{"name":"wp","href":"https:\/\/api.w.org\/{rel}","templated":true}]}}