{"id":6643,"date":"2022-11-17T21:58:28","date_gmt":"2022-11-17T20:58:28","guid":{"rendered":"http:\/\/astehshop.com\/?post_type=product&#038;p=6643"},"modified":"2023-09-24T11:23:38","modified_gmt":"2023-09-24T09:23:38","slug":"led-plafonjera-sa-senzorom-green-tech-16w-4000k-promjer-25cm","status":"publish","type":"product","link":"http:\/\/astehshop.com\/index.php\/product\/led-plafonjera-sa-senzorom-green-tech-16w-4000k-promjer-25cm\/","title":{"rendered":"LED plafonjera sa senzorom Green Tech 16W, 4000K, promjer 25cm"},"content":{"rendered":"<p>Snaga: 16 W<br \/>\nBoja svjetlosti: 4000 K<br \/>\nIP stupanj za\u0161tite: IP44<br \/>\nNapon: AC 85 &#8211; 265 V \/ 50 &#8211; 60 Hz<br \/>\nFLUX: 90 lm \/ W<br \/>\nLED diode: San`an<br \/>\nKut svjetlosti: 120 \u00b0<br \/>\nRaspon detekcije: 360 \u00b0<br \/>\nDomet detekcije: do 9 metara \/ 24 \u00b0 \/ svijetli 10 sekundi nakon paljenja<br \/>\nVijek trajanja: 30000 radnih sati<br \/>\nCertifikati: CE, FCC, RoHS<br \/>\nMaterijal: plastika<br \/>\nBoja artikla: bijela<\/p>\n","protected":false},"excerpt":{"rendered":"<p>Snaga: 16 W<br \/>\nBoja svjetlosti: 4000 K<br \/>\nIP stupanj za\u0161tite: IP44<br \/>\nNapon: AC 85 &#8211; 265 V \/ 50 &#8211; 60 Hz<br \/>\nFLUX: 90 lm \/ W<br \/>\nLED diode: San`an<br \/>\nKut svjetlosti: 120 \u00b0<br \/>\nRaspon detekcije: 360 \u00b0<br \/>\nDomet detekcije: do 9 metara \/ 24 \u00b0 \/ svijetli 10 sekundi nakon paljenja<br \/>\nVijek trajanja: 30000 radnih sati<br \/>\nCertifikati: CE, FCC, RoHS<br \/>\nMaterijal: plastika<br \/>\nBoja artikla: bijela<\/p>\n","protected":false},"featured_media":6644,"comment_status":"open","ping_status":"closed","template":"","meta":{"_mi_skip_tracking":false,"_exactmetrics_sitenote_active":false,"_exactmetrics_sitenote_note":"","_exactmetrics_sitenote_category":0,"spay_email":""},"product_cat":[167],"product_tag":[1677,4394,4395],"brands":[],"df_price":36,"df_sale_price":"","df_regular_price":36,"df_image_link":"https:\/\/i2.wp.com\/astehshop.com\/wp-content\/uploads\/2022\/11\/medium_4764_26ffa808a313c3c837b362133e23f782T5b.png?fit=400%2C400","jetpack_publicize_connections":[],"jetpack_sharing_enabled":true,"jetpack_likes_enabled":true,"jetpack-related-posts":[{"id":8969,"url":"http:\/\/astehshop.com\/index.php\/product\/led-reflektor-green-tech-2550-lm-30w-6500k-ip65-crni\/","url_meta":{"origin":6643,"position":0},"title":"LED reflektor Green Tech 2550 lm, 30W, 6500K, IP65, crni","date":"11. velja\u010de 2024.","format":false,"excerpt":"Snaga: 30W Boja svjetlosti: 6500K IP stupanj za\u0161tite: IP65 IK stupanj za\u0161tite: IK06 Boja artikla: crna Napon: AC 220 - 240 V \/ 50 - 60 Hz FLUX: 85 lm \/ W Ukupan svjetlosni tok: 2550 lm Kut svjetlosti: 120 \u00b0 LED diode: San`an \/ SMD2835 Radna temperatura: od -\u2026","rel":"","context":"Srodne objave","img":{"alt_text":"","src":"https:\/\/i0.wp.com\/astehshop.com\/wp-content\/uploads\/2024\/02\/led-reflektor-30w.png?fit=800%2C800&resize=350%2C200","width":350,"height":200},"classes":[]},{"id":3472,"url":"http:\/\/astehshop.com\/index.php\/product\/led-sijalica-10w-3000k-e27-ac220v-epistar-led-ip40\/","url_meta":{"origin":6643,"position":1},"title":"LED sijalica 10W, 3000K, E27, AC220V, Epistar LED, IP40","date":"21. srpnja 2019.","format":false,"excerpt":"FLUX: 1000 lm Epistar LED \u010dip Izoliran driver Kut svjetlosti: 200 \u00b0 Vijek trajanja: 25000 radnih sati Certifikati: CE, RoHS Promjer: 5,7 cm Dubina: 10,4 cm Neto te\u017eina: 0,0320 kg Bruto te\u017eina: 0,0480 kg","rel":"","context":"Srodne objave","img":{"alt_text":"","src":"https:\/\/i1.wp.com\/astehshop.com\/wp-content\/uploads\/2019\/07\/LED-\u017earulja-Green-Tech-10W-3000K-E27-AC220V-Epistar-LED-IP40.png?fit=200%2C200&resize=350%2C200","width":350,"height":200},"classes":[]},{"id":3474,"url":"http:\/\/astehshop.com\/index.php\/product\/led-sijalica-10w-4000k-e27-ac220v-epistar-led-ip40\/","url_meta":{"origin":6643,"position":2},"title":"LED sijalica 10W, 4000K, E27, AC220V, Epistar LED, IP40","date":"21. srpnja 2019.","format":false,"excerpt":"FLUX: 1000 lm Epistar LED \u010dip Izoliran driver Kut svjetlosti: 200 \u00b0 Vijek trajanja: 25000 radnih sati Certifikati: CE, RoHS Promjer: 5,7 cm Dubina: 10,4 cm Neto te\u017eina: 0,0320 kg Bruto te\u017eina: 0,0480 kg","rel":"","context":"Srodne objave","img":{"alt_text":"","src":"https:\/\/i2.wp.com\/astehshop.com\/wp-content\/uploads\/2019\/07\/LED-\u017earulja-Green-Tech-10W-4000K-E27-AC220V-Epistar-LED-IP40.png?fit=200%2C200&resize=350%2C200","width":350,"height":200},"classes":[]},{"id":3476,"url":"http:\/\/astehshop.com\/index.php\/product\/led-sijalica-6w-3000k-e27-ac220v-epistar-led-ip40\/","url_meta":{"origin":6643,"position":3},"title":"LED sijalica 6W, 3000K, E27, AC220V, Epistar LED, IP40","date":"21. srpnja 2019.","format":false,"excerpt":"FLUX: 600 lm Tip diode: LED Epistar Tip driver-a: izoliran Kut svjetlosti: 200 \u00b0 Vijek trajanja: 25000 radnih sati Certifikati: CE, RoHS Promjer: 5,9 cm Dubina: 10,7 cm Neto te\u017eina:0,0300 kg Bruto te\u017eina: 0,0480 kg","rel":"","context":"Srodne objave","img":{"alt_text":"","src":"https:\/\/i2.wp.com\/astehshop.com\/wp-content\/uploads\/2019\/07\/LED-\u017earulja-Green-Tech-6W-3000K-E27-AC220V-Epistar-LED-IP40.png?fit=200%2C200&resize=350%2C200","width":350,"height":200},"classes":[]},{"id":6448,"url":"http:\/\/astehshop.com\/index.php\/product\/solarni-prijenosni-set-green-tech-sps-300-fm-tf-bluetooth-usb\/","url_meta":{"origin":6643,"position":4},"title":"Solarni prijenosni set Green Tech SPS-300, FM, TF, Bluetooth, USB","date":"23. listopada 2022.","format":false,"excerpt":"LED: Snaga: 3 W + 3 W + 3 W \/ LED \u017earulje uklju\u010dene u pakiranje Boja svjetlosti: 4000 K Napon: AC 85 - 265 V \/ 50 - 60 Hz FLUX: 300 lm LED diode: SMD Kut svjetlosti: 120 \u00b0 UGR: < 19 Radni vijek: 20 000 radnih sati\u2026","rel":"","context":"Srodne objave","img":{"alt_text":"","src":"https:\/\/i0.wp.com\/astehshop.com\/wp-content\/uploads\/2022\/10\/7937_bf9df51dc75f5892c0b67bfbdb43f6f85av.png?fit=800%2C800&resize=350%2C200","width":350,"height":200},"classes":[]},{"id":7756,"url":"http:\/\/astehshop.com\/index.php\/product\/led-traka-green-tech-2m-usb-daljinski-72-w-m-5050-30-led-m-rgb-ip20\/","url_meta":{"origin":6643,"position":5},"title":"LED traka Green Tech 2m, USB + daljinski, 7,2 W\/m, 5050, 30 LED\/m, RGB, IP20","date":"13. svibnja 2023.","format":false,"excerpt":"Snaga: 7,2 W \/ m Boja svjetlosti: RGB Napon: DC 5 V LED diode: San`an 5050 \/ 30 komada po metru IP za\u0161tita: IP20 FLUX: 66 lm \/ m Duljina LED trake: 2 metra Radni vijek: 20 000 radnih sati Certifikati: CE, FCC, RoHs Neto te\u017eina: 0,075 kg Bruto te\u017eina:\u2026","rel":"","context":"Srodne objave","img":{"alt_text":"","src":"https:\/\/i2.wp.com\/astehshop.com\/wp-content\/uploads\/2023\/05\/LSU-USB2M_3786.png?fit=800%2C800&resize=350%2C200","width":350,"height":200},"classes":[]}],"_links":{"self":[{"href":"http:\/\/astehshop.com\/index.php\/wp-json\/wp\/v2\/product\/6643"}],"collection":[{"href":"http:\/\/astehshop.com\/index.php\/wp-json\/wp\/v2\/product"}],"about":[{"href":"http:\/\/astehshop.com\/index.php\/wp-json\/wp\/v2\/types\/product"}],"replies":[{"embeddable":true,"href":"http:\/\/astehshop.com\/index.php\/wp-json\/wp\/v2\/comments?post=6643"}],"wp:featuredmedia":[{"embeddable":true,"href":"http:\/\/astehshop.com\/index.php\/wp-json\/wp\/v2\/media\/6644"}],"wp:attachment":[{"href":"http:\/\/astehshop.com\/index.php\/wp-json\/wp\/v2\/media?parent=6643"}],"wp:term":[{"taxonomy":"product_cat","embeddable":true,"href":"http:\/\/astehshop.com\/index.php\/wp-json\/wp\/v2\/product_cat?post=6643"},{"taxonomy":"product_tag","embeddable":true,"href":"http:\/\/astehshop.com\/index.php\/wp-json\/wp\/v2\/product_tag?post=6643"}],"curies":[{"name":"wp","href":"https:\/\/api.w.org\/{rel}","templated":true}]}}