{"id":6494,"date":"2022-11-09T07:04:10","date_gmt":"2022-11-09T06:04:10","guid":{"rendered":"http:\/\/astehshop.com\/?post_type=product&#038;p=6494"},"modified":"2025-09-17T21:22:00","modified_gmt":"2025-09-17T19:22:00","slug":"hikvision-videointerfon-set-ds-kis202","status":"publish","type":"product","link":"http:\/\/astehshop.com\/index.php\/product\/hikvision-videointerfon-set-ds-kis202\/","title":{"rendered":"HIKVISION videointerfon set DS-KIS202"},"content":{"rendered":"<div class=\"product-info-additional\">\n<div class=\"product attribute overview\">\n<div class=\"value\">HIKVISION videointerfon set DS-KIS202 komplet video interfona za jednu porodicu koji sadr\u017ei pozivnu jedinicu DS-KB2411-IM i video monitor DS-KH2220. Ovaj set video interfona idealan je za ku\u0107u, stan, poslovni prostor, parking rampe.<\/div>\n<\/div>\n<div class=\"singleAttr\">\n<ul>\n<li>\n<div class=\"atrName\"><i class=\"fas fa-circle\"><\/i> Garancija:<\/div>\n<div class=\"atrVal\">1 godina<\/div>\n<\/li>\n<li>\n<div class=\"atrName\"><i class=\"fas fa-circle\"><\/i> Brend:<\/div>\n<div class=\"atrVal\">HIKVISON<\/div>\n<\/li>\n<li>\n<div class=\"atrName\"><i class=\"fas fa-circle\"><\/i> Tip:<\/div>\n<div class=\"atrVal\">Video nadzor<\/div>\n<\/li>\n<li>\n<div class=\"atrName\"><i class=\"fas fa-circle\"><\/i> Dijagonala:<\/div>\n<div class=\"atrVal\">7&#8243;<\/div>\n<\/li>\n<\/ul>\n<\/div>\n<\/div>\n","protected":false},"excerpt":{"rendered":"<div class=\"product-info-additional\">\n<div class=\"product attribute overview\">\n<div class=\"value\">HIKVISION videointerfon set DS-KIS202 komplet video interfona za jednu porodicu koji sadr\u017ei pozivnu jedinicu DS-KB2411-IM i video monitor DS-KH2220. Ovaj set video interfona idealan je za ku\u0107u, stan, poslovni prostor, parking rampe.<\/div>\n<\/div>\n<div class=\"singleAttr\">\n<ul>\n<li>\n<div class=\"atrName\"><i class=\"fas fa-circle\"><\/i> Garancija:<\/div>\n<div class=\"atrVal\">1 godina<\/div>\n<\/li>\n<li>\n<div class=\"atrName\"><i class=\"fas fa-circle\"><\/i> Brend:<\/div>\n<div class=\"atrVal\">HIKVISON<\/div>\n<\/li>\n<li>\n<div class=\"atrName\"><i class=\"fas fa-circle\"><\/i> Tip:<\/div>\n<div class=\"atrVal\">Video nadzor<\/div>\n<\/li>\n<li>\n<div class=\"atrName\"><i class=\"fas fa-circle\"><\/i> Dijagonala:<\/div>\n<div class=\"atrVal\">7&#8243;<\/div>\n<\/li>\n<\/ul>\n<\/div>\n<\/div>\n","protected":false},"featured_media":6495,"comment_status":"open","ping_status":"closed","template":"","meta":{"_mi_skip_tracking":false,"_exactmetrics_sitenote_active":false,"_exactmetrics_sitenote_note":"","_exactmetrics_sitenote_category":0,"spay_email":""},"product_cat":[2593],"product_tag":[4265,4266,3109],"brands":[{"id":2044,"name":"HikVision","slug":"hikvision"}],"df_price":"","df_sale_price":"","df_regular_price":"","df_image_link":"https:\/\/i2.wp.com\/astehshop.com\/wp-content\/uploads\/2022\/11\/kis202.jpg?fit=450%2C307","jetpack_publicize_connections":[],"jetpack_sharing_enabled":true,"jetpack_likes_enabled":true,"jetpack-related-posts":[{"id":2860,"url":"http:\/\/astehshop.com\/index.php\/product\/nosac-za-kameru-ds-1259zj-hikvision\/","url_meta":{"origin":6494,"position":0},"title":"Nosac za kameru DS-1259ZJ HikVision","date":"13. rujna 2018.","format":false,"excerpt":"Odgovara za seriju\u00a0DS-2CD31 i DC-2CD21 Dimenzije >\u00a018*18*10mm Odgovara i za modele >\u00a0DS-2CD2112(D)-I, DS-2CD2132(D)-I,DS-2CD3112(D)-I, DS-2CD3132(D)-I ect","rel":"","context":"Srodne objave","img":{"alt_text":"","src":"https:\/\/i1.wp.com\/astehshop.com\/wp-content\/uploads\/2018\/09\/DS-1259ZJ-4.jpg?fit=898%2C800&resize=350%2C200","width":350,"height":200},"classes":[]},{"id":3851,"url":"http:\/\/astehshop.com\/index.php\/product\/kamera-za-video-nadzor-hikvision-ds-2ce16h0t-it3zf-motorizovana\/","url_meta":{"origin":6494,"position":1},"title":"Kamera za video nadzor HikVision DS-2CE16H0T-IT3ZF motorizovana","date":"15. velja\u010de 2020.","format":false,"excerpt":"5MP@20fps EXIR motorizirani promjenjivi objektiv 40m domet IR-a napajanje 12 VDC, za\u0161tita ku\u0107i\u0161ta IP67 prebacivanje na TVI\/AHD\/CVI\/CVBS signal nosa\u010d ku\u0107i\u0161ta: DS-1280ZJ-S","rel":"","context":"Srodne objave","img":{"alt_text":"","src":"https:\/\/i2.wp.com\/astehshop.com\/wp-content\/uploads\/2020\/02\/DS-2CE16H0T-IT3ZF-1.jpeg?fit=810%2C822&resize=350%2C200","width":350,"height":200},"classes":[]},{"id":3824,"url":"http:\/\/astehshop.com\/index.php\/product\/kamera-za-video-nadzor-hikvision-ds-2ce16d8t-it5f\/","url_meta":{"origin":6494,"position":2},"title":"Kamera za video nadzor HikVision DS-2CE16D8T-IT5F","date":"15. velja\u010de 2020.","format":false,"excerpt":"2M Smart FSI CMOS senzor EXIR 80m domet IR-a napajanje 12 VDC 130dB puni WDR za\u0161tita ku\u0107i\u0161ta IP67 prebacivanje na TVI\/AHD\/CVI\/CVBS signal nosa\u010d ku\u0107i\u0161ta: DS-1280ZJ-XS","rel":"","context":"Srodne objave","img":{"alt_text":"","src":"https:\/\/i2.wp.com\/astehshop.com\/wp-content\/uploads\/2020\/02\/DS-2CE16D8T-IT3F-1.jpg?fit=620%2C400&resize=350%2C200","width":350,"height":200},"classes":[]},{"id":3847,"url":"http:\/\/astehshop.com\/index.php\/product\/kamera-za-video-nadzor-hikvision-ds-2ce16h0t-it3f\/","url_meta":{"origin":6494,"position":3},"title":"Kamera za video nadzor HikVision DS-2CE16H0T-IT3F","date":"15. velja\u010de 2020.","format":false,"excerpt":"\u2022 5MP \u2022 TVI\/AHD\/CVI\/CVBS izlaz \u2022 1\/2.7\u201d Progressive Scan CMOS \u2022 EXIR 2.0 tehnologija \u2022 DWDR, MONTA\u017dA U 3 OSI \u2022 IP67 za\u0161tita, 2DDNR, Smart IR","rel":"","context":"Srodne objave","img":{"alt_text":"","src":"https:\/\/i1.wp.com\/astehshop.com\/wp-content\/uploads\/2020\/02\/DS-2CE16H0T-IT3F.jpg?fit=485%2C427&resize=350%2C200","width":350,"height":200},"classes":[]},{"id":3826,"url":"http:\/\/astehshop.com\/index.php\/product\/kamera-za-video-nadzor-hikvision-ds-2ce16d8t-it3zf-27-135mm\/","url_meta":{"origin":6494,"position":4},"title":"Kamera za video nadzor HikVision DS-2CE16D8T-IT3ZF 2,7-13,5mm","date":"15. velja\u010de 2020.","format":false,"excerpt":"2M Smart FSI CMOS senzor EXIR Auto-Focus 80m domet IR-a napajanje 12 VDC 130dB puni WDR za\u0161tita ku\u0107i\u0161ta IP67 prebacivanje na TVI\/AHD\/CVI\/CVBS signal nosa\u010d ku\u0107i\u0161ta: DS-1280ZJ-S","rel":"","context":"Srodne objave","img":{"alt_text":"","src":"https:\/\/i0.wp.com\/astehshop.com\/wp-content\/uploads\/2020\/02\/DS-2CE16D8T-IT3ZF.jpg?fit=830%2C814&resize=350%2C200","width":350,"height":200},"classes":[]},{"id":5771,"url":"http:\/\/astehshop.com\/index.php\/product\/hikvision-ds-2ce16h8t-it5f-5-mpx\/","url_meta":{"origin":6494,"position":5},"title":"HikVision DS-2CE16H8T-IT5F 5 MPX 80M no\u0107ni domet WDR","date":"9. sije\u010dnja 2022.","format":false,"excerpt":"Hikvision DS-2CE16H8T-IT5F \u2022 Objektivi: 3.6mm \u2022 HDTVI tehnologija, Ultra\u2013low light 0,003lux \u2022 Dan\/no\u0107, EXIR, WDR 130dB \u2022 IR osvjetljenje do 80m \u2022 AGC, BLC, svjetlina, o\u0161trina, 3D DNR(1-9), Mirror, Smart IR, detekcija pokreta (4 zone) \u2022 Za vanjsku primjenu, IP67 \u2022 Napajanje: 12 V DC \u2022 Odgovaraju\u0107i nosa\u010di: DS-1280ZJ-XS slika\u2026","rel":"","context":"Srodne objave","img":{"alt_text":"","src":"https:\/\/i0.wp.com\/astehshop.com\/wp-content\/uploads\/2022\/01\/ds-2ce16h8t-it5f-1.jpeg?fit=500%2C500&resize=350%2C200","width":350,"height":200},"classes":[]}],"_links":{"self":[{"href":"http:\/\/astehshop.com\/index.php\/wp-json\/wp\/v2\/product\/6494"}],"collection":[{"href":"http:\/\/astehshop.com\/index.php\/wp-json\/wp\/v2\/product"}],"about":[{"href":"http:\/\/astehshop.com\/index.php\/wp-json\/wp\/v2\/types\/product"}],"replies":[{"embeddable":true,"href":"http:\/\/astehshop.com\/index.php\/wp-json\/wp\/v2\/comments?post=6494"}],"wp:featuredmedia":[{"embeddable":true,"href":"http:\/\/astehshop.com\/index.php\/wp-json\/wp\/v2\/media\/6495"}],"wp:attachment":[{"href":"http:\/\/astehshop.com\/index.php\/wp-json\/wp\/v2\/media?parent=6494"}],"wp:term":[{"taxonomy":"product_cat","embeddable":true,"href":"http:\/\/astehshop.com\/index.php\/wp-json\/wp\/v2\/product_cat?post=6494"},{"taxonomy":"product_tag","embeddable":true,"href":"http:\/\/astehshop.com\/index.php\/wp-json\/wp\/v2\/product_tag?post=6494"}],"curies":[{"name":"wp","href":"https:\/\/api.w.org\/{rel}","templated":true}]}}