{"id":6216,"date":"2022-04-07T19:58:38","date_gmt":"2022-04-07T17:58:38","guid":{"rendered":"http:\/\/astehshop.com\/?post_type=product&#038;p=6216"},"modified":"2022-04-07T19:58:38","modified_gmt":"2022-04-07T17:58:38","slug":"smartlife-wifi-smart-uticnica-kontrola-potrosnje-2500w","status":"publish","type":"product","link":"http:\/\/astehshop.com\/index.php\/product\/smartlife-wifi-smart-uticnica-kontrola-potrosnje-2500w\/","title":{"rendered":"Smartlife WiFi Smart Uti\u010dnica | Kontrola Potro\u0161nje | 2500W"},"content":{"rendered":"<p>Upravljajte mnogim elektri\u010dnim ure\u0111ajima na daljinu jednostavnim uklju\u010divanjem u ovu be\u017ei\u010dni pametnu uti\u010dnicu te povezivanjem na pametni telefon ili tablet putem Wi-Fi rutera. Prakti\u010dna mobilna aplikacija vam omogu\u0107ava da na prvi pogled vidite koliko ta\u010dno energije ure\u0111aj trenutno koristi ili koliko je energije koristio tokom vremena.<\/p>\n<p>Jednostavan za postavljanje<br \/>\nNe morate biti tehni\u010dki genije ili elektri\u010dar da biste kontrolirali i automatizirali svoje priklju\u010dene ure\u0111aje. Sve \u0161to vam je zapravo potrebno je pametna uti\u010dnica i va\u0161 Wi-Fi ruter. Na\u0161a intuitivna aplikacija \u0107e vam dati mogu\u0107nost daljinskog i automatskog uklju\u010divanja i isklju\u010divanja ure\u0111aja. Mo\u017ee \u010dak raditi u vezi sa sistemima glasovne kontrole kao \u0161to su Amazon Alexa ili Google Home.<\/p>\n<p>Ovi super-tanki ure\u0111aji su dizajnirani da izbjegnu uobi\u010dajeni problem pametnih utika\u010da koji blokiraju susjedne uti\u010dnice &#8211; na\u0161i utika\u010di su pametni i vitki za va\u0161u udobnost.<br \/>\nPostavite vremenske rasporede za uti\u010dnicu za uklju\u010divanje ure\u0111aja ili njihovo povezivanje s drugima kako biste kreirali ambijentalne scene koje se mogu aktivirati jednom komandom ili pritiskom na dugme.<\/p>\n<p>Pratite potro\u0161nju energije<br \/>\nNa prvi pogled identificirajte sve ure\u0111aje koji koriste prekomjernu snagu kako biste osigurali da \u017eivite u pametnom i energetski u\u010dinkovitom domu.<\/p>\n<p>Karakteristike<\/p>\n<p>\u2022 Mo\u017ee se koristiti kao samostalan proizvod ili se lako povezati sa drugim Nedis\u00ae SmartLife proizvodima<br \/>\n\u2022 Omogu\u0107ava daljinsko i automatizovano upravljanje<br \/>\n\u2022 Podr\u017eava glasovnu kontrolu &#8211; u kombinaciji sa Amazon Alexa ili Google Home<br \/>\n\u2022 Tanak dizajn &#8211; kako bi se osiguralo da susjedne uti\u010dnice nisu blokirane<\/p>\n<p>Specifikacije<br \/>\nBoja bijela<br \/>\nMaterijal Plastika<br \/>\nKompatibilan sa Nedis\u00ae SmartLife<br \/>\nBe\u017ei\u010dna tehnologija Wi-Fi<br \/>\nMjera\u010d snage Da<br \/>\nTe\u017eina 58 g<br \/>\nDubina 70 mm<br \/>\nMaksimalna snaga prenosa 14 dBm<br \/>\nFrekvencijski opseg prijenosa 2412-2472 MHz<br \/>\nUlazni napon 230 VAC<br \/>\nIzlazna snaga 2500 W<br \/>\nUlazna struja 10 A<br \/>\nAplikacija dostupna za Android&#x2122; IOS<br \/>\nUtika\u010d za napajanje tip F (CEE 7\/7)<br \/>\nRadna temperatura -10 &#8211; 40 \u00b0C<br \/>\n\u0160irina 46 mm<br \/>\nIzlazna struja 10 A<br \/>\nIzlazni priklju\u010dak(i) ure\u0111aja Utika\u010d sa kontaktom za uzemljenje \/ Tip F (CEE 7\/7)<br \/>\nVrsta uzemljenja Utika\u010d sa kontaktom uzemljenja<br \/>\nIzlazni napon 230 V AC<\/p>\n<p><a href=\"https:\/\/i0.wp.com\/astehshop.com\/wp-content\/uploads\/2022\/04\/WIFIP110FWT-1.jpg\" data-rel=\"lightbox-image-0\" data-rl_title=\"\" data-rl_caption=\"\" title=\"\"><img data-attachment-id=\"6218\" data-permalink=\"http:\/\/astehshop.com\/?attachment_id=6218\" data-orig-file=\"https:\/\/i0.wp.com\/astehshop.com\/wp-content\/uploads\/2022\/04\/WIFIP110FWT-1.jpg?fit=400%2C400\" data-orig-size=\"400,400\" data-comments-opened=\"1\" data-image-meta=\"{&quot;aperture&quot;:&quot;0&quot;,&quot;credit&quot;:&quot;&quot;,&quot;camera&quot;:&quot;&quot;,&quot;caption&quot;:&quot;&quot;,&quot;created_timestamp&quot;:&quot;0&quot;,&quot;copyright&quot;:&quot;&quot;,&quot;focal_length&quot;:&quot;0&quot;,&quot;iso&quot;:&quot;0&quot;,&quot;shutter_speed&quot;:&quot;0&quot;,&quot;title&quot;:&quot;&quot;,&quot;orientation&quot;:&quot;0&quot;}\" data-image-title=\"WIFIP110FWT 1\" data-image-description=\"\" data-image-caption=\"\" data-medium-file=\"https:\/\/i0.wp.com\/astehshop.com\/wp-content\/uploads\/2022\/04\/WIFIP110FWT-1.jpg?fit=400%2C400\" data-large-file=\"https:\/\/i0.wp.com\/astehshop.com\/wp-content\/uploads\/2022\/04\/WIFIP110FWT-1.jpg?fit=400%2C400\" decoding=\"async\" loading=\"lazy\" class=\"alignnone size-full wp-image-6218\" src=\"https:\/\/i0.wp.com\/astehshop.com\/wp-content\/uploads\/2022\/04\/WIFIP110FWT-1.jpg?resize=400%2C400\" alt=\"\" width=\"400\" height=\"400\" srcset=\"https:\/\/i0.wp.com\/astehshop.com\/wp-content\/uploads\/2022\/04\/WIFIP110FWT-1.jpg?w=400 400w, https:\/\/i0.wp.com\/astehshop.com\/wp-content\/uploads\/2022\/04\/WIFIP110FWT-1.jpg?resize=150%2C150 150w, https:\/\/i0.wp.com\/astehshop.com\/wp-content\/uploads\/2022\/04\/WIFIP110FWT-1.jpg?resize=300%2C300 300w, https:\/\/i0.wp.com\/astehshop.com\/wp-content\/uploads\/2022\/04\/WIFIP110FWT-1.jpg?resize=100%2C100 100w\" sizes=\"(max-width: 400px) 100vw, 400px\" data-recalc-dims=\"1\" \/><\/a><\/p>\n","protected":false},"excerpt":{"rendered":"<p>Upravljajte mnogim elektri\u010dnim ure\u0111ajima na daljinu jednostavnim uklju\u010divanjem u ovu be\u017ei\u010dni pametnu uti\u010dnicu te povezivanjem na pametni telefon ili tablet putem Wi-Fi rutera. Prakti\u010dna mobilna aplikacija vam omogu\u0107ava da na prvi pogled vidite koliko ta\u010dno energije ure\u0111aj trenutno koristi ili koliko je energije koristio tokom vremena.<\/p>\n<p>Jednostavan za postavljanje<br \/>\nNe morate biti tehni\u010dki genije ili elektri\u010dar da biste kontrolirali i automatizirali svoje priklju\u010dene ure\u0111aje. Sve \u0161to vam je zapravo potrebno je pametna uti\u010dnica i va\u0161 Wi-Fi ruter. Na\u0161a intuitivna aplikacija \u0107e vam dati mogu\u0107nost daljinskog i automatskog uklju\u010divanja i isklju\u010divanja ure\u0111aja. Mo\u017ee \u010dak raditi u vezi sa sistemima glasovne kontrole kao \u0161to su Amazon Alexa ili Google Home.<\/p>\n<p>Ovi super-tanki ure\u0111aji su dizajnirani da izbjegnu uobi\u010dajeni problem pametnih utika\u010da koji blokiraju susjedne uti\u010dnice &#8211; na\u0161i utika\u010di su pametni i vitki za va\u0161u udobnost.<br \/>\nPostavite vremenske rasporede za uti\u010dnicu za uklju\u010divanje ure\u0111aja ili njihovo povezivanje s drugima kako biste kreirali ambijentalne scene koje se mogu aktivirati jednom komandom ili pritiskom na dugme.<\/p>\n<p>Pratite potro\u0161nju energije<br \/>\nNa prvi pogled identificirajte sve ure\u0111aje koji koriste prekomjernu snagu kako biste osigurali da \u017eivite u pametnom i energetski u\u010dinkovitom domu.<\/p>\n<p>Karakteristike<\/p>\n<p>\u2022 Mo\u017ee se koristiti kao samostalan proizvod ili se lako povezati sa drugim Nedis\u00ae SmartLife proizvodima<br \/>\n\u2022 Omogu\u0107ava daljinsko i automatizovano upravljanje<br \/>\n\u2022 Podr\u017eava glasovnu kontrolu &#8211; u kombinaciji sa Amazon Alexa ili Google Home<br \/>\n\u2022 Tanak dizajn &#8211; kako bi se osiguralo da susjedne uti\u010dnice nisu blokirane<\/p>\n<p>Specifikacije<br \/>\nBoja bijela<br \/>\nMaterijal Plastika<br \/>\nKompatibilan sa Nedis\u00ae SmartLife<br \/>\nBe\u017ei\u010dna tehnologija Wi-Fi<br \/>\nMjera\u010d snage Da<br \/>\nTe\u017eina 58 g<br \/>\nDubina 70 mm<br \/>\nMaksimalna snaga prenosa 14 dBm<br \/>\nFrekvencijski opseg prijenosa 2412-2472 MHz<br \/>\nUlazni napon 230 VAC<br \/>\nIzlazna snaga 2500 W<br \/>\nUlazna struja 10 A<br \/>\nAplikacija dostupna za Android&#x2122; IOS<br \/>\nUtika\u010d za napajanje tip F (CEE 7\/7)<br \/>\nRadna temperatura -10 &#8211; 40 \u00b0C<br \/>\n\u0160irina 46 mm<br \/>\nIzlazna struja 10 A<br \/>\nIzlazni priklju\u010dak(i) ure\u0111aja Utika\u010d sa kontaktom za uzemljenje \/ Tip F (CEE 7\/7)<br \/>\nVrsta uzemljenja Utika\u010d sa kontaktom uzemljenja<br \/>\nIzlazni napon 230 V AC<\/p>\n<p><a href=\"http:\/\/astehshop.com\/wp-content\/uploads\/2022\/04\/WIFIP110FWT-1.jpg\"><img decoding=\"async\" loading=\"lazy\" class=\"alignnone size-full wp-image-6218\" src=\"http:\/\/astehshop.com\/wp-content\/uploads\/2022\/04\/WIFIP110FWT-1.jpg\" alt=\"\" width=\"400\" height=\"400\" srcset=\"https:\/\/i0.wp.com\/astehshop.com\/wp-content\/uploads\/2022\/04\/WIFIP110FWT-1.jpg?w=400 400w, https:\/\/i0.wp.com\/astehshop.com\/wp-content\/uploads\/2022\/04\/WIFIP110FWT-1.jpg?resize=150%2C150 150w, https:\/\/i0.wp.com\/astehshop.com\/wp-content\/uploads\/2022\/04\/WIFIP110FWT-1.jpg?resize=300%2C300 300w, https:\/\/i0.wp.com\/astehshop.com\/wp-content\/uploads\/2022\/04\/WIFIP110FWT-1.jpg?resize=100%2C100 100w\" sizes=\"(max-width: 400px) 100vw, 400px\" \/><\/a><\/p>\n","protected":false},"featured_media":6217,"comment_status":"open","ping_status":"closed","template":"","meta":{"_mi_skip_tracking":false,"_exactmetrics_sitenote_active":false,"_exactmetrics_sitenote_note":"","_exactmetrics_sitenote_category":0,"spay_email":""},"product_cat":[4044,3480],"product_tag":[4055,4064,3542,4065,3493,4062,3486,4066,4063,4061],"brands":[],"df_price":50,"df_sale_price":"","df_regular_price":50,"df_image_link":"https:\/\/i2.wp.com\/astehshop.com\/wp-content\/uploads\/2022\/04\/WIFIP110FWT.jpg?fit=400%2C400","jetpack_publicize_connections":[],"jetpack_sharing_enabled":true,"jetpack_likes_enabled":true,"jetpack-related-posts":[{"id":6213,"url":"http:\/\/astehshop.com\/index.php\/product\/smartlife-wifi-smart-uticnica-ip44-kontrola-potrosnje-3680w\/","url_meta":{"origin":6216,"position":0},"title":"Smartlife WiFi Smart Uti\u010dnica | IP44 | Kontrola Potro\u0161nje | 3680W","date":"7. travnja 2022.","format":false,"excerpt":"Upravljajte bilo kojim vanjskim ure\u0111ajem na daljinu jednostavnim uklju\u010divanjem u ovu Nedis\u00ae be\u017ei\u010dnu pametnu uti\u010dnicu i povezivanjem s pametnim telefonom ili tabletom putem Wi-Fi interneta. Jednostavan za postavljanje Ne morate biti tehni\u010dki genij ili elektri\u010dar da biste kontrolirali i automatizirali svoje priklju\u010dene ure\u0111aje i ure\u0111aje. Sve \u0161to vam je zapravo\u2026","rel":"","context":"Srodne objave","img":{"alt_text":"","src":"https:\/\/i2.wp.com\/astehshop.com\/wp-content\/uploads\/2022\/04\/WIFIPO120FWT.jpg?fit=400%2C400&resize=350%2C200","width":350,"height":200},"classes":[]},{"id":6210,"url":"http:\/\/astehshop.com\/index.php\/product\/smartlife-wifi-smart-uticnica-ip44-3680w\/","url_meta":{"origin":6216,"position":1},"title":"Smartlife WiFi Smart Uti\u010dnica | IP44 | 3680W","date":"7. travnja 2022.","format":false,"excerpt":"Upravljajte bilo kojim vanjskim ure\u0111ajem na daljinu jednostavnim uklju\u010divanjem u ovu Nedis\u00ae be\u017ei\u010dnu pametnu uti\u010dnicu i povezivanjem s pametnim telefonom ili tabletom putem Wi-Fi interneta. Jednostavan za postavljanje Ne morate biti tehni\u010dki genij ili elektri\u010dar da biste kontrolirali i automatizirali svoje priklju\u010dene ure\u0111aje i ure\u0111aje. Sve \u0161to vam je zapravo\u2026","rel":"","context":"Srodne objave","img":{"alt_text":"","src":"https:\/\/i0.wp.com\/astehshop.com\/wp-content\/uploads\/2022\/04\/WIFIPO110FBK.jpg?fit=400%2C400&resize=350%2C200","width":350,"height":200},"classes":[]},{"id":11132,"url":"http:\/\/astehshop.com\/index.php\/product\/mini-smart-wi-fi-uticnica\/","url_meta":{"origin":6216,"position":2},"title":"Mini Smart Wi-Fi uti\u010dnica","date":"16. srpnja 2025.","format":false,"excerpt":"Mini Smart Wi-Fi uti\u010dnica TP-Link Tapo P115 1-pack Monitoring Energije, 100-240 V, Max Load 16A 3680W, 50\/60 Hz, 2.4 GHz Wi-Fi","rel":"","context":"Srodne objave","img":{"alt_text":"","src":"https:\/\/i2.wp.com\/astehshop.com\/wp-content\/uploads\/2025\/07\/0114849_tp-link-tapo-p1151-pack-mini-smart-wi-fi-socket-energy-monitoring-100-240-v-max-load-16-a-3680w-5060.jpeg?fit=900%2C900&resize=350%2C200","width":350,"height":200},"classes":[]},{"id":5678,"url":"http:\/\/astehshop.com\/index.php\/product\/wifi-led-sijalica-smarthome-e27-3-komada-kontrola-putem-telefona\/","url_meta":{"origin":6216,"position":3},"title":"WiFi Led Sijalica SmartHome e27 3 komada kontrola putem telefona","date":"5. prosinca 2021.","format":false,"excerpt":"Preuzmite kontrolu nad svojim svjetlima pomo\u0107u ove pametne \u017earulje koja se izravno povezuje s va\u0161im be\u017ei\u010dnim \/ Wi-Fi internetom, kako bi ponudila daljinsko upravljanje kao dio va\u0161eg sustava automatizacije ku\u0107e. Jednostavno postavljanje. Ne trebate biti tehni\u010dki genij ili elektri\u010dar za daljinsko upravljanje i automatizaciju va\u0161e rasvjete. Sve \u0161to vam zapravo\u2026","rel":"","context":"Srodne objave","img":{"alt_text":"","src":"https:\/\/i2.wp.com\/astehshop.com\/wp-content\/uploads\/2021\/12\/e-27-sijalica.jpg?fit=400%2C400&resize=350%2C200","width":350,"height":200},"classes":[]},{"id":10249,"url":"http:\/\/astehshop.com\/index.php\/product\/gree-mona-gph12ao-k5nna1d-prijenosna-klima\/","url_meta":{"origin":6216,"position":4},"title":"Gree Mona GPH12AO-K5NNA1D  prijenosna klima","date":"12. travnja 2025.","format":false,"excerpt":"Udobnost i prakti\u010dnost su klju\u010dni aspekti suvremenog \u017eivota, a GREE Mona GPH12AO-K5NNA1D (WiFi) prijenosni klima ure\u0111aj predstavlja savr\u0161eno rje\u0161enje za odr\u017eavanje \u017eeljene temperature u va\u0161em domu ili uredu. Ovaj inovativni ure\u0111aj nudi \u0161irok spektar mogu\u0107nosti, pru\u017eaju\u0107i vam potpunu kontrolu nad klimatizacijom prostora. Jedna od izvanrednih karakteristika GREE Mona klima ure\u0111aja\u2026","rel":"","context":"Srodne objave","img":{"alt_text":"","src":"https:\/\/i2.wp.com\/astehshop.com\/wp-content\/uploads\/2025\/04\/Prijenosna-klima-uredaj-GREE-Mona-GPH12AN-1-1.png?fit=990%2C1010&resize=350%2C200","width":350,"height":200},"classes":[]},{"id":6231,"url":"http:\/\/astehshop.com\/index.php\/product\/smarthome-wifi-zidni-prekidac-za-svjetlo-dvostruki-sifra-wifiws20wt\/","url_meta":{"origin":6216,"position":5},"title":"SmartHome | WiFi Zidni Prekida\u010d Za Svjetlo | Dvostruki \u0160ifra: WIFIWS20WT","date":"7. travnja 2022.","format":false,"excerpt":"Tradicionalni prekidaci za svjetlo postali su pametniji. Ovaj Smart Wall prekidac za svjetla dopusta Vam da iz daljine i automatski preuzmete kontrolu dva svjetla sa jednog, diskretnog prekidaca na zidu. Jednostavan za postavljanje Prekidac se moze koristiti za kontrolu svjetla jednostavno dodirom gumba na njemu. Takodjer, omogucava vam i da\u2026","rel":"","context":"Srodne objave","img":{"alt_text":"","src":"https:\/\/i2.wp.com\/astehshop.com\/wp-content\/uploads\/2022\/04\/WIFIWS20WT.jpg?fit=400%2C400&resize=350%2C200","width":350,"height":200},"classes":[]}],"_links":{"self":[{"href":"http:\/\/astehshop.com\/index.php\/wp-json\/wp\/v2\/product\/6216"}],"collection":[{"href":"http:\/\/astehshop.com\/index.php\/wp-json\/wp\/v2\/product"}],"about":[{"href":"http:\/\/astehshop.com\/index.php\/wp-json\/wp\/v2\/types\/product"}],"replies":[{"embeddable":true,"href":"http:\/\/astehshop.com\/index.php\/wp-json\/wp\/v2\/comments?post=6216"}],"wp:featuredmedia":[{"embeddable":true,"href":"http:\/\/astehshop.com\/index.php\/wp-json\/wp\/v2\/media\/6217"}],"wp:attachment":[{"href":"http:\/\/astehshop.com\/index.php\/wp-json\/wp\/v2\/media?parent=6216"}],"wp:term":[{"taxonomy":"product_cat","embeddable":true,"href":"http:\/\/astehshop.com\/index.php\/wp-json\/wp\/v2\/product_cat?post=6216"},{"taxonomy":"product_tag","embeddable":true,"href":"http:\/\/astehshop.com\/index.php\/wp-json\/wp\/v2\/product_tag?post=6216"}],"curies":[{"name":"wp","href":"https:\/\/api.w.org\/{rel}","templated":true}]}}