{"id":6105,"date":"2022-04-01T20:44:09","date_gmt":"2022-04-01T18:44:09","guid":{"rendered":"http:\/\/astehshop.com\/?post_type=product&#038;p=6105"},"modified":"2025-09-17T21:25:43","modified_gmt":"2025-09-17T19:25:43","slug":"bezicni-magnetni-kontakt-hikvision-ax-pro-ds-pdmcs-eg2-we","status":"publish","type":"product","link":"http:\/\/astehshop.com\/index.php\/product\/bezicni-magnetni-kontakt-hikvision-ax-pro-ds-pdmcs-eg2-we\/","title":{"rendered":"Be\u017ei\u010dni magnetni kontakt HikVision AX PRO DS-PDMCS-EG2-WE"},"content":{"rendered":"<div id=\"quickTab-description\" class=\"ui-tabs-panel ui-corner-bottom ui-widget-content\" role=\"tabpanel\" aria-labelledby=\"ui-id-1\" aria-hidden=\"false\">\n<div class=\"full-description\">\n<ul>\n<li>dvosmjerna komunikacija, 868MHz<\/li>\n<li>Pijenos signala na otvorenom prostoru : 1.2km<\/li>\n<\/ul>\n<\/div>\n<\/div>\n","protected":false},"excerpt":{"rendered":"<div id=\"quickTab-description\" class=\"ui-tabs-panel ui-corner-bottom ui-widget-content\" role=\"tabpanel\" aria-labelledby=\"ui-id-1\" aria-hidden=\"false\">\n<div class=\"full-description\">\n<ul>\n<li>dvosmjerna komunikacija, 868MHz<\/li>\n<li>Pijenos signala na otvorenom prostoru : 1.2km<\/li>\n<\/ul>\n<\/div>\n<\/div>\n","protected":false},"featured_media":6106,"comment_status":"open","ping_status":"closed","template":"","meta":{"_mi_skip_tracking":false,"_exactmetrics_sitenote_active":false,"_exactmetrics_sitenote_note":"","_exactmetrics_sitenote_category":0,"spay_email":""},"product_cat":[3942],"product_tag":[3944,2175,921,3946,377],"brands":[{"id":2044,"name":"HikVision","slug":"hikvision"}],"df_price":"","df_sale_price":"","df_regular_price":"","df_image_link":"https:\/\/i2.wp.com\/astehshop.com\/wp-content\/uploads\/2022\/04\/DS-PDMCS-EG2-WE.jpg?fit=300%2C286","jetpack_publicize_connections":[],"jetpack_sharing_enabled":true,"jetpack_likes_enabled":true,"jetpack-related-posts":[{"id":6114,"url":"http:\/\/astehshop.com\/index.php\/product\/hikvision-ax-pro-bezicna-prenosna-panik-tipka-taster-ds-pdebp1-eg2-we\/","url_meta":{"origin":6105,"position":0},"title":"HikVision AX PRO be\u017ei\u010dna prenosna panik tipka taster DS- PDEBP1-EG2-we","date":"1. travnja 2022.","format":false,"excerpt":"dvosmjerna 868MHz komunikacija IP54 za\u0161tita do 1km na otvorenom prostoru 3 godine \u017eivota baterije","rel":"","context":"Srodne objave","img":{"alt_text":"","src":"https:\/\/i1.wp.com\/astehshop.com\/wp-content\/uploads\/2022\/04\/dvosmjerna-868MHz-komunikacija.png?fit=700%2C394&resize=350%2C200","width":350,"height":200},"classes":[]},{"id":6128,"url":"http:\/\/astehshop.com\/index.php\/product\/bezicni-citac-kartica-hikvision-ax-pro-ds-pt1-we\/","url_meta":{"origin":6105,"position":1},"title":"Be\u017ei\u010dni \u010dita\u010d kartica HikVision AX PRO DS-PT1-WE","date":"1. travnja 2022.","format":false,"excerpt":"868MHz dvosmjerna komunikacija AES-128 enkripcija prednji i stra\u017eni tamper do 1200m (u otvorenom prostoru) AA baterije x3kom dimenzije : 75x124x21mm","rel":"","context":"Srodne objave","img":{"alt_text":"","src":"https:\/\/i1.wp.com\/astehshop.com\/wp-content\/uploads\/2022\/04\/DS-PT1-WE.png?fit=678%2C381&resize=350%2C200","width":350,"height":200},"classes":[]},{"id":6136,"url":"http:\/\/astehshop.com\/index.php\/product\/hikvision-ax-pro-daljinski-upravljac-sa-4-tipke-ds-pkf1-we\/","url_meta":{"origin":6105,"position":2},"title":"HikVision AX PRO daljinski upravlja\u010d sa 4 tipke DS-PKF1-WE","date":"1. travnja 2022.","format":false,"excerpt":"868 MHz prijenos signala u otvorenom prostoru do 900m","rel":"","context":"Srodne objave","img":{"alt_text":"","src":"https:\/\/i2.wp.com\/astehshop.com\/wp-content\/uploads\/2022\/04\/DS-PKF1-WE.jpg?fit=800%2C600&resize=350%2C200","width":350,"height":200},"classes":[]},{"id":6122,"url":"http:\/\/astehshop.com\/index.php\/product\/bezicna-vanjska-sirena-hikvision-ax-pro-ds-ps1-e-we\/","url_meta":{"origin":6105,"position":3},"title":"Be\u017ei\u010dna vanjska sirena HikVision AX PRO DS-PS1-E-WE","date":"1. travnja 2022.","format":false,"excerpt":"dvosmjerna 868MHz komunikacija 3 godine \u017eivota baterije ja\u010dina : 110dB IP65 za\u0161tita","rel":"","context":"Srodne objave","img":{"alt_text":"","src":"https:\/\/i0.wp.com\/astehshop.com\/wp-content\/uploads\/2022\/04\/DS-PS1-E-WE.jpg?fit=1000%2C1000&resize=350%2C200","width":350,"height":200},"classes":[]},{"id":9752,"url":"http:\/\/astehshop.com\/index.php\/product\/ard1731-w2868-bezicni-detektor-sa-kamerom\/","url_meta":{"origin":6105,"position":4},"title":"ARD1731-W2(868) be\u017ei\u010dni detektor sa kamerom","date":"24. studenoga 2024.","format":false,"excerpt":"Kompatibilan samo sa Dahua be\u017ei\u010dnom centralom.RF\u2010HD signal prenosi 6slika u 10 sekundi.Rezolucija kamere 1600x1200, Cloud skladi\u0161tenje snimka do 7 dana.PIR senzor, Opseg dometa detektora: 12m\/86\u00b0(2.2m visina montiranja), Neosjetljiv na ku\u0107ne ljubimce do 18kg \"Pet Immunity\". Pode\u0161avanje osjetljivosti u tri nivoa, tamper za\u0161tita, provjera ja\u010dine signala, provjera nivoa baterije, daljinska konfiguracija,\u2026","rel":"","context":"Srodne objave","img":{"alt_text":"","src":"https:\/\/i0.wp.com\/astehshop.com\/wp-content\/uploads\/2024\/11\/ARD173.png?fit=400%2C400&resize=350%2C200","width":350,"height":200},"classes":[]},{"id":6116,"url":"http:\/\/astehshop.com\/index.php\/product\/bezicni-detektor-temperature-i-vlaznosti-hikvision-ax-pro-ds-pdtph-e-we\/","url_meta":{"origin":6105,"position":5},"title":"Be\u017ei\u010dni detektor temperature i vla\u017enosti HikVision AX PRO DS-PDTPH-E-WE","date":"1. travnja 2022.","format":false,"excerpt":"temperaturni senzor : -10\u00b0 do 55\u00b0 (samostoje\u0107i) temperaturni senzor : -35\u00b0 do 99\u00b0 (sa sondom) 2.7\u00b4\u00b4 display sa LED indikacijom 868Mhz dvosmjerna komunikacija napajanje : AAA baterije x2kom dimenzije : 62.6 x 62.6 x 18mm","rel":"","context":"Srodne objave","img":{"alt_text":"","src":"https:\/\/i2.wp.com\/astehshop.com\/wp-content\/uploads\/2022\/04\/DS-PDTPH-E-WE.jpg?fit=800%2C800&resize=350%2C200","width":350,"height":200},"classes":[]}],"_links":{"self":[{"href":"http:\/\/astehshop.com\/index.php\/wp-json\/wp\/v2\/product\/6105"}],"collection":[{"href":"http:\/\/astehshop.com\/index.php\/wp-json\/wp\/v2\/product"}],"about":[{"href":"http:\/\/astehshop.com\/index.php\/wp-json\/wp\/v2\/types\/product"}],"replies":[{"embeddable":true,"href":"http:\/\/astehshop.com\/index.php\/wp-json\/wp\/v2\/comments?post=6105"}],"wp:featuredmedia":[{"embeddable":true,"href":"http:\/\/astehshop.com\/index.php\/wp-json\/wp\/v2\/media\/6106"}],"wp:attachment":[{"href":"http:\/\/astehshop.com\/index.php\/wp-json\/wp\/v2\/media?parent=6105"}],"wp:term":[{"taxonomy":"product_cat","embeddable":true,"href":"http:\/\/astehshop.com\/index.php\/wp-json\/wp\/v2\/product_cat?post=6105"},{"taxonomy":"product_tag","embeddable":true,"href":"http:\/\/astehshop.com\/index.php\/wp-json\/wp\/v2\/product_tag?post=6105"}],"curies":[{"name":"wp","href":"https:\/\/api.w.org\/{rel}","templated":true}]}}