{"id":6104,"date":"2022-04-01T20:40:39","date_gmt":"2022-04-01T18:40:39","guid":{"rendered":"http:\/\/astehshop.com\/?post_type=product&#038;p=6104"},"modified":"2025-09-17T21:30:22","modified_gmt":"2025-09-17T19:30:22","slug":"bezicna-alarmna-centrala-ds-pwa96-m-we-hikvision-ax-pro","status":"publish","type":"product","link":"http:\/\/astehshop.com\/index.php\/product\/bezicna-alarmna-centrala-ds-pwa96-m-we-hikvision-ax-pro\/","title":{"rendered":"Be\u017ei\u010dna alarmna centrala DS-PWA96-M-WE HikVision AX PRO"},"content":{"rendered":"<div id=\"tab-description\" class=\"woocommerce-Tabs-panel woocommerce-Tabs-panel--description panel entry-content wc-tab\" role=\"tabpanel\" aria-labelledby=\"tab-title-description\">\n<h2>HikVision DS-PWA96-M-WE<\/h2>\n<p>&nbsp;<\/p>\n<p>\u2022 Tehnolo\u0161ka posebnost:<br \/>\nLAN+WIFI+3G\/4G+868MHz<br \/>\nEN50131 Grade 2<br \/>\n\u2022 Broj zona : 96<br \/>\n\u2022 Be\u017ei\u010dni ulazi\/izlazi: 96<br \/>\n\u2022 PIR kamera: Da<br \/>\n\u2022 Be\u017ei\u010dne tipkovnice i \u010dita\u010di : 8\/8<br \/>\n\u2022 Daljinski upravlja\u010di : 48<br \/>\n\u2022 Be\u017ei\u010dna sirena: 6<br \/>\n\u2022 Privjesak\/transponder : 48<br \/>\n\u2022 LAN port WIFI : Da<br \/>\n\u2022 GPRS : Ne<br \/>\n\u2022 SIM : 1<br \/>\n\u2022 Napajanje \/ back up : Ugra\u0111eno \/ litijska baterija<br \/>\n4520 mA<\/p>\n<\/div>\n","protected":false},"excerpt":{"rendered":"<div id=\"tab-description\" class=\"woocommerce-Tabs-panel woocommerce-Tabs-panel--description panel entry-content wc-tab\" role=\"tabpanel\" aria-labelledby=\"tab-title-description\">\n<h2>HikVision DS-PWA96-M-WE<\/h2>\n<p>&nbsp;<\/p>\n<p>\u2022 Tehnolo\u0161ka posebnost:<br \/>\nLAN+WIFI+3G\/4G+868MHz<br \/>\nEN50131 Grade 2<br \/>\n\u2022 Broj zona : 96<br \/>\n\u2022 Be\u017ei\u010dni ulazi\/izlazi: 96<br \/>\n\u2022 PIR kamera: Da<br \/>\n\u2022 Be\u017ei\u010dne tipkovnice i \u010dita\u010di : 8\/8<br \/>\n\u2022 Daljinski upravlja\u010di : 48<br \/>\n\u2022 Be\u017ei\u010dna sirena: 6<br \/>\n\u2022 Privjesak\/transponder : 48<br \/>\n\u2022 LAN port WIFI : Da<br \/>\n\u2022 GPRS : Ne<br \/>\n\u2022 SIM : 1<br \/>\n\u2022 Napajanje \/ back up : Ugra\u0111eno \/ litijska baterija<br \/>\n4520 mA<\/p>\n<\/div>\n","protected":false},"featured_media":6103,"comment_status":"open","ping_status":"closed","template":"","meta":{"_mi_skip_tracking":false,"_exactmetrics_sitenote_active":false,"_exactmetrics_sitenote_note":"","_exactmetrics_sitenote_category":0,"spay_email":""},"product_cat":[3942],"product_tag":[3944,3945,377],"brands":[{"id":2044,"name":"HikVision","slug":"hikvision"}],"df_price":"","df_sale_price":"","df_regular_price":"","df_image_link":"https:\/\/i1.wp.com\/astehshop.com\/wp-content\/uploads\/2022\/04\/DS-PWA64-L-WE.png?fit=450%2C450","jetpack_publicize_connections":[],"jetpack_sharing_enabled":true,"jetpack_likes_enabled":true,"jetpack-related-posts":[{"id":6122,"url":"http:\/\/astehshop.com\/index.php\/product\/bezicna-vanjska-sirena-hikvision-ax-pro-ds-ps1-e-we\/","url_meta":{"origin":6104,"position":0},"title":"Be\u017ei\u010dna vanjska sirena HikVision AX PRO DS-PS1-E-WE","date":"1. travnja 2022.","format":false,"excerpt":"dvosmjerna 868MHz komunikacija 3 godine \u017eivota baterije ja\u010dina : 110dB IP65 za\u0161tita","rel":"","context":"Srodne objave","img":{"alt_text":"","src":"https:\/\/i0.wp.com\/astehshop.com\/wp-content\/uploads\/2022\/04\/DS-PS1-E-WE.jpg?fit=1000%2C1000&resize=350%2C200","width":350,"height":200},"classes":[]},{"id":7162,"url":"http:\/\/astehshop.com\/index.php\/product\/hikvision-kompletan-bezicni-alarm-set-ds-pwa64-kit-we-sa-vanjskom-wifi-sirenom\/","url_meta":{"origin":6104,"position":1},"title":"HikVision kompletan be\u017ei\u010dni alarm set DS-PWA64-KIT-WE sa vanjskom WIFI sirenom","date":"25. sije\u010dnja 2023.","format":false,"excerpt":"AX PRO be\u017ei\u010dni alarmni set. 1 x alarmna centrala DS-PWA64-L-WE 1 x Be\u017ei\u010dni PIR detektor DS-PDP15P-EG2-WE, 1 x be\u017ei\u010dni magnetni kontakt 1 x daljinski upravlja\u010d 1 x vanjska sirena\u00a0 DS-PS1-E-WE ( vijek baterije blizu 3 godine, 3 tipa zvuka * po\u017ear, panik, upad, 110 dB, tamper, dolazi sa baterijama\u00a0 )\u2026","rel":"","context":"Srodne objave","img":{"alt_text":"","src":"https:\/\/i1.wp.com\/astehshop.com\/wp-content\/uploads\/2023\/01\/hik-alarm-i-vanjska-sirena.jpg?fit=1200%2C953&resize=350%2C200","width":350,"height":200},"classes":[]},{"id":7164,"url":"http:\/\/astehshop.com\/index.php\/product\/hikvision-kompletan-bezicni-alarm-set-ds-pwa64-kit-we-sa-vanjskom-wifi-sirenom-tastatura\/","url_meta":{"origin":6104,"position":2},"title":"HikVision kompletan be\u017ei\u010dni alarm set DS-PWA64-KIT-WE sa vanjskom WIFI sirenom + tastatura","date":"25. sije\u010dnja 2023.","format":false,"excerpt":"AX PRO be\u017ei\u010dni alarmni set. 1 x alarmna centrala DS-PWA64-L-WE 1 x Be\u017ei\u010dni PIR detektor DS-PDP15P-EG2-WE, 1 x be\u017ei\u010dni magnetni kontakt 1 x daljinski upravlja\u010d 1 x vanjska sirena\u00a0 DS-PS1-E-WE ( vijek baterije blizu 3 godine, 3 tipa zvuka * po\u017ear, panik, upad, 110 dB, tamper, dolazi sa baterijama\u00a0 )\u2026","rel":"","context":"Srodne objave","img":{"alt_text":"","src":"https:\/\/i1.wp.com\/astehshop.com\/wp-content\/uploads\/2023\/01\/hik-set-2-sa-sirenom-vanjskom-i-tastaturom.jpg?fit=1200%2C953&resize=350%2C200","width":350,"height":200},"classes":[]},{"id":7160,"url":"http:\/\/astehshop.com\/index.php\/product\/hikvision-kompletan-bezicni-alarm-set-ds-pwa64-kit-we-start\/","url_meta":{"origin":6104,"position":3},"title":"HikVision kompletan be\u017ei\u010dni alarm set DS-PWA64-KIT-WE START","date":"24. sije\u010dnja 2023.","format":false,"excerpt":"AX PRO be\u017ei\u010dni alarmni set. U setu dolazi centrala DS-PWA64-L-WE, Be\u017ei\u010dni PIR detektor DS-PDP15P-EG2-WE, be\u017ei\u010dni magnetni kontakt i daljinski upravlja\u010d. Podr\u017eava LAN, Wi-Fi, GPRS, 868 MHz Dvosmjerna be\u017ei\u010dna komunikacija, AES-128 enkripcija, veliki domet, video verifikacija zone u alarmu, Lak za programiranje putem aplikacije Hik-connect i Hik Pro-Connect. Be\u017ei\u010dne zone\/izlazi: do\u2026","rel":"","context":"Srodne objave","img":{"alt_text":"","src":"https:\/\/i1.wp.com\/astehshop.com\/wp-content\/uploads\/2023\/01\/hikvisin-set-sa-1-senzorom.jpg?fit=1200%2C953&resize=350%2C200","width":350,"height":200},"classes":[]},{"id":7166,"url":"http:\/\/astehshop.com\/index.php\/product\/hikvision-kompletan-bezicni-alarm-set-ds-pwa64-kit-we-sa-vanjskom-wifi-sirenom-tastatura-2\/","url_meta":{"origin":6104,"position":4},"title":"HikVision kompletan be\u017ei\u010dni alarm set DS-PWA64-KIT-WE sa vanjskom WIFI sirenom + tastatura","date":"25. sije\u010dnja 2023.","format":false,"excerpt":"AX PRO be\u017ei\u010dni alarmni set. 1 x alarmna centrala DS-PWA64-L-WE 2 x Be\u017ei\u010dni PIR detektor DS-PDP15P-EG2-WE, 1 x be\u017ei\u010dni magnetni kontakt 1 x daljinski upravlja\u010d 1 x vanjska sirena\u00a0 DS-PS1-E-WE ( vijek baterije blizu 3 godine, 3 tipa zvuka * po\u017ear, panik, upad, 110 dB, tamper, dolazi sa baterijama\u00a0 )\u2026","rel":"","context":"Srodne objave","img":{"alt_text":"","src":"https:\/\/i0.wp.com\/astehshop.com\/wp-content\/uploads\/2023\/01\/komplet-sa-2-senzora.jpg?fit=1200%2C953&resize=350%2C200","width":350,"height":200},"classes":[]},{"id":6102,"url":"http:\/\/astehshop.com\/index.php\/product\/bezicna-alarmna-centrala-hikvision-ds-pwa64-l-we-ax-pro\/","url_meta":{"origin":6104,"position":5},"title":"Be\u017ei\u010dna alarmna centrala HikVision DS-PWA64-L-WE AX PRO","date":"1. travnja 2022.","format":false,"excerpt":"TCP\/IP, Wi-Fi, GPRS dvosmjerna komunikacija sa AES-128 enkripcijom do 64 zone, 8 tipkovnica, 4 sirene 4520 mAh baterija Contact ID i SIA protokol","rel":"","context":"Srodne objave","img":{"alt_text":"","src":"https:\/\/i1.wp.com\/astehshop.com\/wp-content\/uploads\/2022\/04\/DS-PWA64-L-WE.png?fit=800%2C800&resize=350%2C200","width":350,"height":200},"classes":[]}],"_links":{"self":[{"href":"http:\/\/astehshop.com\/index.php\/wp-json\/wp\/v2\/product\/6104"}],"collection":[{"href":"http:\/\/astehshop.com\/index.php\/wp-json\/wp\/v2\/product"}],"about":[{"href":"http:\/\/astehshop.com\/index.php\/wp-json\/wp\/v2\/types\/product"}],"replies":[{"embeddable":true,"href":"http:\/\/astehshop.com\/index.php\/wp-json\/wp\/v2\/comments?post=6104"}],"wp:featuredmedia":[{"embeddable":true,"href":"http:\/\/astehshop.com\/index.php\/wp-json\/wp\/v2\/media\/6103"}],"wp:attachment":[{"href":"http:\/\/astehshop.com\/index.php\/wp-json\/wp\/v2\/media?parent=6104"}],"wp:term":[{"taxonomy":"product_cat","embeddable":true,"href":"http:\/\/astehshop.com\/index.php\/wp-json\/wp\/v2\/product_cat?post=6104"},{"taxonomy":"product_tag","embeddable":true,"href":"http:\/\/astehshop.com\/index.php\/wp-json\/wp\/v2\/product_tag?post=6104"}],"curies":[{"name":"wp","href":"https:\/\/api.w.org\/{rel}","templated":true}]}}