{"id":5959,"date":"2022-02-13T11:58:49","date_gmt":"2022-02-13T10:58:49","guid":{"rendered":"http:\/\/astehshop.com\/?post_type=product&#038;p=5959"},"modified":"2022-02-13T11:58:49","modified_gmt":"2022-02-13T10:58:49","slug":"jablotron-ja-106kr-centrala","status":"publish","type":"product","link":"http:\/\/astehshop.com\/index.php\/product\/jablotron-ja-106kr-centrala\/","title":{"rendered":"Jablotron JA-106KR centrala"},"content":{"rendered":"<p>JA-106KR centrala centrala za protivprovalni, protivpo\u017earni, protivpoplavni sistem + sistem pametne ku\u0107e * Besplatan Cloud, SMS i Push Up obave\u0161tenja * Kontrola preko aplikacije, ra\u010dunara ili tastature * Auto-dijagnostika, ta\u010dan prikaz stanja baterija, GSM i RF signala * LAN i GSM konekcija * do 120 be\u017ei\u010dnih ili BUS adresa * do 300 korisnika * 15 particija * do 32 PG izlaza *<\/p>\n<p>&nbsp;<\/p>\n<p>&nbsp;<\/p>\n<p>&nbsp;<\/p>\n<p>Tako\u0111e nudi fleksibilno rje\u0161enje za za\u0161titu stambenih kompleksa, poslovnih zgrada i poduze\u0107a kojima je potreban sistem s mnogim odjeljcima. \u017deljene postavke i veli\u010dina sistema se programiraju putem softvera F-link.<\/p>\n<p>JA-106K nudi:<\/p>\n<p>-do 120 autobusnih ili be\u017ei\u010dnih zona<br \/>\n-do 300 korisni\u010dkih kodova<br \/>\n-do 15 sekcija<br \/>\n-do 32 programabilna izlaza<br \/>\n-20 nezavisnih kalendara<br \/>\n-SMS izvje\u0161taji sa sistema 30 korisnika<br \/>\n-15 korisnika ima mogu\u0107nost kori\u0161tenja SMS-a i glasovnih izvje\u0161taja<br \/>\n-5 ARC-a<br \/>\n-5 opcionalnih protokola za ARC<\/p>\n<p>Plo\u010da ima ugra\u0111eni GSM \/ GPRS \/ LAN Messenger, koji omogu\u0107ava glasovnu, SMS ili GPRS komunikaciju sa krajnjim korisnicima ili ARC centrima. Opremljena je memorijskom karticom od 1 GB za pohranu podataka o doga\u0111ajima, glasovnim porukama, spremanje slika itd.<\/p>\n<p>Upravlja\u010dka plo\u010da ima:<\/p>\n<p>dva nezavisna BUS terminala za povezivanje<br \/>\n-1 konektor za ugra\u0111eni radio modul (JA-111R)<br \/>\n-1 konektor za PSTN komunikacijski modul (JA-190x)<\/p>\n","protected":false},"excerpt":{"rendered":"<p>JA-106KR centrala centrala za protivprovalni, protivpo\u017earni, protivpoplavni sistem + sistem pametne ku\u0107e * Besplatan Cloud, SMS i Push Up obave\u0161tenja * Kontrola preko aplikacije, ra\u010dunara ili tastature * Auto-dijagnostika, ta\u010dan prikaz stanja baterija, GSM i RF signala * LAN i GSM konekcija * do 120 be\u017ei\u010dnih ili BUS adresa * do 300 korisnika * 15 particija * do 32 PG izlaza *<\/p>\n<p>&nbsp;<\/p>\n<p>&nbsp;<\/p>\n<p>&nbsp;<\/p>\n<p>Tako\u0111e nudi fleksibilno rje\u0161enje za za\u0161titu stambenih kompleksa, poslovnih zgrada i poduze\u0107a kojima je potreban sistem s mnogim odjeljcima. \u017deljene postavke i veli\u010dina sistema se programiraju putem softvera F-link.<\/p>\n<p>JA-106K nudi:<\/p>\n<p>-do 120 autobusnih ili be\u017ei\u010dnih zona<br \/>\n-do 300 korisni\u010dkih kodova<br \/>\n-do 15 sekcija<br \/>\n-do 32 programabilna izlaza<br \/>\n-20 nezavisnih kalendara<br \/>\n-SMS izvje\u0161taji sa sistema 30 korisnika<br \/>\n-15 korisnika ima mogu\u0107nost kori\u0161tenja SMS-a i glasovnih izvje\u0161taja<br \/>\n-5 ARC-a<br \/>\n-5 opcionalnih protokola za ARC<\/p>\n<p>Plo\u010da ima ugra\u0111eni GSM \/ GPRS \/ LAN Messenger, koji omogu\u0107ava glasovnu, SMS ili GPRS komunikaciju sa krajnjim korisnicima ili ARC centrima. Opremljena je memorijskom karticom od 1 GB za pohranu podataka o doga\u0111ajima, glasovnim porukama, spremanje slika itd.<\/p>\n<p>Upravlja\u010dka plo\u010da ima:<\/p>\n<p>dva nezavisna BUS terminala za povezivanje<br \/>\n-1 konektor za ugra\u0111eni radio modul (JA-111R)<br \/>\n-1 konektor za PSTN komunikacijski modul (JA-190x)<\/p>\n","protected":false},"featured_media":5960,"comment_status":"open","ping_status":"closed","template":"","meta":{"_mi_skip_tracking":false,"_exactmetrics_sitenote_active":false,"_exactmetrics_sitenote_note":"","_exactmetrics_sitenote_category":0,"spay_email":""},"product_cat":[142],"product_tag":[3840,3622,3623],"brands":[{"id":3620,"name":"Jablotron","slug":"jablotron"}],"df_price":"","df_sale_price":"","df_regular_price":"","df_image_link":"https:\/\/i1.wp.com\/astehshop.com\/wp-content\/uploads\/2022\/02\/JA-106KR-centrala.png?fit=450%2C427","jetpack_publicize_connections":[],"jetpack_sharing_enabled":true,"jetpack_likes_enabled":true,"jetpack-related-posts":[{"id":5957,"url":"http:\/\/astehshop.com\/index.php\/product\/jablotron-ja-103k-centrala\/","url_meta":{"origin":5959,"position":0},"title":"Jablotron JA-103K centrala","date":"13. velja\u010de 2022.","format":false,"excerpt":"JA-103K centrala za protivprovalni, protivpo\u017earni, protivpoplavni sistem + sistem pametne ku\u0107e * Besplatan Cloud, SMS i Push Up obave\u0161tenja * Kontrola preko aplikacije, ra\u010dunara ili tastature * Memorija na serveru i u SD kartici (do7 miliona doga\u0111aja), Auto-dijagnostika, ta\u010dan prikaz stanja baterija * LAN konekcija * Konektor za dodavanje GSM\u2026","rel":"","context":"Srodne objave","img":{"alt_text":"","src":"https:\/\/i0.wp.com\/astehshop.com\/wp-content\/uploads\/2022\/02\/JA-103K-centrala.png?fit=600%2C569&resize=350%2C200","width":350,"height":200},"classes":[]},{"id":5955,"url":"http:\/\/astehshop.com\/index.php\/product\/jablotron-ja-100k-centrala\/","url_meta":{"origin":5959,"position":1},"title":"Jablotron JA-100K centrala","date":"13. velja\u010de 2022.","format":false,"excerpt":"JA-100K centrala -Protivprovalni, protivpo\u017earni, protivpoplavni sistem + sistem pametne ku\u0107e * Besplatan Cloud, SMS i Push Up obave\u0161tenja * Kontrola preko aplikacije, ra\u010dunara ili tastature * Auto-dijagnostika, ta\u010dan prikaz stanja baterija * LAN konekcija * do 32 BUS adrese * do 32 korisnika * 4 particije * SMS i glasovni\u2026","rel":"","context":"Srodne objave","img":{"alt_text":"","src":"https:\/\/i0.wp.com\/astehshop.com\/wp-content\/uploads\/2022\/02\/JA-100K-centrala.png?fit=600%2C569&resize=350%2C200","width":350,"height":200},"classes":[]},{"id":5946,"url":"http:\/\/astehshop.com\/index.php\/product\/jablotron-ja-100kr-centrala\/","url_meta":{"origin":5959,"position":2},"title":"Jablotron JA-100KR centrala","date":"13. velja\u010de 2022.","format":false,"excerpt":"JA-100KR centrala - Be\u017ei\u010dni protivprovalni, protivpo\u017earni, protivpoplavni sistem + sistem pametne ku\u0107e * Besplatan Cloud, SMS i Push Up obave\u0161tenja * Kontrola preko aplikacije, ra\u010dunara ili tastature * Memorija na serveru i u SD kartici (do7 miliona doga\u0111aja) * Auto-dijagnostika, ta\u010dan prikaz stanja baterija, GSM i RF signala * LAN\u2026","rel":"","context":"Srodne objave","img":{"alt_text":"","src":"https:\/\/i0.wp.com\/astehshop.com\/wp-content\/uploads\/2022\/02\/JA-100KR-centrala.png?fit=600%2C569&resize=350%2C200","width":350,"height":200},"classes":[]},{"id":5787,"url":"http:\/\/astehshop.com\/index.php\/product\/jablotron-ja-14k-centrala-na-bus\/","url_meta":{"origin":5959,"position":3},"title":"Jablotron JA-14K centrala na BUS","date":"9. sije\u010dnja 2022.","format":false,"excerpt":"JA-14K centrala za moderan protivprovalni, protivpo\u017earni, protivpoplavni sistem * Kontrola preko cloud-a: aplikacija, ra\u010dunarr ili tastatura * Memorija za do7 miliona doga\u0111aja (interno i na serveru) * Auto-dijagnostika, prikaz baterija * LAN konekcija * do 32 \u017ei\u010dne adrese * do 16 korisnika * 4 particije * do 4 PG izlaza\u2026","rel":"","context":"Srodne objave","img":{"alt_text":"","src":"https:\/\/i2.wp.com\/astehshop.com\/wp-content\/uploads\/2022\/01\/JA-14K-centrala-na-BUS.jpg?fit=600%2C600&resize=350%2C200","width":350,"height":200},"classes":[]},{"id":5778,"url":"http:\/\/astehshop.com\/index.php\/product\/jablotron-jk-xsja10i-set-lite-bezicni-set\/","url_meta":{"origin":5959,"position":4},"title":"Jablotron JK-XSJA10I-SET LITE be\u017ei\u010dni set","date":"9. sije\u010dnja 2022.","format":false,"excerpt":"JA-14KR be\u017ei\u010dna cloud centrala, JA-15E be\u017ei\u010dna tastatura, JA-15P be\u017ei\u010dni PIR detektor, JA-10A \u017ei\u010dna unutra\u0161nja sirena i JA-192J privezak RFID * Kontrola preko cloud-a: aplikacija, ra\u010dunarr ili tastatura * Memorija za do7 miliona doga\u0111aja (interno i na serveru) * Auto-dijagnostika, prikaz baterija i radio signala (opciono i GSM) * LAN konekcija\u2026","rel":"","context":"Srodne objave","img":{"alt_text":"","src":"https:\/\/i1.wp.com\/astehshop.com\/wp-content\/uploads\/2022\/01\/JK-XSJA10I-SET-LITE.jpg?fit=844%2C798&resize=350%2C200","width":350,"height":200},"classes":[]},{"id":4531,"url":"http:\/\/astehshop.com\/index.php\/product\/alarmna-centrala-bezicnog-sistema-crne-boje-ajax-hub-bl\/","url_meta":{"origin":5959,"position":5},"title":"Alarmna centrala be\u017ei\u010dnog sistema crne boje AJAX-HUB-BL","date":"4. svibnja 2020.","format":false,"excerpt":"AJAX-HUB-BL \u00a0 Model: AJAX Hub BL Centralna jedinica (HUB) be\u017ei\u010dnog protuprovalnog sustava sa integriranim LAN i GSM\/GPRS komunikatorom, omogu\u0107eno dodavanje i rad do 100 be\u017ei\u010dnih ure\u0111aja, max 50 korisnika. Ugra\u0111ena back-up baterija. Crne boje, Modularna izvedba, 99 ugra\u0111enih be\u017ei\u010dnih zona, 9 Particija, Be\u017ei\u010dna frekvencija 868MHz, Dvosmjerna be\u017ei\u010dna komunikacija, Automatsko prijavljivanje\u2026","rel":"","context":"Srodne objave","img":{"alt_text":"","src":"https:\/\/i2.wp.com\/astehshop.com\/wp-content\/uploads\/2020\/05\/AJAX-HUB-BL.png?fit=864%2C520&resize=350%2C200","width":350,"height":200},"classes":[]}],"_links":{"self":[{"href":"http:\/\/astehshop.com\/index.php\/wp-json\/wp\/v2\/product\/5959"}],"collection":[{"href":"http:\/\/astehshop.com\/index.php\/wp-json\/wp\/v2\/product"}],"about":[{"href":"http:\/\/astehshop.com\/index.php\/wp-json\/wp\/v2\/types\/product"}],"replies":[{"embeddable":true,"href":"http:\/\/astehshop.com\/index.php\/wp-json\/wp\/v2\/comments?post=5959"}],"wp:featuredmedia":[{"embeddable":true,"href":"http:\/\/astehshop.com\/index.php\/wp-json\/wp\/v2\/media\/5960"}],"wp:attachment":[{"href":"http:\/\/astehshop.com\/index.php\/wp-json\/wp\/v2\/media?parent=5959"}],"wp:term":[{"taxonomy":"product_cat","embeddable":true,"href":"http:\/\/astehshop.com\/index.php\/wp-json\/wp\/v2\/product_cat?post=5959"},{"taxonomy":"product_tag","embeddable":true,"href":"http:\/\/astehshop.com\/index.php\/wp-json\/wp\/v2\/product_tag?post=5959"}],"curies":[{"name":"wp","href":"https:\/\/api.w.org\/{rel}","templated":true}]}}