{"id":5940,"date":"2022-01-31T19:43:48","date_gmt":"2022-01-31T18:43:48","guid":{"rendered":"http:\/\/astehshop.com\/?post_type=product&#038;p=5940"},"modified":"2022-01-31T19:43:49","modified_gmt":"2022-01-31T18:43:49","slug":"kutija-baza-za-kameru-pfa136","status":"publish","type":"product","link":"http:\/\/astehshop.com\/index.php\/product\/kutija-baza-za-kameru-pfa136\/","title":{"rendered":"Kutija baza za kameru PFA136"},"content":{"rendered":"<p>Kutija baza za kameru PFA136<\/p>\n","protected":false},"excerpt":{"rendered":"<p>Kutija baza za kameru PFA136<\/p>\n","protected":false},"featured_media":5941,"comment_status":"open","ping_status":"closed","template":"","meta":{"_mi_skip_tracking":false,"_exactmetrics_sitenote_active":false,"_exactmetrics_sitenote_note":"","_exactmetrics_sitenote_category":0,"spay_email":""},"product_cat":[1972],"product_tag":[3818,3819,3820,2625,3817],"brands":[{"id":2045,"name":"Dahua","slug":"dahua"}],"df_price":22,"df_sale_price":"","df_regular_price":22,"df_image_link":"https:\/\/i1.wp.com\/astehshop.com\/wp-content\/uploads\/2022\/01\/pfa136.png?fit=300%2C300","jetpack_publicize_connections":[],"jetpack_sharing_enabled":true,"jetpack_likes_enabled":true,"jetpack-related-posts":[{"id":5938,"url":"http:\/\/astehshop.com\/index.php\/product\/kutija-baza-za-kameru-pfa135\/","url_meta":{"origin":5940,"position":0},"title":"Kutija baza za kameru PFA135","date":"31. sije\u010dnja 2022.","format":false,"excerpt":"Kutija baza za kameru PFA135","rel":"","context":"Srodne objave","img":{"alt_text":"","src":"https:\/\/i1.wp.com\/astehshop.com\/wp-content\/uploads\/2022\/01\/PFA135.png?fit=600%2C600&resize=350%2C200","width":350,"height":200},"classes":[]},{"id":6079,"url":"http:\/\/astehshop.com\/index.php\/product\/plasticna-nadgradna-kutija-za-kamere-rbox-odgovara-za-sve-modele-kamera\/","url_meta":{"origin":5940,"position":1},"title":"Plasti\u010dna nadgradna kutija za kamere RBOX &#8211; odgovara za sve modele kamera","date":"20. velja\u010de 2022.","format":false,"excerpt":"Ova kutija ja odli\u010dna za za\u0161titu konektora i kablova od kamere od ki\u0161e, vremenskih neprilika kao i naleta vjetra. Dobar kvalitet dolazi od dobrih materijala. Transparetna. Odli\u010dan dizajn odgovara za sve modele kamera. Boja prljavo bijela \u00a0","rel":"","context":"Srodne objave","img":{"alt_text":"","src":"https:\/\/i2.wp.com\/astehshop.com\/wp-content\/uploads\/2022\/02\/rbox.jpg?fit=500%2C500&resize=350%2C200","width":350,"height":200},"classes":[]},{"id":7693,"url":"http:\/\/astehshop.com\/index.php\/product\/dahua-baza-pfa130-e\/","url_meta":{"origin":5940,"position":2},"title":"Dahua baza PFA130-E","date":"9. svibnja 2023.","format":false,"excerpt":">Neat & Integrated design >Material: Aluminum >IP66 junction box","rel":"","context":"Srodne objave","img":{"alt_text":"","src":"https:\/\/i0.wp.com\/astehshop.com\/wp-content\/uploads\/2023\/05\/PFA130-E_thumb.png?fit=400%2C400&resize=350%2C200","width":350,"height":200},"classes":[]},{"id":6902,"url":"http:\/\/astehshop.com\/index.php\/product\/vivotek-vodootporna-kutija-am-71c\/","url_meta":{"origin":5940,"position":3},"title":"Vivotek vodootporna kutija AM-71C","date":"2. prosinca 2022.","format":false,"excerpt":"Podr\u017eani modeli:FD9360-H, FD9380-H, IT9360-H, IT9380-H, IB9360-H, IB9368-HT, IB9380-H, IB9388-HT, IB9389-EH(T)-v2","rel":"","context":"Srodne objave","img":{"alt_text":"","src":"https:\/\/i2.wp.com\/astehshop.com\/wp-content\/uploads\/2022\/12\/am-71c.png?fit=456%2C460&resize=350%2C200","width":350,"height":200},"classes":[]},{"id":4736,"url":"http:\/\/astehshop.com\/index.php\/product\/plasticno-kuciste-za-kameru-b116-video-nadzor\/","url_meta":{"origin":5940,"position":4},"title":"Plasti\u010dno ku\u0107i\u0161te za kameru B116 video nadzor","date":"26. rujna 2020.","format":false,"excerpt":"Plasti\u010dno ku\u0107i\u0161te za kameru B116 video nadzor","rel":"","context":"Srodne objave","img":{"alt_text":"","src":"https:\/\/i1.wp.com\/astehshop.com\/wp-content\/uploads\/2020\/09\/Plasticno-kuciste-B116.jpg?fit=800%2C800&resize=350%2C200","width":350,"height":200},"classes":[]},{"id":4738,"url":"http:\/\/astehshop.com\/index.php\/product\/metalno-kuciste-za-kameru-b310-video-nadzor\/","url_meta":{"origin":5940,"position":5},"title":"Metalno ku\u0107i\u0161te za kameru B310 video nadzor","date":"26. rujna 2020.","format":false,"excerpt":"Metalno ku\u0107i\u0161te za kameru B310 video nadzor","rel":"","context":"Srodne objave","img":{"alt_text":"","src":"https:\/\/i1.wp.com\/astehshop.com\/wp-content\/uploads\/2020\/09\/Metalno-kuciste-B310.png?fit=800%2C800&resize=350%2C200","width":350,"height":200},"classes":[]}],"_links":{"self":[{"href":"http:\/\/astehshop.com\/index.php\/wp-json\/wp\/v2\/product\/5940"}],"collection":[{"href":"http:\/\/astehshop.com\/index.php\/wp-json\/wp\/v2\/product"}],"about":[{"href":"http:\/\/astehshop.com\/index.php\/wp-json\/wp\/v2\/types\/product"}],"replies":[{"embeddable":true,"href":"http:\/\/astehshop.com\/index.php\/wp-json\/wp\/v2\/comments?post=5940"}],"wp:featuredmedia":[{"embeddable":true,"href":"http:\/\/astehshop.com\/index.php\/wp-json\/wp\/v2\/media\/5941"}],"wp:attachment":[{"href":"http:\/\/astehshop.com\/index.php\/wp-json\/wp\/v2\/media?parent=5940"}],"wp:term":[{"taxonomy":"product_cat","embeddable":true,"href":"http:\/\/astehshop.com\/index.php\/wp-json\/wp\/v2\/product_cat?post=5940"},{"taxonomy":"product_tag","embeddable":true,"href":"http:\/\/astehshop.com\/index.php\/wp-json\/wp\/v2\/product_tag?post=5940"}],"curies":[{"name":"wp","href":"https:\/\/api.w.org\/{rel}","templated":true}]}}