{"id":5791,"date":"2022-01-09T11:07:51","date_gmt":"2022-01-09T10:07:51","guid":{"rendered":"http:\/\/astehshop.com\/?post_type=product&#038;p=5791"},"modified":"2022-10-08T16:31:28","modified_gmt":"2022-10-08T14:31:28","slug":"jablotron-ja-10e-tastatura-bus","status":"publish","type":"product","link":"http:\/\/astehshop.com\/index.php\/product\/jablotron-ja-10e-tastatura-bus\/","title":{"rendered":"Jablotron JA-10E tastatura BUS"},"content":{"rendered":"<p>Ure\u0111aj sadr\u017ei LCD ekran, kontrolne tastere i RFID \u010dita\u010d. Dostupan je u JA-10 BUS i be\u017ei\u010dnoj verziji. Sadr\u017ei 4 funkcionalna tastera za kontrolu particija i PG izlaza, a mogu mu se dodeliti razne pametne funkcije. Funkcionalni tasteri slu\u017ee i kao indikatori statusa. Komunicira putem BUS-a i napaja se iz njega. Ima dodatni \u017ei\u010dni ulaz za povezivanje magnetnog detektora, koji se \u010desto postavlja na ulazna vrata.Tastatura zauzima jednu adresu u sistemu. Ure\u0111aj omoguc\u0301ava udobnu kontrolu sistema i ure\u0111aja u sistemu, baratanje korisnicima i pregled istorije doga\u0111aja.<\/p>\n<p>&nbsp;<\/p>\n<p>&nbsp;<\/p>\n<p><strong>URE\u0110AJ SE NAPAJA SA CENTRALE<\/strong><strong>.<\/strong><\/p>\n","protected":false},"excerpt":{"rendered":"<p>Ure\u0111aj sadr\u017ei LCD ekran, kontrolne tastere i RFID \u010dita\u010d. Dostupan je u JA-10 BUS i be\u017ei\u010dnoj verziji. Sadr\u017ei 4 funkcionalna tastera za kontrolu particija i PG izlaza, a mogu mu se dodeliti razne pametne funkcije. Funkcionalni tasteri slu\u017ee i kao indikatori statusa. Komunicira putem BUS-a i napaja se iz njega. Ima dodatni \u017ei\u010dni ulaz za povezivanje magnetnog detektora, koji se \u010desto postavlja na ulazna vrata.Tastatura zauzima jednu adresu u sistemu. Ure\u0111aj omoguc\u0301ava udobnu kontrolu sistema i ure\u0111aja u sistemu, baratanje korisnicima i pregled istorije doga\u0111aja.<\/p>\n<p>&nbsp;<\/p>\n<p>&nbsp;<\/p>\n<p><strong>URE\u0110AJ SE NAPAJA SA CENTRALE<\/strong><strong>.<\/strong><\/p>\n","protected":false},"featured_media":5792,"comment_status":"open","ping_status":"closed","template":"","meta":{"_mi_skip_tracking":false,"_exactmetrics_sitenote_active":false,"_exactmetrics_sitenote_note":"","_exactmetrics_sitenote_category":0,"spay_email":""},"product_cat":[3621],"product_tag":[3638,3622],"brands":[{"id":3620,"name":"Jablotron","slug":"jablotron"}],"df_price":250,"df_sale_price":"","df_regular_price":250,"df_image_link":"https:\/\/i2.wp.com\/astehshop.com\/wp-content\/uploads\/2022\/01\/JA-10E-tastatura-BUS.jpg?fit=450%2C450","jetpack_publicize_connections":[],"jetpack_sharing_enabled":true,"jetpack_likes_enabled":true,"jetpack-related-posts":[{"id":5789,"url":"http:\/\/astehshop.com\/index.php\/product\/jablotron-ja-15e-bezicna-tastatura\/","url_meta":{"origin":5791,"position":0},"title":"Jablotron JA-15E be\u017ei\u010dna tastatura","date":"9. sije\u010dnja 2022.","format":false,"excerpt":"Ure\u0111aj sadr\u017ei LCD ekran, kontrolne tastere i RFID \u010dita\u010d. Dostupan je u JA-10 BUS i be\u017ei\u010dnoj verziji. Sadr\u017ei 4 funkcionalna tastera za kontrolu particija i PG izlaza, a mogu mu se dodeliti razne pametne funkcije. Funkcionalni tasteri slu\u017ee i kao indikatori statusa. Komunicira be\u017ei\u010dnim putem, a napaja se sa 4x\u2026","rel":"","context":"Srodne objave","img":{"alt_text":"","src":"https:\/\/i1.wp.com\/astehshop.com\/wp-content\/uploads\/2022\/01\/JA-15E.jpg?fit=600%2C600&resize=350%2C200","width":350,"height":200},"classes":[]},{"id":5961,"url":"http:\/\/astehshop.com\/index.php\/product\/jablotron-ja-150e-bezicna-tastatura\/","url_meta":{"origin":5791,"position":1},"title":"Jablotron JA-150E Be\u017ei\u010dna tastatura","date":"13. velja\u010de 2022.","format":false,"excerpt":"JA-150E je be\u017ei\u010dna tastatura za sisteme JA-100 KR.Ova tastatuta mo\u017ee kontrolisati sve \u010detiri particije\/sekcije koje nudi JA-100KR sistem i mo\u017ee upravljati programabilnim izlazima. Ova tastatura ima mogu\u0107nost prikaza korisni\u010dki definisanih poruka, vremena i temperature. JA-150E se napaja baterijama. Funkcionalni tasteri istovremeno slu\u017ee kao indikatori statusa. Potpuno je be\u017ei\u010dni i napajaju\u2026","rel":"","context":"Srodne objave","img":{"alt_text":"","src":"https:\/\/i1.wp.com\/astehshop.com\/wp-content\/uploads\/2022\/02\/JA-150E-Bez.-tastatura.png?fit=600%2C569&resize=350%2C200","width":350,"height":200},"classes":[]},{"id":5811,"url":"http:\/\/astehshop.com\/index.php\/product\/jablotron-ja-10a-unutrasnja-sirena-bus\/","url_meta":{"origin":5791,"position":2},"title":"Jablotron JA-10A unutra\u0161nja sirena BUS","date":"9. sije\u010dnja 2022.","format":false,"excerpt":"Sirena JA-10A namenjena je za unutra\u0161nju upotrebu, a vezuje se i napaja putem BUS magistrale. Zauzima jednu od 32 JA-10 adrese. Dizajnirana je da ogla\u0161ava uzbunu, zvuk odlaganja ulaska\/izlaska i PG aktivacije u JA-10 sistemu. Na sireni je panik taster koji se mo\u017ee koristiti i za druge funkcije, sa ili\u2026","rel":"","context":"Srodne objave","img":{"alt_text":"","src":"https:\/\/i1.wp.com\/astehshop.com\/wp-content\/uploads\/2022\/01\/JA-10A-unutrasnja-sirena-BUS.jpg?fit=600%2C600&resize=350%2C200","width":350,"height":200},"classes":[]},{"id":5976,"url":"http:\/\/astehshop.com\/index.php\/product\/ja-122e-spoljni-citac\/","url_meta":{"origin":5791,"position":3},"title":"JA-122E Spoljni \u010dita\u010d","date":"13. velja\u010de 2022.","format":false,"excerpt":"RFID \u010dita\u010d JA-122E se koristi za aktiviranje PG izlaza namenjen za kontrolu pristupa. Pogodan za unutra\u0161nju i spoljnu monta\u017eu (IP65 za\u0161tita).Opti\u010dko statusno signaliziranje pomo\u0107u ugr\u0111enih LE dioda * Napajanje: iz centralne jedinice BUS 12 V (9 - 15 V) * Stanje pripravnosti: 15 mA * RFID: EM 125 kHz *\u2026","rel":"","context":"Srodne objave","img":{"alt_text":"","src":"https:\/\/i2.wp.com\/astehshop.com\/wp-content\/uploads\/2022\/02\/1373.png?fit=600%2C569&resize=350%2C200","width":350,"height":200},"classes":[]},{"id":9048,"url":"http:\/\/astehshop.com\/index.php\/product\/sensbi-zremoti-l2rf-zigbee-bezicni-daljinski-upravljac-2-tastera\/","url_meta":{"origin":5791,"position":4},"title":"Sensbi ZREMOTI-L2RF ZigBee be\u017ei\u010dni daljinski upravlja\u010d &#8211; 2 tastera","date":"19. velja\u010de 2024.","format":false,"excerpt":"ZigBee rele, beznaponski izlaz, 10A 250Vac ZigBee rele, beznaponski izlaz, 10A 250Vac, radi na 230Vac. On\/Off i Tajmer funkcija. Mo\u017ee se koristiti u bilo kom zahtevu kao upralja\u010dki ure\u0111aj, npr za aktiviranje elektronike na kapijama, rampama, grejanja. Mo\u017ee se koristiti za uklju\u010denje svetla, klime... Mogu\u0107nosti su razne, ograni\u010denje je max\u2026","rel":"","context":"Srodne objave","img":{"alt_text":"","src":"https:\/\/i2.wp.com\/astehshop.com\/wp-content\/uploads\/2024\/02\/sensbi-zremoti-l2rf-zigbee-bezicni-daljinski-upravljac-2-tastera_0.jpg?fit=1200%2C816&resize=350%2C200","width":350,"height":200},"classes":[]},{"id":6229,"url":"http:\/\/astehshop.com\/index.php\/product\/smarthome-univerzalni-daljinski-upravljac-tv-klima\/","url_meta":{"origin":5791,"position":5},"title":"SmartHome | Univerzalni Daljinski Upravlja\u010d | TV | Klima","date":"7. travnja 2022.","format":false,"excerpt":"Ovaj upravlja\u010d omogu\u0107uje potpunu kontrolu klima i TV ure\u0111aja u va\u0161em domu s bilo kojeg mjesta na svijetu. Kori\u0161tenjem Nedis SmartLife aplikacije mo\u017eete upaliti klima ure\u0111aj prije dolaska ku\u0107i ili poslo\u017eiti vremenski raspored za automatsko uklju\u010divanje i isklju\u010divanje ure\u0111aja. Pakiranje sadr\u017ei: - Smart daljinski upravlja\u010d - USB kabel - Strujni\u2026","rel":"","context":"Srodne objave","img":{"alt_text":"","src":"https:\/\/i1.wp.com\/astehshop.com\/wp-content\/uploads\/2022\/04\/WIFIRC10CBK-1.jpg?fit=400%2C400&resize=350%2C200","width":350,"height":200},"classes":[]}],"_links":{"self":[{"href":"http:\/\/astehshop.com\/index.php\/wp-json\/wp\/v2\/product\/5791"}],"collection":[{"href":"http:\/\/astehshop.com\/index.php\/wp-json\/wp\/v2\/product"}],"about":[{"href":"http:\/\/astehshop.com\/index.php\/wp-json\/wp\/v2\/types\/product"}],"replies":[{"embeddable":true,"href":"http:\/\/astehshop.com\/index.php\/wp-json\/wp\/v2\/comments?post=5791"}],"wp:featuredmedia":[{"embeddable":true,"href":"http:\/\/astehshop.com\/index.php\/wp-json\/wp\/v2\/media\/5792"}],"wp:attachment":[{"href":"http:\/\/astehshop.com\/index.php\/wp-json\/wp\/v2\/media?parent=5791"}],"wp:term":[{"taxonomy":"product_cat","embeddable":true,"href":"http:\/\/astehshop.com\/index.php\/wp-json\/wp\/v2\/product_cat?post=5791"},{"taxonomy":"product_tag","embeddable":true,"href":"http:\/\/astehshop.com\/index.php\/wp-json\/wp\/v2\/product_tag?post=5791"}],"curies":[{"name":"wp","href":"https:\/\/api.w.org\/{rel}","templated":true}]}}