{"id":5784,"date":"2022-01-09T11:02:16","date_gmt":"2022-01-09T10:02:16","guid":{"rendered":"http:\/\/astehshop.com\/?post_type=product&#038;p=5784"},"modified":"2022-01-09T11:02:17","modified_gmt":"2022-01-09T10:02:17","slug":"ja-15pc-bezicni-detekor-sa-foto-verifikacijom","status":"publish","type":"product","link":"http:\/\/astehshop.com\/index.php\/product\/ja-15pc-bezicni-detekor-sa-foto-verifikacijom\/","title":{"rendered":"JA-15PC be\u017ei\u010dni detekor sa foto verifikacijom"},"content":{"rendered":"<p>JA-15PC je be\u017ei\u010dni PIR detektor pokreta sa foto verifikacijom. Reaguje na prisustvo i \u0161alje fotografiju o uzro\u010dniku uzbune na aplikaciju. Ugao so\u010diva 90\u00b0. Domet blica oko 3m. Rezolucija 640&#215;480 i 320&#215;240. Stepen osetljivosti PIR-a se mo\u017ee izabrati na dva nivoa. Visina monta\u017ee: 2,5 m iznad poda. Zona detekcije: 90\u00b0 \/ 12 m (sa standardnim so\u010divom). Domet do signala do 300m. Detektor se mo\u017ee koristiti za upravljanje programabilnim PG izlazima. Otpornost na la\u017ene alarme podesiva je na dva nivoa. Detektor je komponenta JA 10 sistema, adresiran je i zauzima jedno mjesto u sistemu. Napajanje: 2 x 1.5V AA baterije (poru\u010duju se odvojeno).<\/p>\n<p>&nbsp;<\/p>\n<p>&nbsp;<\/p>\n<p><strong>PORU\u010cITE 2kom*BAT-1V5-AA <\/strong><strong>BATERIJE.<\/strong><\/p>\n","protected":false},"excerpt":{"rendered":"<p>JA-15PC je be\u017ei\u010dni PIR detektor pokreta sa foto verifikacijom. Reaguje na prisustvo i \u0161alje fotografiju o uzro\u010dniku uzbune na aplikaciju. Ugao so\u010diva 90\u00b0. Domet blica oko 3m. Rezolucija 640&#215;480 i 320&#215;240. Stepen osetljivosti PIR-a se mo\u017ee izabrati na dva nivoa. Visina monta\u017ee: 2,5 m iznad poda. Zona detekcije: 90\u00b0 \/ 12 m (sa standardnim so\u010divom). Domet do signala do 300m. Detektor se mo\u017ee koristiti za upravljanje programabilnim PG izlazima. Otpornost na la\u017ene alarme podesiva je na dva nivoa. Detektor je komponenta JA 10 sistema, adresiran je i zauzima jedno mjesto u sistemu. Napajanje: 2 x 1.5V AA baterije (poru\u010duju se odvojeno).<\/p>\n<p>&nbsp;<\/p>\n<p>&nbsp;<\/p>\n<p><strong>PORU\u010cITE 2kom*BAT-1V5-AA <\/strong><strong>BATERIJE.<\/strong><\/p>\n","protected":false},"featured_media":5785,"comment_status":"open","ping_status":"closed","template":"","meta":{"_mi_skip_tracking":false,"_exactmetrics_sitenote_active":false,"_exactmetrics_sitenote_note":"","_exactmetrics_sitenote_category":0,"spay_email":""},"product_cat":[3621],"product_tag":[293,3634,3633,3622],"brands":[{"id":3620,"name":"Jablotron","slug":"jablotron"}],"df_price":"","df_sale_price":"","df_regular_price":"","df_image_link":"https:\/\/i0.wp.com\/astehshop.com\/wp-content\/uploads\/2022\/01\/JA-15PC.jpg?fit=450%2C450","jetpack_publicize_connections":[],"jetpack_sharing_enabled":true,"jetpack_likes_enabled":true,"jetpack-related-posts":[{"id":5805,"url":"http:\/\/astehshop.com\/index.php\/product\/jablotron-ja-15p-bezicni-detektor-pokreta\/","url_meta":{"origin":5784,"position":0},"title":"Jablotron JA-15P be\u017ei\u010dni detektor pokreta","date":"9. sije\u010dnja 2022.","format":false,"excerpt":"JA-15P je be\u017ei\u010dni PIR detektor pokreta koji je namenjen za otkrivanje provale. Reaguje na prisustvo ve\u0107eg pokretnog objekta temperature ljudskog tela. Zone detekcije se mogu optimizovati pomo\u0107u dodatnih so\u010diva JS-7904 (za duga\u010dak hodnik), JS-7906 (pra\u0107enje na visini prekoku\u0107nih ljubimaca) ili JS-7901 (tzv. zavesa). Stepen osetljivosti se mo\u017ee izabrati na dva\u2026","rel":"","context":"Srodne objave","img":{"alt_text":"","src":"https:\/\/i2.wp.com\/astehshop.com\/wp-content\/uploads\/2022\/01\/JA-15P-bz.-detektor-pokreta.jpg?fit=600%2C600&resize=350%2C200","width":350,"height":200},"classes":[]},{"id":5986,"url":"http:\/\/astehshop.com\/index.php\/product\/ja-150p-bezicni-detektor-pokreta\/","url_meta":{"origin":5784,"position":1},"title":"JA-150P Be\u017ei\u010dni detektor pokreta","date":"13. velja\u010de 2022.","format":false,"excerpt":"JA-150P je be\u017ei\u010dni PIR detektor pokreta koji je namenjen za za\u0161titu enterijera.Otkriva kretanje preko temperature ljudskog tela.Karakteristika detekcije se mo\u017ee optimizovati pomo\u0107u alternativnih so\u010diva JS-7904 (za duga\u010dak hodnik), JS-7906 (neosetljivost na ku\u0107ne ljubimce) ili JS-7901 (zavesa). Stepen otpornosti se mo\u017ee izabrati na dva nivoa * Napajanje:2 x 1.5V AA *\u2026","rel":"","context":"Srodne objave","img":{"alt_text":"","src":"https:\/\/i0.wp.com\/astehshop.com\/wp-content\/uploads\/2022\/02\/JA-110P-Detek.-pokreta.png?fit=600%2C569&resize=350%2C200","width":350,"height":200},"classes":[]},{"id":6001,"url":"http:\/\/astehshop.com\/index.php\/product\/ja-180w-bezicni-kombinovani-detektor-pir-i-mw\/","url_meta":{"origin":5784,"position":2},"title":"JA-180W Be\u017ei\u010dni kombinovani detektor PIR i MW","date":"13. velja\u010de 2022.","format":false,"excerpt":"JA-180W je dualni PIR + MW be\u017ei\u010dni detektor koji se koristi za otkrivanje pokreta unutar \u0161ti\u010denog prostora * Stepen otpornosti se mo\u017ee izabrati na dva nivoa * Napajanje: 1 kom. BAT-3V6-AA-LS * Visina monta\u017ee:2- 2,5 m iznad poda * Opseg detekcije: 110 \u00b0 \/ 12 m (sa standardnim so\u010divom) *\u2026","rel":"","context":"Srodne objave","img":{"alt_text":"","src":"https:\/\/i2.wp.com\/astehshop.com\/wp-content\/uploads\/2022\/02\/JA-180W-Bez.-komb.-detektor-PIR-i-MW.png?fit=600%2C569&resize=350%2C200","width":350,"height":200},"classes":[]},{"id":5817,"url":"http:\/\/astehshop.com\/index.php\/product\/jablotron-js-20-largo-zicani-detektor-pokreta\/","url_meta":{"origin":5784,"position":3},"title":"Jablotron JS-20 Largo \u017ei\u010dani detektor pokreta","date":"9. sije\u010dnja 2022.","format":false,"excerpt":"JS-20 Largo je konvencionalni PIR detektor pokreta koji je namenjen za otkrivanje provale. Reaguje na prisustvo ve\u0107eg pokretnog objekta temperature ljudskog tela. Zone detekcije se mogu optimizovati pomo\u0107u dodatnih so\u010diva JS-7904 (za duga\u010dak hodnik), JS-7906 (pra\u0107enje na visini prekoku\u0107nih ljubimaca) ili JS-7901 (tzv. zavesa). Stepen osetljivosti se mo\u017ee izabrati na\u2026","rel":"","context":"Srodne objave","img":{"alt_text":"","src":"https:\/\/i1.wp.com\/astehshop.com\/wp-content\/uploads\/2022\/01\/JS-20-Largo-z.-detektor-pokreta.png?fit=600%2C569&resize=350%2C200","width":350,"height":200},"classes":[]},{"id":6007,"url":"http:\/\/astehshop.com\/index.php\/product\/ja-158p-bezicni-dvostruki-detektor-pokreta-vanjski\/","url_meta":{"origin":5784,"position":4},"title":"JA-158P Be\u017ei\u010dni dvostruki detektor pokreta vanjski","date":"13. velja\u010de 2022.","format":false,"excerpt":"JA-158P namenjen je za otkrivanje neautorizovanog pokreta na otvorenom podru\u010dju.Ovo je detektor iz kompanije Optex.Opti\u010dki deo detektora sadr\u017ei dva PIR senzora sa nepreklapaju\u0107om 94-zonskom optikom i odlikuje se visokom otporno\u0161\u0107u na la\u017ene alarme i male \u017eivotinje. Detektor ima funkciju protiv maskiranja - za\u0161titu od blokade optike i dodatno je opremljen\u2026","rel":"","context":"Srodne objave","img":{"alt_text":"","src":"https:\/\/i1.wp.com\/astehshop.com\/wp-content\/uploads\/2022\/02\/JA-158P.png?fit=600%2C569&resize=350%2C200","width":350,"height":200},"classes":[]},{"id":5982,"url":"http:\/\/astehshop.com\/index.php\/product\/jablotron-ja-112p-detektor-pokreta\/","url_meta":{"origin":5784,"position":5},"title":"Jablotron JA-112P Detektor pokreta","date":"13. velja\u010de 2022.","format":false,"excerpt":"JA-112P je PIR detektor pokreta koji je namenjen za za\u0161titu enterijera. Otkriva kretanje preko temperature ljudskog tela.Stepen otpornosti se mo\u017ee izabrati na dva nivoa * Napajanje: iz centralne jedinice BUS 12 V (9 - 15 V) * Potro\u0161nja u stanju mirovanja: 2 mA * Visina monta\u017ee: 2,5 m iznad poda\u2026","rel":"","context":"Srodne objave","img":{"alt_text":"","src":"https:\/\/i2.wp.com\/astehshop.com\/wp-content\/uploads\/2022\/02\/JA-112P.png?fit=600%2C569&resize=350%2C200","width":350,"height":200},"classes":[]}],"_links":{"self":[{"href":"http:\/\/astehshop.com\/index.php\/wp-json\/wp\/v2\/product\/5784"}],"collection":[{"href":"http:\/\/astehshop.com\/index.php\/wp-json\/wp\/v2\/product"}],"about":[{"href":"http:\/\/astehshop.com\/index.php\/wp-json\/wp\/v2\/types\/product"}],"replies":[{"embeddable":true,"href":"http:\/\/astehshop.com\/index.php\/wp-json\/wp\/v2\/comments?post=5784"}],"wp:featuredmedia":[{"embeddable":true,"href":"http:\/\/astehshop.com\/index.php\/wp-json\/wp\/v2\/media\/5785"}],"wp:attachment":[{"href":"http:\/\/astehshop.com\/index.php\/wp-json\/wp\/v2\/media?parent=5784"}],"wp:term":[{"taxonomy":"product_cat","embeddable":true,"href":"http:\/\/astehshop.com\/index.php\/wp-json\/wp\/v2\/product_cat?post=5784"},{"taxonomy":"product_tag","embeddable":true,"href":"http:\/\/astehshop.com\/index.php\/wp-json\/wp\/v2\/product_tag?post=5784"}],"curies":[{"name":"wp","href":"https:\/\/api.w.org\/{rel}","templated":true}]}}