{"id":5782,"date":"2022-01-09T11:00:02","date_gmt":"2022-01-09T10:00:02","guid":{"rendered":"http:\/\/astehshop.com\/?post_type=product&#038;p=5782"},"modified":"2022-01-09T11:00:03","modified_gmt":"2022-01-09T10:00:03","slug":"jablotron-ja-14kr-centrala-bezicna-i-bus","status":"publish","type":"product","link":"http:\/\/astehshop.com\/index.php\/product\/jablotron-ja-14kr-centrala-bezicna-i-bus\/","title":{"rendered":"Jablotron JA-14KR centrala be\u017ei\u010dna i BUS"},"content":{"rendered":"<p>JA-14KR centrala za moderan be\u017ei\u010dni protivprovalni, protivpo\u017earni, protivpoplavni sistem * Kontrola preko cloud-a: aplikacija, ra\u010dunarr ili tastatura * Memorija za do7 miliona doga\u0111aja (interno i na serveru) * Auto-dijagnostika, prikaz baterija i radio signala (opciono i GSM) * LAN konekcija * Frekvencija: ISM 868,1 MHz * do 32 be\u017ei\u010dne ili \u017ei\u010dne adrese * do 16 korisnika * 4 particije * do 4 PG izlaza * do 10 nezavisnih rasporeda * SMS i glasovni izve\u0161taji iz sistema do 8 korisnika * 5 CDS protokola * Napajanje: 230 V, 50 Hz * Aku: 12V, 2,4Ah (ne dobija se u pakovanju) *<\/p>\n<p>&nbsp;<\/p>\n<p>&nbsp;<\/p>\n<p>&nbsp;<\/p>\n<table>\n<tbody>\n<tr>\n<td>Type of installation<\/td>\n<td>Fixed installation<\/td>\n<\/tr>\n<tr>\n<td>Nominal control panel voltage \/ frequency \/ fuse<\/td>\n<td>~ 230 V \/ 50 Hz, T200 mA fuse 250 V 5 x 20 mm<br \/>\n~ 115 V \/ 60 Hz, T400 mA fuse 250 V 5 x 20 mm<\/td>\n<\/tr>\n<tr>\n<td>Operation voltage range<\/td>\n<td>~ 195 V \u00f7 250 V<br \/>\n~ 110 V \u00f7 120 V<\/td>\n<\/tr>\n<tr>\n<td>Electric power \/ current<\/td>\n<td>Max 23 VA \/ 0.1 A<\/td>\n<\/tr>\n<tr>\n<td>Protection class<\/td>\n<td>II.<\/td>\n<\/tr>\n<tr>\n<td>Back-up battery<\/td>\n<td>12 V; 2.6 Ah max. (lead-acid)<\/td>\n<\/tr>\n<tr>\n<td>Low battery voltage (fault indication)<\/td>\n<td>\u226411 V<\/td>\n<\/tr>\n<tr>\n<td>Maximum battery charging time<\/td>\n<td>48 \u00f7 72 hrs<\/td>\n<\/tr>\n<tr>\n<td>BUS voltage \/ max. voltage ripple (red-black)<\/td>\n<td>12.0 \u00f7 13.8 V DC \/ \u00b1 100 mV<\/td>\n<\/tr>\n<tr>\n<td>Max. continuous consumption from the control panel BUS +RJ<\/td>\n<td>400 mA permanently (1000 mA for 5 minutes)<\/td>\n<\/tr>\n<tr>\n<td>@ 12 hours backup (2.6 Ah)<\/td>\n<td>LAN OFF: 125 mA \u2013 consumption of modules JA-190X (Y)<br \/>\nLAN ON: 85 mA \u2013 consumption of modules JA-190X (Y)<\/td>\n<\/tr>\n<tr>\n<td>@ 24 hours backup (2.6 Ah)<\/td>\n<td>LAN OFF: 62 mA \u2013 consumption of modules JA-190X (Y)<br \/>\nLAN ON: 42 mA \u2013 consumption of modules JA-190X (Y)<\/td>\n<\/tr>\n<tr>\n<td>Max. number of devices<\/td>\n<td>32<\/td>\n<\/tr>\n<tr>\n<td>Max. number of sections<\/td>\n<td>4<\/td>\n<\/tr>\n<tr>\n<td>Max. number of users<\/td>\n<td>16+3<\/td>\n<\/tr>\n<tr>\n<td>Max. number of PG outputs<\/td>\n<td>4<\/td>\n<\/tr>\n<tr>\n<td>Alarm connection<\/td>\n<td>Jablotron BUS \u2013 dedicated wiring<br \/>\nWireless connection (with JA-111R) \u2013 unspecified wireless connection, Jablotron wireless protocol<\/td>\n<\/tr>\n<tr>\n<td>Alarm system classification<\/td>\n<td>Security grade 2 \/ environmental class II<\/td>\n<\/tr>\n<tr>\n<td>@ according to standards<\/td>\n<td>EN 50131-1, EN 50131-3, EN 50131-6, EN 50131-5-3, EN50131-10, EN 50136-1, EN 50136-2<\/td>\n<\/tr>\n<tr>\n<td>@ environment<\/td>\n<td>indoor general<\/td>\n<\/tr>\n<tr>\n<td>@ operational temperature \/ humidity<\/td>\n<td>-10\u00b0C to +40\u00b0C, relative humidity 75% no condensation<\/td>\n<\/tr>\n<tr>\n<td>@ power<\/td>\n<td>Type A \u2013 primary supply with a charged backup battery<\/td>\n<\/tr>\n<tr>\n<td>@ event history<\/td>\n<td>approx. 7 million latest events, incl. date and time<\/td>\n<\/tr>\n<tr>\n<td>@ system reaction to communication loss<\/td>\n<td>Fault or tamper \u2013 according to the pre-set profile<\/td>\n<\/tr>\n<tr>\n<td>@ BUS until 10 s<\/td>\n<\/tr>\n<tr>\n<td>@ wireless communication in 2 hrs (report)<\/td>\n<\/tr>\n<tr>\n<td>@ wireless communication in 20 min block system to be set<\/td>\n<\/tr>\n<tr>\n<td>@ reaction to invalid code entry<\/td>\n<td>After 10 wrong code entries a tamper alarm is triggered and according to the selected profile it blocks all control devices for 10 min<\/td>\n<\/tr>\n<tr>\n<td>@ ATS classification<\/td>\n<td>Supported ATS classes: SP2 \u2013 SP 5, DP2 \u2013 DP3<br \/>\nSPT: type Z<br \/>\nOperation type: Pass-Througth<br \/>\nBuilt-in LAN: SP2 \u2013 SP5 (with IP protocol)<br \/>\nJA-190Y SP2 \u2013 SP5 (with IP protocol)<br \/>\nJA-190X SP2 (with Contact ID protocol)<br \/>\nLAN + JA-190Y DP2 \u2013 DP3 (with IP protocol)LAN + JA-190X DP2 (with IP \/ CID protocol)<\/td>\n<\/tr>\n<tr>\n<td>@ ATS transfering protocols<\/td>\n<td>JABLO IP, SIA IP, Contact ID, JABLO SMS<\/td>\n<\/tr>\n<tr>\n<td>@ ATC protection against substitution and data protection<\/td>\n<td>Jablotron protocol: Proprietary AES encryption with minimum 128 bit key<br \/>\nANSI SIA DC-09.2012 protocol with 128 bit AES encryption<\/td>\n<\/tr>\n<tr>\n<td>LAN communicator<\/td>\n<td>Ethernet interface CAT 5 (RJ-45)<\/td>\n<\/tr>\n<tr>\n<td>Dimensions<\/td>\n<td>268 x 225 x 83 mm<\/td>\n<\/tr>\n<tr>\n<td>Weight<\/td>\n<td>1450 g<\/td>\n<\/tr>\n<tr>\n<td>Basic parameters of the JA-111R module<\/td>\n<td>868.1 MHz, &lt; 25 mW, GFSK &lt; 80 kHz<\/td>\n<\/tr>\n<tr>\n<td>Radio emissions<\/td>\n<td>ETSI EN 300 220-2 (R module)<\/td>\n<\/tr>\n<tr>\n<td>EMC<\/td>\n<td>EN 50130-4, EN 55022, ETSI EN 301 489-7, ETSI EN 301 489-3<\/td>\n<\/tr>\n<tr>\n<td>Electric safety<\/td>\n<td>EN 60950-1<\/td>\n<\/tr>\n<tr>\n<td>Operational conditions<\/td>\n<td>ERC REC 70-03, ERC DEC (98) 20<\/td>\n<\/tr>\n<tr>\n<td>Certification body<\/td>\n<td>TREZOR TEST<\/td>\n<\/tr>\n<\/tbody>\n<\/table>\n","protected":false},"excerpt":{"rendered":"<p>JA-14KR centrala za moderan be\u017ei\u010dni protivprovalni, protivpo\u017earni, protivpoplavni sistem * Kontrola preko cloud-a: aplikacija, ra\u010dunarr ili tastatura * Memorija za do7 miliona doga\u0111aja (interno i na serveru) * Auto-dijagnostika, prikaz baterija i radio signala (opciono i GSM) * LAN konekcija * Frekvencija: ISM 868,1 MHz * do 32 be\u017ei\u010dne ili \u017ei\u010dne adrese * do 16 korisnika * 4 particije * do 4 PG izlaza * do 10 nezavisnih rasporeda * SMS i glasovni izve\u0161taji iz sistema do 8 korisnika * 5 CDS protokola * Napajanje: 230 V, 50 Hz * Aku: 12V, 2,4Ah (ne dobija se u pakovanju) *<\/p>\n<p>&nbsp;<\/p>\n<p>&nbsp;<\/p>\n<p>&nbsp;<\/p>\n<table>\n<tbody>\n<tr>\n<td>Type of installation<\/td>\n<td>Fixed installation<\/td>\n<\/tr>\n<tr>\n<td>Nominal control panel voltage \/ frequency \/ fuse<\/td>\n<td>~ 230 V \/ 50 Hz, T200 mA fuse 250 V 5 x 20 mm<br \/>\n~ 115 V \/ 60 Hz, T400 mA fuse 250 V 5 x 20 mm<\/td>\n<\/tr>\n<tr>\n<td>Operation voltage range<\/td>\n<td>~ 195 V \u00f7 250 V<br \/>\n~ 110 V \u00f7 120 V<\/td>\n<\/tr>\n<tr>\n<td>Electric power \/ current<\/td>\n<td>Max 23 VA \/ 0.1 A<\/td>\n<\/tr>\n<tr>\n<td>Protection class<\/td>\n<td>II.<\/td>\n<\/tr>\n<tr>\n<td>Back-up battery<\/td>\n<td>12 V; 2.6 Ah max. (lead-acid)<\/td>\n<\/tr>\n<tr>\n<td>Low battery voltage (fault indication)<\/td>\n<td>\u226411 V<\/td>\n<\/tr>\n<tr>\n<td>Maximum battery charging time<\/td>\n<td>48 \u00f7 72 hrs<\/td>\n<\/tr>\n<tr>\n<td>BUS voltage \/ max. voltage ripple (red-black)<\/td>\n<td>12.0 \u00f7 13.8 V DC \/ \u00b1 100 mV<\/td>\n<\/tr>\n<tr>\n<td>Max. continuous consumption from the control panel BUS +RJ<\/td>\n<td>400 mA permanently (1000 mA for 5 minutes)<\/td>\n<\/tr>\n<tr>\n<td>@ 12 hours backup (2.6 Ah)<\/td>\n<td>LAN OFF: 125 mA \u2013 consumption of modules JA-190X (Y)<br \/>\nLAN ON: 85 mA \u2013 consumption of modules JA-190X (Y)<\/td>\n<\/tr>\n<tr>\n<td>@ 24 hours backup (2.6 Ah)<\/td>\n<td>LAN OFF: 62 mA \u2013 consumption of modules JA-190X (Y)<br \/>\nLAN ON: 42 mA \u2013 consumption of modules JA-190X (Y)<\/td>\n<\/tr>\n<tr>\n<td>Max. number of devices<\/td>\n<td>32<\/td>\n<\/tr>\n<tr>\n<td>Max. number of sections<\/td>\n<td>4<\/td>\n<\/tr>\n<tr>\n<td>Max. number of users<\/td>\n<td>16+3<\/td>\n<\/tr>\n<tr>\n<td>Max. number of PG outputs<\/td>\n<td>4<\/td>\n<\/tr>\n<tr>\n<td>Alarm connection<\/td>\n<td>Jablotron BUS \u2013 dedicated wiring<br \/>\nWireless connection (with JA-111R) \u2013 unspecified wireless connection, Jablotron wireless protocol<\/td>\n<\/tr>\n<tr>\n<td>Alarm system classification<\/td>\n<td>Security grade 2 \/ environmental class II<\/td>\n<\/tr>\n<tr>\n<td>@ according to standards<\/td>\n<td>EN 50131-1, EN 50131-3, EN 50131-6, EN 50131-5-3, EN50131-10, EN 50136-1, EN 50136-2<\/td>\n<\/tr>\n<tr>\n<td>@ environment<\/td>\n<td>indoor general<\/td>\n<\/tr>\n<tr>\n<td>@ operational temperature \/ humidity<\/td>\n<td>-10\u00b0C to +40\u00b0C, relative humidity 75% no condensation<\/td>\n<\/tr>\n<tr>\n<td>@ power<\/td>\n<td>Type A \u2013 primary supply with a charged backup battery<\/td>\n<\/tr>\n<tr>\n<td>@ event history<\/td>\n<td>approx. 7 million latest events, incl. date and time<\/td>\n<\/tr>\n<tr>\n<td>@ system reaction to communication loss<\/td>\n<td>Fault or tamper \u2013 according to the pre-set profile<\/td>\n<\/tr>\n<tr>\n<td>@ BUS until 10 s<\/td>\n<\/tr>\n<tr>\n<td>@ wireless communication in 2 hrs (report)<\/td>\n<\/tr>\n<tr>\n<td>@ wireless communication in 20 min block system to be set<\/td>\n<\/tr>\n<tr>\n<td>@ reaction to invalid code entry<\/td>\n<td>After 10 wrong code entries a tamper alarm is triggered and according to the selected profile it blocks all control devices for 10 min<\/td>\n<\/tr>\n<tr>\n<td>@ ATS classification<\/td>\n<td>Supported ATS classes: SP2 \u2013 SP 5, DP2 \u2013 DP3<br \/>\nSPT: type Z<br \/>\nOperation type: Pass-Througth<br \/>\nBuilt-in LAN: SP2 \u2013 SP5 (with IP protocol)<br \/>\nJA-190Y SP2 \u2013 SP5 (with IP protocol)<br \/>\nJA-190X SP2 (with Contact ID protocol)<br \/>\nLAN + JA-190Y DP2 \u2013 DP3 (with IP protocol)LAN + JA-190X DP2 (with IP \/ CID protocol)<\/td>\n<\/tr>\n<tr>\n<td>@ ATS transfering protocols<\/td>\n<td>JABLO IP, SIA IP, Contact ID, JABLO SMS<\/td>\n<\/tr>\n<tr>\n<td>@ ATC protection against substitution and data protection<\/td>\n<td>Jablotron protocol: Proprietary AES encryption with minimum 128 bit key<br \/>\nANSI SIA DC-09.2012 protocol with 128 bit AES encryption<\/td>\n<\/tr>\n<tr>\n<td>LAN communicator<\/td>\n<td>Ethernet interface CAT 5 (RJ-45)<\/td>\n<\/tr>\n<tr>\n<td>Dimensions<\/td>\n<td>268 x 225 x 83 mm<\/td>\n<\/tr>\n<tr>\n<td>Weight<\/td>\n<td>1450 g<\/td>\n<\/tr>\n<tr>\n<td>Basic parameters of the JA-111R module<\/td>\n<td>868.1 MHz, &lt; 25 mW, GFSK &lt; 80 kHz<\/td>\n<\/tr>\n<tr>\n<td>Radio emissions<\/td>\n<td>ETSI EN 300 220-2 (R module)<\/td>\n<\/tr>\n<tr>\n<td>EMC<\/td>\n<td>EN 50130-4, EN 55022, ETSI EN 301 489-7, ETSI EN 301 489-3<\/td>\n<\/tr>\n<tr>\n<td>Electric safety<\/td>\n<td>EN 60950-1<\/td>\n<\/tr>\n<tr>\n<td>Operational conditions<\/td>\n<td>ERC REC 70-03, ERC DEC (98) 20<\/td>\n<\/tr>\n<tr>\n<td>Certification body<\/td>\n<td>TREZOR TEST<\/td>\n<\/tr>\n<\/tbody>\n<\/table>\n","protected":false},"featured_media":5783,"comment_status":"open","ping_status":"closed","template":"","meta":{"_mi_skip_tracking":false,"_exactmetrics_sitenote_active":false,"_exactmetrics_sitenote_note":"","_exactmetrics_sitenote_category":0,"spay_email":""},"product_cat":[3621],"product_tag":[3632,3631],"brands":[{"id":3620,"name":"Jablotron","slug":"jablotron"}],"df_price":"","df_sale_price":"","df_regular_price":"","df_image_link":"https:\/\/i1.wp.com\/astehshop.com\/wp-content\/uploads\/2022\/01\/JA-14KR-centrala.jpg?fit=450%2C450","jetpack_publicize_connections":[],"jetpack_sharing_enabled":true,"jetpack_likes_enabled":true,"jetpack-related-posts":[{"id":5787,"url":"http:\/\/astehshop.com\/index.php\/product\/jablotron-ja-14k-centrala-na-bus\/","url_meta":{"origin":5782,"position":0},"title":"Jablotron JA-14K centrala na BUS","date":"9. sije\u010dnja 2022.","format":false,"excerpt":"JA-14K centrala za moderan protivprovalni, protivpo\u017earni, protivpoplavni sistem * Kontrola preko cloud-a: aplikacija, ra\u010dunarr ili tastatura * Memorija za do7 miliona doga\u0111aja (interno i na serveru) * Auto-dijagnostika, prikaz baterija * LAN konekcija * do 32 \u017ei\u010dne adrese * do 16 korisnika * 4 particije * do 4 PG izlaza\u2026","rel":"","context":"Srodne objave","img":{"alt_text":"","src":"https:\/\/i2.wp.com\/astehshop.com\/wp-content\/uploads\/2022\/01\/JA-14K-centrala-na-BUS.jpg?fit=600%2C600&resize=350%2C200","width":350,"height":200},"classes":[]},{"id":5946,"url":"http:\/\/astehshop.com\/index.php\/product\/jablotron-ja-100kr-centrala\/","url_meta":{"origin":5782,"position":1},"title":"Jablotron JA-100KR centrala","date":"13. velja\u010de 2022.","format":false,"excerpt":"JA-100KR centrala - Be\u017ei\u010dni protivprovalni, protivpo\u017earni, protivpoplavni sistem + sistem pametne ku\u0107e * Besplatan Cloud, SMS i Push Up obave\u0161tenja * Kontrola preko aplikacije, ra\u010dunara ili tastature * Memorija na serveru i u SD kartici (do7 miliona doga\u0111aja) * Auto-dijagnostika, ta\u010dan prikaz stanja baterija, GSM i RF signala * LAN\u2026","rel":"","context":"Srodne objave","img":{"alt_text":"","src":"https:\/\/i0.wp.com\/astehshop.com\/wp-content\/uploads\/2022\/02\/JA-100KR-centrala.png?fit=600%2C569&resize=350%2C200","width":350,"height":200},"classes":[]},{"id":5778,"url":"http:\/\/astehshop.com\/index.php\/product\/jablotron-jk-xsja10i-set-lite-bezicni-set\/","url_meta":{"origin":5782,"position":2},"title":"Jablotron JK-XSJA10I-SET LITE be\u017ei\u010dni set","date":"9. sije\u010dnja 2022.","format":false,"excerpt":"JA-14KR be\u017ei\u010dna cloud centrala, JA-15E be\u017ei\u010dna tastatura, JA-15P be\u017ei\u010dni PIR detektor, JA-10A \u017ei\u010dna unutra\u0161nja sirena i JA-192J privezak RFID * Kontrola preko cloud-a: aplikacija, ra\u010dunarr ili tastatura * Memorija za do7 miliona doga\u0111aja (interno i na serveru) * Auto-dijagnostika, prikaz baterija i radio signala (opciono i GSM) * LAN konekcija\u2026","rel":"","context":"Srodne objave","img":{"alt_text":"","src":"https:\/\/i1.wp.com\/astehshop.com\/wp-content\/uploads\/2022\/01\/JK-XSJA10I-SET-LITE.jpg?fit=844%2C798&resize=350%2C200","width":350,"height":200},"classes":[]},{"id":5780,"url":"http:\/\/astehshop.com\/index.php\/product\/jablotron-jk-xsja10ii-set-lite-zicni-set\/","url_meta":{"origin":5782,"position":3},"title":"Jablotron JK-XSJA10II-SET LITE \u017ei\u010dni set","date":"9. sije\u010dnja 2022.","format":false,"excerpt":"JA-14K \u017ei\u010dna centrala, JA-10E \u017ei\u010dna tastatura, JA-114HN modul sa po 4 konvencionalna ulaza i PG izlaza, JS-20 Largo \u017ei\u010dni PIR detektor, JA-10A \u017ei\u010dna unutra\u0161nja sirena i JA-192J privezak RFID. * Kontrola preko cloud-a: aplikacija, ra\u010dunarr ili tastatura * Memorija za do7 miliona doga\u0111aja (interno i na serveru) * Auto-dijagnostika, prikaz\u2026","rel":"","context":"Srodne objave","img":{"alt_text":"","src":"https:\/\/i2.wp.com\/astehshop.com\/wp-content\/uploads\/2022\/01\/JK-XSJA10II-SET.jpg?fit=878%2C852&resize=350%2C200","width":350,"height":200},"classes":[]},{"id":5955,"url":"http:\/\/astehshop.com\/index.php\/product\/jablotron-ja-100k-centrala\/","url_meta":{"origin":5782,"position":4},"title":"Jablotron JA-100K centrala","date":"13. velja\u010de 2022.","format":false,"excerpt":"JA-100K centrala -Protivprovalni, protivpo\u017earni, protivpoplavni sistem + sistem pametne ku\u0107e * Besplatan Cloud, SMS i Push Up obave\u0161tenja * Kontrola preko aplikacije, ra\u010dunara ili tastature * Auto-dijagnostika, ta\u010dan prikaz stanja baterija * LAN konekcija * do 32 BUS adrese * do 32 korisnika * 4 particije * SMS i glasovni\u2026","rel":"","context":"Srodne objave","img":{"alt_text":"","src":"https:\/\/i0.wp.com\/astehshop.com\/wp-content\/uploads\/2022\/02\/JA-100K-centrala.png?fit=600%2C569&resize=350%2C200","width":350,"height":200},"classes":[]},{"id":5957,"url":"http:\/\/astehshop.com\/index.php\/product\/jablotron-ja-103k-centrala\/","url_meta":{"origin":5782,"position":5},"title":"Jablotron JA-103K centrala","date":"13. velja\u010de 2022.","format":false,"excerpt":"JA-103K centrala za protivprovalni, protivpo\u017earni, protivpoplavni sistem + sistem pametne ku\u0107e * Besplatan Cloud, SMS i Push Up obave\u0161tenja * Kontrola preko aplikacije, ra\u010dunara ili tastature * Memorija na serveru i u SD kartici (do7 miliona doga\u0111aja), Auto-dijagnostika, ta\u010dan prikaz stanja baterija * LAN konekcija * Konektor za dodavanje GSM\u2026","rel":"","context":"Srodne objave","img":{"alt_text":"","src":"https:\/\/i0.wp.com\/astehshop.com\/wp-content\/uploads\/2022\/02\/JA-103K-centrala.png?fit=600%2C569&resize=350%2C200","width":350,"height":200},"classes":[]}],"_links":{"self":[{"href":"http:\/\/astehshop.com\/index.php\/wp-json\/wp\/v2\/product\/5782"}],"collection":[{"href":"http:\/\/astehshop.com\/index.php\/wp-json\/wp\/v2\/product"}],"about":[{"href":"http:\/\/astehshop.com\/index.php\/wp-json\/wp\/v2\/types\/product"}],"replies":[{"embeddable":true,"href":"http:\/\/astehshop.com\/index.php\/wp-json\/wp\/v2\/comments?post=5782"}],"wp:featuredmedia":[{"embeddable":true,"href":"http:\/\/astehshop.com\/index.php\/wp-json\/wp\/v2\/media\/5783"}],"wp:attachment":[{"href":"http:\/\/astehshop.com\/index.php\/wp-json\/wp\/v2\/media?parent=5782"}],"wp:term":[{"taxonomy":"product_cat","embeddable":true,"href":"http:\/\/astehshop.com\/index.php\/wp-json\/wp\/v2\/product_cat?post=5782"},{"taxonomy":"product_tag","embeddable":true,"href":"http:\/\/astehshop.com\/index.php\/wp-json\/wp\/v2\/product_tag?post=5782"}],"curies":[{"name":"wp","href":"https:\/\/api.w.org\/{rel}","templated":true}]}}