{"id":5579,"date":"2021-10-28T22:17:06","date_gmt":"2021-10-28T20:17:06","guid":{"rendered":"http:\/\/astehshop.com\/?post_type=product&#038;p=5579"},"modified":"2023-09-24T11:10:44","modified_gmt":"2023-09-24T09:10:44","slug":"milesight-4k-h-265-poe-nvr-5000-series-16ch-ms-n5016-upt","status":"publish","type":"product","link":"http:\/\/astehshop.com\/index.php\/product\/milesight-4k-h-265-poe-nvr-5000-series-16ch-ms-n5016-upt\/","title":{"rendered":"Milesight 4K H.265 PoE NVR 5000 Series 16ch MS-N5016-UPT"},"content":{"rendered":"<p>Video \/ Audio Input: Network Video Input: 16-CH. Bandwidth: Incoming \/ Outgoing 160Mbps. Video \/ Audio Output: HDMI Output 1 -CH, Resolution: 3840\u00d72160\/30Hz, 1920\u00d71080\/60Hz, 1920\u00d71080\/50Hz, 1280\u00d71024\/60Hz, 1280\u00d7720\/60Hz, 1024\u00d7768\/60Hz HDMI Supports Audio Output. VGA Output: 1-CH, Resolution: 1920\u00d71080\/60Hz, 1920\u00d71080\/50Hz, 1280\u00d71024\/60Hz, 1280\u00d7720\/60Hz, 1024\u00d7768\/60Hz. Recording Resolution: 8MP \/ 6MP \/ 5MP \/ 4MP \/3MP \/ 1080P \/UXGA\/ 720P\/ D1 \/VGA\/ CIF\/ QCIF. Synchronous Playback: 2*(30fps@8MP) ,2*(30fps@6MP), 3*(30fps@5MP), 4*(30fps@4MP), 5*(30fps@3MP), 8*(30fps@1080P), 16*(30fps@720P). Video \/ Audio Compression: Video Compression H.265+\/ H.265 (HEVC)\/ H.264+\/ H.264. Audio Compression: G.711 \/AAC\/ G.722\/ G.726. Sample Rate: 8KHz\/16KHz. Synchronous Recording: 16*5MP. Storage: 2 * SATA HDD (3.5\u201d). Capacity: Upto 10TB capacity foreach HDD. Recording Management: Continuous, Event (Motion Detection, Alarm, VCA, Smart Analysis). Snapshot Type: Continuous, Event (Motion Detection, Alarm, VCA, Smart Analysis). Playback Type: General Playback, Event Playback, Tag Playback, Split Playback, Picture Playback. Network: Protocol IPv4\/IPv6, TCP, UDP, RTP, RTSP, RTCP, HTTP, HTTPS, DNS, DDNS, DHCP, NTP, SNTP, SMTP, SNMP, UPnP, NFS. External Interface: 1*RJ45 10\/100\/1000Mbps. USB Interface 1*USB3.0; 1*USB2.0. Audio Input \/ Output 1*RCA \/ 1*RCA. Alarm Input \/ Output 4-CH \/ 1-CH. PoE Interface: 16*RJ45 10\/100Mbps. Power Output: \u2264200W. Supported Standard: IEEE 802.3af\/at. General: Compatibility ONVIF, API. Advanced Function: ANR. ANPR Support. Video Analysis: Region Entrance, Region Exiting, Advanced Motion Detection, Tamper Detection, LineCrossing, Loitering, Human Detection, People Counting, Object Left, Object Removed. Keyboard Control: Milesight Keyboard (MS-K01). Power Supply: AC100V~240V 50Hz~60Hz. Consumption: \u226415W (Without HDD, without enabling PoE). Working Conditions Temperature:-10\u2103~55\u2103 \/ Humidity: 10%~90%. Dimensions: Rack Mountable Chassis (1.0U Standard) 380mm (W X317.6mm (D)X51.8mm (H). Weight: 2.7Kg<\/p>\n<p>Garancija 36 mjeseci<\/p>\n","protected":false},"excerpt":{"rendered":"<p>Video \/ Audio Input: Network Video Input: 16-CH. Bandwidth: Incoming \/ Outgoing 160Mbps. Video \/ Audio Output: HDMI Output 1 -CH, Resolution: 3840\u00d72160\/30Hz, 1920\u00d71080\/60Hz, 1920\u00d71080\/50Hz, 1280\u00d71024\/60Hz, 1280\u00d7720\/60Hz, 1024\u00d7768\/60Hz HDMI Supports Audio Output. VGA Output: 1-CH, Resolution: 1920\u00d71080\/60Hz, 1920\u00d71080\/50Hz, 1280\u00d71024\/60Hz, 1280\u00d7720\/60Hz, 1024\u00d7768\/60Hz. Recording Resolution: 8MP \/ 6MP \/ 5MP \/ 4MP \/3MP \/ 1080P \/UXGA\/ 720P\/ D1 \/VGA\/ CIF\/ QCIF. Synchronous Playback: 2*(30fps@8MP) ,2*(30fps@6MP), 3*(30fps@5MP), 4*(30fps@4MP), 5*(30fps@3MP), 8*(30fps@1080P), 16*(30fps@720P). Video \/ Audio Compression: Video Compression H.265+\/ H.265 (HEVC)\/ H.264+\/ H.264. Audio Compression: G.711 \/AAC\/ G.722\/ G.726. Sample Rate: 8KHz\/16KHz. Synchronous Recording: 16*5MP. Storage: 2 * SATA HDD (3.5\u201d). Capacity: Upto 10TB capacity foreach HDD. Recording Management: Continuous, Event (Motion Detection, Alarm, VCA, Smart Analysis). Snapshot Type: Continuous, Event (Motion Detection, Alarm, VCA, Smart Analysis). Playback Type: General Playback, Event Playback, Tag Playback, Split Playback, Picture Playback. Network: Protocol IPv4\/IPv6, TCP, UDP, RTP, RTSP, RTCP, HTTP, HTTPS, DNS, DDNS, DHCP, NTP, SNTP, SMTP, SNMP, UPnP, NFS. External Interface: 1*RJ45 10\/100\/1000Mbps. USB Interface 1*USB3.0; 1*USB2.0. Audio Input \/ Output 1*RCA \/ 1*RCA. Alarm Input \/ Output 4-CH \/ 1-CH. PoE Interface: 16*RJ45 10\/100Mbps. Power Output: \u2264200W. Supported Standard: IEEE 802.3af\/at. General: Compatibility ONVIF, API. Advanced Function: ANR. ANPR Support. Video Analysis: Region Entrance, Region Exiting, Advanced Motion Detection, Tamper Detection, LineCrossing, Loitering, Human Detection, People Counting, Object Left, Object Removed. Keyboard Control: Milesight Keyboard (MS-K01). Power Supply: AC100V~240V 50Hz~60Hz. Consumption: \u226415W (Without HDD, without enabling PoE). Working Conditions Temperature:-10\u2103~55\u2103 \/ Humidity: 10%~90%. Dimensions: Rack Mountable Chassis (1.0U Standard) 380mm (W X317.6mm (D)X51.8mm (H). Weight: 2.7Kg<\/p>\n<p>Garancija 36 mjeseci<\/p>\n","protected":false},"featured_media":5580,"comment_status":"open","ping_status":"closed","template":"","meta":{"_mi_skip_tracking":false,"_exactmetrics_sitenote_active":false,"_exactmetrics_sitenote_note":"","_exactmetrics_sitenote_category":0,"spay_email":""},"product_cat":[1558],"product_tag":[3387,3388,3386],"brands":[{"id":3374,"name":"milesight","slug":"milesight"}],"df_price":1039,"df_sale_price":"","df_regular_price":1039,"df_image_link":"https:\/\/i1.wp.com\/astehshop.com\/wp-content\/uploads\/2021\/10\/poe-5000-1.png?fit=450%2C308","jetpack_publicize_connections":[],"jetpack_sharing_enabled":true,"jetpack_likes_enabled":true,"jetpack-related-posts":[{"id":4684,"url":"http:\/\/astehshop.com\/index.php\/product\/ip-snimac-25ch-h-265-h-264-120mb-4k-nvr3625db\/","url_meta":{"origin":5579,"position":0},"title":"IP Snima\u010d 25CH H.265\/H.264 120MB 4K NVR3625DB","date":"20. rujna 2020.","format":false,"excerpt":"NVR3625DB 25CH H.265 NVR 3000P 4K 120Mb \u2022 ARM Cortex A7 Processor \u2022 IP Camera Input: 25CH Resolution:4K (3840 \u00d7 2160)\/30Hz, 1920 \u00d7 1080\/60Hz, 1280 \u00d7 1024\/60Hz, 1280 \u00d7 720\/60Hz, 1024 \u00d7 768\/60Hz \u2022 HD Output\/VGA Output: 4K (3840\u00d72160) \/ 1920\u00d71080\/1280\u00d71024\/1280\u00d7720 \u2022 Third-party Network Cameras Supported \u2022 Recording Resolution: 4K\/5M\/4M\/3M\/1080P\/960P\/720p,\u2026","rel":"","context":"Srodne objave","img":{"alt_text":"","src":"https:\/\/i2.wp.com\/astehshop.com\/wp-content\/uploads\/2020\/09\/NVR3608DP.jpg?fit=480%2C350&resize=350%2C200","width":350,"height":200},"classes":[]},{"id":3895,"url":"http:\/\/astehshop.com\/index.php\/product\/mrezni-8-kanalni-nvr-hikvision-ds-7608ni-i2-8p-poe-do-max-12-mpx\/","url_meta":{"origin":5579,"position":1},"title":"Mre\u017eni 8 kanalni NVR HikVision DS-7608NXI-I2\/8P POE do max 12 MPX","date":"16. velja\u010de 2020.","format":false,"excerpt":"IP video input 8-ch Up to 12MP resolution Two-way audio 1-ch, RCA (2.0 Vp-p, 1 kOhms) NetworkJump to... Incoming bandwidth 80 Mbps Outgoing bandwidth 256 Mbps Remote connection 32 Recording resolution 12MP\/8MP\/6MP\/5MP\/4MP\/3MP\/1080p\/UXGA\/720p \/VGA\/4CIF\/DCIF\/2CIF\/CIF\/QCIF HDMI output resolution 4K (3840 x 2160)\/60Hz, 4K (3840 x 2160)\/30Hz, 2K (2560 x 1440)\/60Hz, 1920 x\u2026","rel":"","context":"Srodne objave","img":{"alt_text":"","src":"https:\/\/i1.wp.com\/astehshop.com\/wp-content\/uploads\/2020\/02\/DS-7608NI-I2.jpg?fit=1004%2C982&resize=350%2C200","width":350,"height":200},"classes":[]},{"id":3898,"url":"http:\/\/astehshop.com\/index.php\/product\/mrezni-16-kanalni-hikvision-nvr-ds-7616ni-i2-za-kamere-do-12-mpx\/","url_meta":{"origin":5579,"position":2},"title":"Mre\u017eni 16 kanalni HikVision NVR DS-7616NXI-I2 za kamere do 12 MPX","date":"16. velja\u010de 2020.","format":false,"excerpt":"Karakteristike: \u2022 IP video ulaz: 16-ch \u2022 podr\u017eava kamere do 12MP \u2022 ANR tehnologija \u2022 VCA doga\u0111aji, Alarm ulaz\/izlaz \u2022 2 SATA su\u010delja do 8 TB za svaki pojedini HDD Bandwith snimanja: 160Mbps Dvosmjerni audio ulaz: 1-ch RCA (2.0Vp-p, 1k\u03a9) Video kompresija: H.265\/H.264\/H.264+ Rezolucija snimanja playbacka: 12 MP\/8 MP\/6 MP\/5\u2026","rel":"","context":"Srodne objave","img":{"alt_text":"","src":"https:\/\/i1.wp.com\/astehshop.com\/wp-content\/uploads\/2020\/02\/DS-7608NI-I2.jpg?fit=1004%2C982&resize=350%2C200","width":350,"height":200},"classes":[]},{"id":3900,"url":"http:\/\/astehshop.com\/index.php\/product\/32-kanalni-mrezni-snimac-ds-7632ni-i2-hikvision\/","url_meta":{"origin":5579,"position":3},"title":"32 kanalni mre\u017eni snima\u010d DS-7632NI-I2 HikVision","date":"16. velja\u010de 2020.","format":false,"excerpt":"Karakteristike: \u2022 IP video ulaz: 32-ch \u2022 podr\u017eava kamere do 12MP \u2022 ANR tehnologija \u2022 VCA doga\u0111aji, Alarm ulaz\/izlaz \u2022 2 SATA su\u010delja do 8 TB za svaki pojedini HDD Bandwith snimanja: 256Mbps Dvosmjerni audio ulaz: 1-ch RCA (2.0Vp-p, 1k\u03a9) Video kompresija: H.265\/H.264\/H.264+ Rezolucija snimanja playbacka: 12 MP\/8 MP\/6 MP\/5\u2026","rel":"","context":"Srodne objave","img":{"alt_text":"","src":"https:\/\/i1.wp.com\/astehshop.com\/wp-content\/uploads\/2020\/02\/DS-7608NI-I2.jpg?fit=1004%2C982&resize=350%2C200","width":350,"height":200},"classes":[]},{"id":3902,"url":"http:\/\/astehshop.com\/index.php\/product\/mrezni-nvr-hikvision-ds-7716ni-k4-za-kamere-do-8-mp\/","url_meta":{"origin":5579,"position":4},"title":"Mre\u017eni NVR HikVision DS-7716NI-K4 za kamere do 8 MP","date":"16. velja\u010de 2020.","format":false,"excerpt":"Artikl: DIGITALNI VIDEO SNIMA\u010c\u00a0DS-7716NI-K4 Karakteristike: \u2022 IP video ulaz: 16-ch \u2022 podr\u017eava kamere do 8MP \u2022 ANR tehnologija \u2022 VCA doga\u0111aji, Alarm ulaz\/izlaz \u2022 4 SATA su\u010delja do 6 TB za svaki pojedini HDD Bandwith snimanja: 160Mbps Dvosmjerni audio ulaz: 1-ch RCA (2.0Vp-p, 1k\u03a9) Video kompresija: H.265\/H.264\/H.264+ Rezolucija snimanja playbacka:\u00a08\u2026","rel":"","context":"Srodne objave","img":{"alt_text":"","src":"https:\/\/i0.wp.com\/astehshop.com\/wp-content\/uploads\/2020\/02\/DS-7716NI-K4.jpg?fit=1074%2C830&resize=350%2C200","width":350,"height":200},"classes":[]},{"id":3908,"url":"http:\/\/astehshop.com\/index.php\/product\/hikvision-mrezni-snimac-nvr-ds-7732ni-i4\/","url_meta":{"origin":5579,"position":5},"title":"HikVision mre\u017eni snima\u010d NVR DS-7732NI-I4","date":"16. velja\u010de 2020.","format":false,"excerpt":"Artikl: DIGITALNI VIDEO SNIMA\u010c\u00a0DS-7732NI-I4 Karakteristike: \u2022 IP video ulaz: 32-ch \u2022 podr\u017eava kamere do 12MP \u2022 ANR tehnologija \u2022 VCA doga\u0111aji, Alarm ulaz\/izlaz \u2022 4 SATA su\u010delja do 8 TB za svaki pojedini HDD Bandwith snimanja: 256Mbps Dvosmjerni audio ulaz: 1-ch RCA (2.0Vp-p, 1k\u03a9) Video kompresija: H.265\/H.264\/H.264+ Rezolucija snimanja playbacka:\u2026","rel":"","context":"Srodne objave","img":{"alt_text":"","src":"https:\/\/i0.wp.com\/astehshop.com\/wp-content\/uploads\/2020\/02\/DS-7716NI-K4.jpg?fit=1074%2C830&resize=350%2C200","width":350,"height":200},"classes":[]}],"_links":{"self":[{"href":"http:\/\/astehshop.com\/index.php\/wp-json\/wp\/v2\/product\/5579"}],"collection":[{"href":"http:\/\/astehshop.com\/index.php\/wp-json\/wp\/v2\/product"}],"about":[{"href":"http:\/\/astehshop.com\/index.php\/wp-json\/wp\/v2\/types\/product"}],"replies":[{"embeddable":true,"href":"http:\/\/astehshop.com\/index.php\/wp-json\/wp\/v2\/comments?post=5579"}],"wp:featuredmedia":[{"embeddable":true,"href":"http:\/\/astehshop.com\/index.php\/wp-json\/wp\/v2\/media\/5580"}],"wp:attachment":[{"href":"http:\/\/astehshop.com\/index.php\/wp-json\/wp\/v2\/media?parent=5579"}],"wp:term":[{"taxonomy":"product_cat","embeddable":true,"href":"http:\/\/astehshop.com\/index.php\/wp-json\/wp\/v2\/product_cat?post=5579"},{"taxonomy":"product_tag","embeddable":true,"href":"http:\/\/astehshop.com\/index.php\/wp-json\/wp\/v2\/product_tag?post=5579"}],"curies":[{"name":"wp","href":"https:\/\/api.w.org\/{rel}","templated":true}]}}