{"id":5569,"date":"2021-10-28T22:02:48","date_gmt":"2021-10-28T20:02:48","guid":{"rendered":"http:\/\/astehshop.com\/?post_type=product&#038;p=5569"},"modified":"2023-09-24T11:10:47","modified_gmt":"2023-09-24T09:10:47","slug":"milesight-radar-ai-lpr-pro-bullet-plus-network-camera-ms-c2866-x4tlvpc","status":"publish","type":"product","link":"http:\/\/astehshop.com\/index.php\/product\/milesight-radar-ai-lpr-pro-bullet-plus-network-camera-ms-c2866-x4tlvpc\/","title":{"rendered":"Milesight Radar AI LPR Pro Bullet Plus Network Camera MS-C2866-X4TLVPC"},"content":{"rendered":"<p>Radar AI LPR Bullet Camera 2MP. Image Sensor 1\/2\u2033 Progressive Scan CMOS. Shutter Time: 1\/100000s~1s. IR Distance: Up to 180m. Day\/Night Mode: Day\/ Night\/ Auto\/ Customize\/ Schedule.<br \/>\nS\/N &gt;55dB. Lens: 8~32mm, 4X Optical Zoom, Focus Control: Auto\/Manual. Aperture F1.6~F1.7. LPR: Max. Vehicle Speed 200km\/h. Recognition Accuracy: &gt;95%. Coverage: Support simultaneous detection of 4 regions. White\/Black List: Up to 1000 records inside the camera. Smart Traffic Detection: License Plate Recognition: Plate Color Recognition, Vehicle Type Classification,Vehicle Color Recognition, Vehicle Direction Detection, Speed Detection, Traffic Flow Detection. Radar: Working Frequency 60GHz, 61~62GHz. Capture Rate: &gt;99% (Traffic jam &gt;95%). Lane Coverage: 1~4 Lanes (Recognition \u226595% individually\uff09Tracking Target: Up to 32. Speed Detection Range: \u00b15km\/h ~ \u00b1 200km\/h. Detection Distance: Up to 90m. Distance Detection Accuracy: \u00b10.4m. Angle Measurement Accuracy: \u00b10.5\u00b0. Installation Height: 2~7m. Video. Max. Image Resolution: Primary Stream: 60Hz: 100fps@(1920\u00d71080) (Optional for T Series), 60fps@(1920\u00d71080, 1280\u00d7960, 1280\u00d7720, 704\u00d7576). Video Compression: H.265+\/H.265 (HEVC) \/ H.264+\/H.264\/MJPEG. Interface: Ethernet: 1*RJ45 10M\/100M Ethernet Port. Audio I\/O: 1\/1. Alarm I\/O 1\/1. Network: Network Storage: NAS (Support NFS, SMB\/CIFS), ANR. Protocol: IPv4\/IPv6, ARP, TCP, UDP, RTCP, RTP, RTSP, RTMP, HTTP, HTTPS, DNS, DDNS, DHCP, FTP, NTP, SMTP, SNMP, UPnP, Bonjour, SIP, PPPoE, VLAN, 802.1x, QoS, IGMP, ICMP, SSL. Audio: Audio Compression: G.711\/AAC\/G.722\/G.726. Audio Sampling Rate: 8\/16\/32\/44.1\/48KHz. Audio Bit Rate: 16~256kbps. Two-way Audio: Support. System: Storage Support microSD\/SDHC\/SDXC Card Local Storage, up to 256G. Advanced Function: Heat Map, BLC, HLC, 2D DNR, 3D DNR, AWB,IP Address Filtering, AGC, Anti-flicker, Corridor Mode, Deblur, Watermark. SIP\/VoIP Support: Yes, Voice &amp; Video-over-IP. Event Trigger: Black\/White List, Motion Detection, Network Disconnection, External Input, Audio Alarm, etc. Event Action: FTP Upload, SMTP Upload, SD Card Record, External Output, SIP Phone, HTTP Notification, etc. System Compatibility: ONVIF Profile G &amp; Q &amp;S &amp;T,API. General: Working Temperature -40\u2103~60\u2103. Working Humidity 5~90% (Non-condensing). Power Supply PoE (802.3at) \/ DC 12V\u00b110%. Power Consumption 8W MAX 14W MAX (With IR on). Weather Proof Up to IP67-rated for Weather-resistant Performance. Weight 1445.8g 1623g (With radar module). Surge Protection 4KV. Dimensions 320mm X 134mm X 126mm. 320mm X 134mm X 171mm (With radar module)<\/p>\n","protected":false},"excerpt":{"rendered":"<p>Radar AI LPR Bullet Camera 2MP. Image Sensor 1\/2\u2033 Progressive Scan CMOS. Shutter Time: 1\/100000s~1s. IR Distance: Up to 180m. Day\/Night Mode: Day\/ Night\/ Auto\/ Customize\/ Schedule.<br \/>\nS\/N &gt;55dB. Lens: 8~32mm, 4X Optical Zoom, Focus Control: Auto\/Manual. Aperture F1.6~F1.7. LPR: Max. Vehicle Speed 200km\/h. Recognition Accuracy: &gt;95%. Coverage: Support simultaneous detection of 4 regions. White\/Black List: Up to 1000 records inside the camera. Smart Traffic Detection: License Plate Recognition: Plate Color Recognition, Vehicle Type Classification,Vehicle Color Recognition, Vehicle Direction Detection, Speed Detection, Traffic Flow Detection. Radar: Working Frequency 60GHz, 61~62GHz. Capture Rate: &gt;99% (Traffic jam &gt;95%). Lane Coverage: 1~4 Lanes (Recognition \u226595% individually\uff09Tracking Target: Up to 32. Speed Detection Range: \u00b15km\/h ~ \u00b1 200km\/h. Detection Distance: Up to 90m. Distance Detection Accuracy: \u00b10.4m. Angle Measurement Accuracy: \u00b10.5\u00b0. Installation Height: 2~7m. Video. Max. Image Resolution: Primary Stream: 60Hz: 100fps@(1920\u00d71080) (Optional for T Series), 60fps@(1920\u00d71080, 1280\u00d7960, 1280\u00d7720, 704\u00d7576). Video Compression: H.265+\/H.265 (HEVC) \/ H.264+\/H.264\/MJPEG. Interface: Ethernet: 1*RJ45 10M\/100M Ethernet Port. Audio I\/O: 1\/1. Alarm I\/O 1\/1. Network: Network Storage: NAS (Support NFS, SMB\/CIFS), ANR. Protocol: IPv4\/IPv6, ARP, TCP, UDP, RTCP, RTP, RTSP, RTMP, HTTP, HTTPS, DNS, DDNS, DHCP, FTP, NTP, SMTP, SNMP, UPnP, Bonjour, SIP, PPPoE, VLAN, 802.1x, QoS, IGMP, ICMP, SSL. Audio: Audio Compression: G.711\/AAC\/G.722\/G.726. Audio Sampling Rate: 8\/16\/32\/44.1\/48KHz. Audio Bit Rate: 16~256kbps. Two-way Audio: Support. System: Storage Support microSD\/SDHC\/SDXC Card Local Storage, up to 256G. Advanced Function: Heat Map, BLC, HLC, 2D DNR, 3D DNR, AWB,IP Address Filtering, AGC, Anti-flicker, Corridor Mode, Deblur, Watermark. SIP\/VoIP Support: Yes, Voice &amp; Video-over-IP. Event Trigger: Black\/White List, Motion Detection, Network Disconnection, External Input, Audio Alarm, etc. Event Action: FTP Upload, SMTP Upload, SD Card Record, External Output, SIP Phone, HTTP Notification, etc. System Compatibility: ONVIF Profile G &amp; Q &amp;S &amp;T,API. General: Working Temperature -40\u2103~60\u2103. Working Humidity 5~90% (Non-condensing). Power Supply PoE (802.3at) \/ DC 12V\u00b110%. Power Consumption 8W MAX 14W MAX (With IR on). Weather Proof Up to IP67-rated for Weather-resistant Performance. Weight 1445.8g 1623g (With radar module). Surge Protection 4KV. Dimensions 320mm X 134mm X 126mm. 320mm X 134mm X 171mm (With radar module)<\/p>\n","protected":false},"featured_media":5570,"comment_status":"open","ping_status":"closed","template":"","meta":{"_mi_skip_tracking":false,"_exactmetrics_sitenote_active":false,"_exactmetrics_sitenote_note":"","_exactmetrics_sitenote_category":0,"spay_email":""},"product_cat":[1043],"product_tag":[3375,3376,3380,3377,3378,3379],"brands":[{"id":3374,"name":"milesight","slug":"milesight"}],"df_price":3199,"df_sale_price":3199,"df_regular_price":3399,"df_image_link":"https:\/\/i0.wp.com\/astehshop.com\/wp-content\/uploads\/2021\/10\/MS-C2866-X4TLVPC.png?fit=450%2C398","jetpack_publicize_connections":[],"jetpack_sharing_enabled":true,"jetpack_likes_enabled":true,"jetpack-related-posts":[{"id":5581,"url":"http:\/\/astehshop.com\/index.php\/product\/milesight-radar-ai-lpr-pro-bullet-plus-network-camera-ms-c2966-x12tlvp\/","url_meta":{"origin":5569,"position":0},"title":"Milesight Radar AI LPR Pro Bullet Plus Network Camera MS-C2966-X12TLVP","date":"28. listopada 2021.","format":false,"excerpt":"Radar AI LPR Bullet Camera 2MP. Image Sensor 1\/2.8\u2033 Progressive Scan CMOS. Shutter Time: 1\/100000s~1s. IR Distance: Up to 180m. Day\/Night Mode: Day\/ Night\/ Auto\/ Customize\/ Schedule. S\/N >55dB. Lens: 5.3~64mm,12X Optical Zoom, Focus Control: Auto\/Manual. Aperture F1.6~F2.8 LPR: Max. Vehicle Speed 200km\/h. Recognition Accuracy: >95%. Coverage: Support simultaneous detection\u2026","rel":"","context":"Srodne objave","img":{"alt_text":"","src":"https:\/\/i0.wp.com\/astehshop.com\/wp-content\/uploads\/2021\/10\/MS-C2866-X4TLVPC.png?fit=691%2C611&resize=350%2C200","width":350,"height":200},"classes":[]},{"id":9116,"url":"http:\/\/astehshop.com\/index.php\/product\/dahua-ipc-hfw5449t-ase-ni-0360b-full-color-kamera\/","url_meta":{"origin":5569,"position":1},"title":"Dahua IPC-HFW5449T-ASE-NI-0360B full color kamera","date":"20. velja\u010de 2024.","format":false,"excerpt":"4MP mre\u017ena kamera u bullet ku\u0107i\u0161tu sa Full-color i AI tehnologijom. 1\/1.8\u201d CMOS sa progresivnim skeniranjem. Color: 0.001 Lux @F1.0. Maksimalna rezolucija 2688x1520. Fiksna optika 3.6mm. Kompresija H.265\/H.264. Nivo za\u0161tite IP67. 140dB WDR. 1x alarm in, 1x alarm out. 1x audio in, 1x audio out. Slot za microSD karticu do\u2026","rel":"","context":"Srodne objave","img":{"alt_text":"","src":"https:\/\/i2.wp.com\/astehshop.com\/wp-content\/uploads\/2024\/02\/dahua-ipc-hfw5449t-ase-ni-0360b-full-color-kamera-_0.jpg?fit=1200%2C675&resize=350%2C200","width":350,"height":200},"classes":[]},{"id":5502,"url":"http:\/\/astehshop.com\/index.php\/product\/kontrola-pristupa-dahua-asi7213y-v3\/","url_meta":{"origin":5569,"position":2},"title":"Kontrola pristupa Dahua ASI7213Y-V3","date":"17. listopada 2021.","format":false,"excerpt":"\u00b7 7 inch IPS display, resolution 1024\u00d7600\u00b7 Support face unlock, IC card unlock, and password unlock; unlock by period\u00b7 With face detection box; the largest face among faces that appear at the same time is recognized first; the maximum face size can be configured on the web\u00b7 2MP wide-angle WDR\u2026","rel":"","context":"Srodne objave","img":{"alt_text":"","src":"https:\/\/i0.wp.com\/astehshop.com\/wp-content\/uploads\/2021\/10\/ASI8214Y-V3_thumb.png?fit=400%2C400&resize=350%2C200","width":350,"height":200},"classes":[]},{"id":5473,"url":"http:\/\/astehshop.com\/index.php\/product\/dahua-full-color-ip-kamera-5-mpx-ipc-hfw3549t1-as-pv\/","url_meta":{"origin":5569,"position":3},"title":"Dahua Full Color IP kamera 5 MPX ipc-hfw3549t1-as-pv","date":"16. listopada 2021.","format":false,"excerpt":"IPC-HFW3549T1-AS-PV 5MP Full-color Active Deterrence Fixed-focal Bullet WizSense Network Camera > 5MP, 1\/2.7\u201d CMOS image sensor, low illuminance, high image definition > Outputs max. 5MP (2592 \u00d7 1944) @20 fps, and supports 4MP (2688 \u00d7 1520) @25\/30 fps > H.265 codec, high compression rate, low bit rate > Built-in warm\u2026","rel":"","context":"Srodne objave","img":{"alt_text":"","src":"https:\/\/i2.wp.com\/astehshop.com\/wp-content\/uploads\/2021\/10\/IPC-HFW3549T1-AS-PV0-0.png?fit=400%2C400&resize=350%2C200","width":350,"height":200},"classes":[]},{"id":4043,"url":"http:\/\/astehshop.com\/index.php\/product\/dahua-mini-termalna-kamera-tpc-bf2120p-t1f4\/","url_meta":{"origin":5569,"position":4},"title":"Dahua Mini termalna kamera TPC-BF2120P-T1F4","date":"19. velja\u010de 2020.","format":false,"excerpt":"256x192 VOx uncooled thermal sensor technology Athermalized lens (thermal camera); focus-free 1\/2.8\u201d 2 Megapixel progressive scan CMOS Support ROI; motion detection; color palettes 3.5mm Thermal fixed lens (256 x 192) 4mm Visible fixed lens (2MP) 4mm-35m (115ft) illumination Support temperature measurement Support fire detection & alarm Built-in 2\/2 alarm in\/out\u2026","rel":"","context":"Srodne objave","img":{"alt_text":"","src":"https:\/\/i2.wp.com\/astehshop.com\/wp-content\/uploads\/2020\/02\/TPC-BF2120P-T1F4.jpg?fit=588%2C436&resize=350%2C200","width":350,"height":200},"classes":[]},{"id":8828,"url":"http:\/\/astehshop.com\/index.php\/product\/longse-ptz-ip-poe-kamera-2mp-18x-zoom-80m-ir-auto-tracking-pt4a118xigc200\/","url_meta":{"origin":5569,"position":5},"title":"Longse PTZ IP POE Kamera 2MP 18x Zoom 80m IR Auto Tracking PT4A118XIGC200","date":"11. sije\u010dnja 2024.","format":false,"excerpt":"Model: PT4A118XIGC200 IP PTZ POE Kamera 2MP sa opti\u010dkim Zumom 18x. IR 80m. Kamera se mo\u017ee podesiti da automatski prati kretanja. \u2022 High quality imaging with 2MP resolution \u2022 1\/2.9\u2033Progressive Scan CMOS Sensor \u2022 Support H.264\/H.265 Compression \u2022 4\u2033 18X IP PTZ \u2022 Horizontal Rotation Speed\uff1a120\u00b0\/S \u2022 Horizontal Rotation Range\uff1a0\u00b0~360\u00b0\u2026","rel":"","context":"Srodne objave","img":{"alt_text":"","src":"https:\/\/i0.wp.com\/astehshop.com\/wp-content\/uploads\/2024\/01\/PT6A118XIGC200.jpg?fit=1024%2C989&resize=350%2C200","width":350,"height":200},"classes":[]}],"_links":{"self":[{"href":"http:\/\/astehshop.com\/index.php\/wp-json\/wp\/v2\/product\/5569"}],"collection":[{"href":"http:\/\/astehshop.com\/index.php\/wp-json\/wp\/v2\/product"}],"about":[{"href":"http:\/\/astehshop.com\/index.php\/wp-json\/wp\/v2\/types\/product"}],"replies":[{"embeddable":true,"href":"http:\/\/astehshop.com\/index.php\/wp-json\/wp\/v2\/comments?post=5569"}],"wp:featuredmedia":[{"embeddable":true,"href":"http:\/\/astehshop.com\/index.php\/wp-json\/wp\/v2\/media\/5570"}],"wp:attachment":[{"href":"http:\/\/astehshop.com\/index.php\/wp-json\/wp\/v2\/media?parent=5569"}],"wp:term":[{"taxonomy":"product_cat","embeddable":true,"href":"http:\/\/astehshop.com\/index.php\/wp-json\/wp\/v2\/product_cat?post=5569"},{"taxonomy":"product_tag","embeddable":true,"href":"http:\/\/astehshop.com\/index.php\/wp-json\/wp\/v2\/product_tag?post=5569"}],"curies":[{"name":"wp","href":"https:\/\/api.w.org\/{rel}","templated":true}]}}