{"id":5541,"date":"2021-10-21T22:09:29","date_gmt":"2021-10-21T20:09:29","guid":{"rendered":"http:\/\/astehshop.com\/?post_type=product&#038;p=5541"},"modified":"2021-10-21T22:09:30","modified_gmt":"2021-10-21T20:09:30","slug":"2-mp-analogna-kamera-tvt-td-7422ae3","status":"publish","type":"product","link":"http:\/\/astehshop.com\/index.php\/product\/2-mp-analogna-kamera-tvt-td-7422ae3\/","title":{"rendered":"2 MP analogna kamera TVT TD-7422AE3"},"content":{"rendered":"<p>1080P real-time image, high resolution, true color<\/p>\n<p>AHD \/ TVI \/ CVI \/CVBS standard and lossless video output<\/p>\n<p>Up to 1000 TVL resolution<\/p>\n<p>CMOS progressive scan, perfectly capture the moving object<\/p>\n<p>Support OSD menu High speed, long distance and real time transmission<\/p>\n<p>Auto color to B \/ W at low illumination<\/p>\n<p>Support ICR switch, true day \/ night, digital WDR<\/p>\n<p>Support noise reduction function<\/p>\n<p>30 ~ 50m IR night view distance<\/p>\n<p>IP67<\/p>\n","protected":false},"excerpt":{"rendered":"<p>1080P real-time image, high resolution, true color<\/p>\n<p>AHD \/ TVI \/ CVI \/CVBS standard and lossless video output<\/p>\n<p>Up to 1000 TVL resolution<\/p>\n<p>CMOS progressive scan, perfectly capture the moving object<\/p>\n<p>Support OSD menu High speed, long distance and real time transmission<\/p>\n<p>Auto color to B \/ W at low illumination<\/p>\n<p>Support ICR switch, true day \/ night, digital WDR<\/p>\n<p>Support noise reduction function<\/p>\n<p>30 ~ 50m IR night view distance<\/p>\n<p>IP67<\/p>\n","protected":false},"featured_media":5542,"comment_status":"open","ping_status":"closed","template":"","meta":{"_mi_skip_tracking":false,"_exactmetrics_sitenote_active":false,"_exactmetrics_sitenote_note":"","_exactmetrics_sitenote_category":0,"spay_email":""},"product_cat":[132],"product_tag":[3342,2768],"brands":[{"id":2528,"name":"tvt","slug":"tvt"}],"df_price":109,"df_sale_price":"","df_regular_price":109,"df_image_link":"https:\/\/i2.wp.com\/astehshop.com\/wp-content\/uploads\/2021\/10\/9422e3-en.jpg?fit=300%2C233","jetpack_publicize_connections":[],"jetpack_sharing_enabled":true,"jetpack_likes_enabled":true,"jetpack-related-posts":[{"id":6887,"url":"http:\/\/astehshop.com\/index.php\/product\/dome-tvt-kamera-2-mpx-full-color-td-7524tm3\/","url_meta":{"origin":5541,"position":0},"title":"Dome TVT kamera 2 MPX FULL COLOR TD-7524TM3","date":"2. prosinca 2022.","format":false,"excerpt":"1080P real-time image, high resolution, true color AHD \/ TVI \/ CVI lossless HD video output Support 960H CVBS output Up to 800 TVL resolution CMOS progressive scan, perfectly capture the moving object Support OSD menu High speed, long distance and real time transmission 24\/7 full color imaging LED can\u2026","rel":"","context":"Srodne objave","img":{"alt_text":"","src":"https:\/\/i0.wp.com\/astehshop.com\/wp-content\/uploads\/2022\/12\/td-7524tm3-cd45f405593.jpg?fit=543%2C451&resize=350%2C200","width":350,"height":200},"classes":[]},{"id":5537,"url":"http:\/\/astehshop.com\/index.php\/product\/2mp-hd-analogna-ir-dome-kamera-td-7525ae3\/","url_meta":{"origin":5541,"position":1},"title":"2MP HD Analogna IR Dome kamera TD-7525AE3","date":"21. listopada 2021.","format":false,"excerpt":"1080P slika u stvarnom vremenu, visoke razlu\u010divosti, prava boja AHD \/ TVI \/ CVI \/ CVBS standard i video izlaz bez gubitaka Do 1000 TVL razlu\u010divosti CMOS progresivno skeniranje, savr\u0161eno snima objekt u pokretu Podr\u0161ka OSD izbornika Prijenos velike brzine, velike udaljenosti i u stvarnom vremenu Automatska boja u B\u2026","rel":"","context":"Srodne objave","img":{"alt_text":"","src":"https:\/\/i1.wp.com\/astehshop.com\/wp-content\/uploads\/2021\/10\/TD7524AS2.jpg?fit=400%2C310&resize=350%2C200","width":350,"height":200},"classes":[]},{"id":5722,"url":"http:\/\/astehshop.com\/index.php\/product\/analogna-2-5mp-4in1-ahd-kamera-ir-25m-2-8mm-ip67-longse-lbh30htc200feh\/","url_meta":{"origin":5541,"position":2},"title":"Analogna 2\/5MP 4in1 AHD Kamera IR 25m 2.8mm IP67 Longse LBH30HTC200FEH","date":"5. sije\u010dnja 2022.","format":false,"excerpt":"2M\/5M Lite 4IN1 HD Bullet IR 25m \u2022\u00a01\/3\"CMOS Sensor \u2022\u00a0AHD\/CVI\/TVI\/CVBS 4 IN 1 \u2022\u00a03.6mm Fixed Lens \u2022\u00a0IR Distance max 25m \u2022\u00a0IP67 outdoor, OSD&UTC support","rel":"","context":"Srodne objave","img":{"alt_text":"","src":"https:\/\/i2.wp.com\/astehshop.com\/wp-content\/uploads\/2022\/01\/LBH30HTC200FEH.jpg?fit=960%2C700&resize=350%2C200","width":350,"height":200},"classes":[]},{"id":7672,"url":"http:\/\/astehshop.com\/index.php\/product\/dahua-full-color-hac-hfw1239tu-z-a-led-moto-zoom-kamera\/","url_meta":{"origin":5541,"position":3},"title":"Dahua Full Color HAC-HFW1239TU-Z-A-LED moto zoom kamera","date":"9. svibnja 2023.","format":false,"excerpt":"> * The parameters and datasheets below can only be applied to 1239-S2 series > 24\/7 color imaging, Max. 30 fps@1080p > Super Adapt, 130 dB true WDR, 3D NR > Auto focus, 2.7 mm\u201313.5 mm motorized lens > 60 m illumination distance > Built-in mic > CVI\/CVBS\/AHD\/TVI switchable >\u2026","rel":"","context":"Srodne objave","img":{"alt_text":"","src":"https:\/\/i0.wp.com\/astehshop.com\/wp-content\/uploads\/2023\/05\/HAC-HFW1239TU-Z-A-LED-500x500-1.png?fit=664%2C622&resize=350%2C200","width":350,"height":200},"classes":[]},{"id":5726,"url":"http:\/\/astehshop.com\/index.php\/product\/longse-full-color-2-5-mp-starlight-kamera-bmschtc200eshw\/","url_meta":{"origin":5541,"position":4},"title":"Longse Full Color 2 \/ 5 MP StarLight kamera BMSCHTC200ESHW","date":"5. sije\u010dnja 2022.","format":false,"excerpt":"\u2022\u00a01\/2.8\"SONY Starvis Back-illuminated CMOS sensor \u2022\u00a0AHD\/CVI\/TVI\/CVBS 4 IN 1 \u2022\u00a03.6mm Fixed Lens \u2022\u00a0Suport Warm white (4000K)\uff0cup to 25m \u2022\u00a0IP67 Outdoor, OSD&UTC Support","rel":"","context":"Srodne objave","img":{"alt_text":"","src":"https:\/\/i2.wp.com\/astehshop.com\/wp-content\/uploads\/2022\/01\/BMSCHTC200FEHW-1.jpg?fit=480%2C350&resize=350%2C200","width":350,"height":200},"classes":[]},{"id":5724,"url":"http:\/\/astehshop.com\/index.php\/product\/longse-full-color-kamera-bmschtc200fehw-2-5-mp\/","url_meta":{"origin":5541,"position":5},"title":"Longse Full Color kamera BMSCHTC200FEHW 2 \/ 5 MP","date":"5. sije\u010dnja 2022.","format":false,"excerpt":"BMSCHTC200FEHW 2M\/5M Lite Warm Light Full Color \u2022\u00a01\/3\"CMOS Sensor \u2022\u00a0AHD\/CVI\/TVI\/CVBS 4 IN 1 \u2022\u00a03.6mm Fixed Lens \u2022\u00a0Suport Warm white (4000K)\uff0cup to 25m \u2022\u00a0IP67 Outdoor, OSD&UTC Support","rel":"","context":"Srodne objave","img":{"alt_text":"","src":"https:\/\/i0.wp.com\/astehshop.com\/wp-content\/uploads\/2022\/01\/BMSCHTC200FEHW.jpg?fit=480%2C350&resize=350%2C200","width":350,"height":200},"classes":[]}],"_links":{"self":[{"href":"http:\/\/astehshop.com\/index.php\/wp-json\/wp\/v2\/product\/5541"}],"collection":[{"href":"http:\/\/astehshop.com\/index.php\/wp-json\/wp\/v2\/product"}],"about":[{"href":"http:\/\/astehshop.com\/index.php\/wp-json\/wp\/v2\/types\/product"}],"replies":[{"embeddable":true,"href":"http:\/\/astehshop.com\/index.php\/wp-json\/wp\/v2\/comments?post=5541"}],"wp:featuredmedia":[{"embeddable":true,"href":"http:\/\/astehshop.com\/index.php\/wp-json\/wp\/v2\/media\/5542"}],"wp:attachment":[{"href":"http:\/\/astehshop.com\/index.php\/wp-json\/wp\/v2\/media?parent=5541"}],"wp:term":[{"taxonomy":"product_cat","embeddable":true,"href":"http:\/\/astehshop.com\/index.php\/wp-json\/wp\/v2\/product_cat?post=5541"},{"taxonomy":"product_tag","embeddable":true,"href":"http:\/\/astehshop.com\/index.php\/wp-json\/wp\/v2\/product_tag?post=5541"}],"curies":[{"name":"wp","href":"https:\/\/api.w.org\/{rel}","templated":true}]}}