{"id":5460,"date":"2021-10-16T21:30:59","date_gmt":"2021-10-16T19:30:59","guid":{"rendered":"http:\/\/astehshop.com\/?post_type=product&#038;p=5460"},"modified":"2025-10-05T09:40:47","modified_gmt":"2025-10-05T07:40:47","slug":"dahua-xvr5216an-i2-snimac-mjesto-za-2-diska","status":"publish","type":"product","link":"http:\/\/astehshop.com\/index.php\/product\/dahua-xvr5216an-i2-snimac-mjesto-za-2-diska\/","title":{"rendered":"Dahua XVR5216AN-I2 snimac mjesto za 2 diska"},"content":{"rendered":"<p class=\"text\" data-v-5fe8c490=\"\" data-gtm-vis-has-fired-10552706_195=\"1\" data-gtm-vis-has-fired-10552706_181=\"1\" data-gtm-vis-first-on-screen-10552706_217=\"1471\" data-gtm-vis-first-on-screen-10552706_192=\"1479\" data-gtm-vis-first-on-screen-10552706_184=\"1484\" data-gtm-vis-first-on-screen-10552706_194=\"1492\" data-gtm-vis-first-on-screen-10552706_193=\"1500\" data-gtm-vis-first-on-screen-10552706_196=\"1506\" data-gtm-vis-recent-on-screen-10552706_217=\"108418\" data-gtm-vis-total-visible-time-10552706_217=\"100\" data-gtm-vis-has-fired-10552706_217=\"1\" data-gtm-vis-recent-on-screen-10552706_192=\"108421\" data-gtm-vis-total-visible-time-10552706_192=\"100\" data-gtm-vis-has-fired-10552706_192=\"1\" data-gtm-vis-recent-on-screen-10552706_184=\"108423\" data-gtm-vis-total-visible-time-10552706_184=\"100\" data-gtm-vis-has-fired-10552706_184=\"1\" data-gtm-vis-recent-on-screen-10552706_194=\"108425\" data-gtm-vis-total-visible-time-10552706_194=\"100\" data-gtm-vis-has-fired-10552706_194=\"1\" data-gtm-vis-recent-on-screen-10552706_196=\"108426\" data-gtm-vis-total-visible-time-10552706_196=\"100\" data-gtm-vis-has-fired-10552706_196=\"1\" data-gtm-vis-recent-on-screen-10552706_193=\"108436\" data-gtm-vis-total-visible-time-10552706_193=\"100\" data-gtm-vis-has-fired-10552706_193=\"1\">16 Channel Penta-brid 5M-N\/1080P 1U 2HDDs WizSense Digital Video Recorder<\/p>\n<div data-v-5fe8c490=\"\">\n<p data-gtm-vis-has-fired-10552706_195=\"1\" data-gtm-vis-has-fired-10552706_181=\"1\" data-gtm-vis-first-on-screen-10552706_217=\"1475\" data-gtm-vis-first-on-screen-10552706_192=\"1481\" data-gtm-vis-first-on-screen-10552706_184=\"1486\" data-gtm-vis-first-on-screen-10552706_194=\"1495\" data-gtm-vis-first-on-screen-10552706_193=\"1502\" data-gtm-vis-first-on-screen-10552706_196=\"1521\" data-gtm-vis-recent-on-screen-10552706_217=\"2152\" data-gtm-vis-total-visible-time-10552706_217=\"100\" data-gtm-vis-has-fired-10552706_217=\"1\" data-gtm-vis-recent-on-screen-10552706_192=\"2154\" data-gtm-vis-total-visible-time-10552706_192=\"100\" data-gtm-vis-has-fired-10552706_192=\"1\" data-gtm-vis-recent-on-screen-10552706_184=\"2157\" data-gtm-vis-total-visible-time-10552706_184=\"100\" data-gtm-vis-has-fired-10552706_184=\"1\" data-gtm-vis-recent-on-screen-10552706_194=\"2159\" data-gtm-vis-total-visible-time-10552706_194=\"100\" data-gtm-vis-has-fired-10552706_194=\"1\" data-gtm-vis-recent-on-screen-10552706_193=\"2160\" data-gtm-vis-total-visible-time-10552706_193=\"100\" data-gtm-vis-has-fired-10552706_193=\"1\" data-gtm-vis-recent-on-screen-10552706_196=\"2161\" data-gtm-vis-total-visible-time-10552706_196=\"100\" data-gtm-vis-has-fired-10552706_196=\"1\">&gt; H.265+\/H.265 dual-stream video compression<br \/>\n&gt; Supports HDCVI\/AHD\/TVI\/CVBS\/IP video inputs<br \/>\n&gt; Max 24 channels IP camera inputs, each channel up to 6MP; Max 128 Mbps incoming bandwidth<br \/>\n&gt; Up to 2 channels video stream ( analog channel ) Perimeter Protection<br \/>\n&gt; Up to 16 channels video stream ( analog channel ) SMD Plus<\/p>\n<p data-gtm-vis-has-fired-10552706_195=\"1\" data-gtm-vis-has-fired-10552706_181=\"1\" data-gtm-vis-recent-on-screen-10552706_217=\"1477\" data-gtm-vis-first-on-screen-10552706_217=\"1477\" data-gtm-vis-total-visible-time-10552706_217=\"100\" data-gtm-vis-has-fired-10552706_217=\"1\" data-gtm-vis-recent-on-screen-10552706_192=\"1482\" data-gtm-vis-first-on-screen-10552706_192=\"1482\" data-gtm-vis-total-visible-time-10552706_192=\"100\" data-gtm-vis-has-fired-10552706_192=\"1\" data-gtm-vis-recent-on-screen-10552706_184=\"1488\" data-gtm-vis-first-on-screen-10552706_184=\"1488\" data-gtm-vis-total-visible-time-10552706_184=\"100\" data-gtm-vis-has-fired-10552706_184=\"1\" data-gtm-vis-recent-on-screen-10552706_194=\"1497\" data-gtm-vis-first-on-screen-10552706_194=\"1497\" data-gtm-vis-total-visible-time-10552706_194=\"100\" data-gtm-vis-has-fired-10552706_194=\"1\" data-gtm-vis-recent-on-screen-10552706_193=\"1504\" data-gtm-vis-first-on-screen-10552706_193=\"1504\" data-gtm-vis-total-visible-time-10552706_193=\"100\" data-gtm-vis-has-fired-10552706_193=\"1\" data-gtm-vis-recent-on-screen-10552706_196=\"1525\" data-gtm-vis-first-on-screen-10552706_196=\"1525\" data-gtm-vis-total-visible-time-10552706_196=\"100\" data-gtm-vis-has-fired-10552706_196=\"1\">&gt; Up to 2 channels video stream (analog channel ) human face recognition<br \/>\n&gt; IoT &amp; POS functionalities<\/p>\n<\/div>\n","protected":false},"excerpt":{"rendered":"<p class=\"text\" data-v-5fe8c490=\"\" data-gtm-vis-has-fired-10552706_195=\"1\" data-gtm-vis-has-fired-10552706_181=\"1\" data-gtm-vis-first-on-screen-10552706_217=\"1471\" data-gtm-vis-first-on-screen-10552706_192=\"1479\" data-gtm-vis-first-on-screen-10552706_184=\"1484\" data-gtm-vis-first-on-screen-10552706_194=\"1492\" data-gtm-vis-first-on-screen-10552706_193=\"1500\" data-gtm-vis-first-on-screen-10552706_196=\"1506\" data-gtm-vis-recent-on-screen-10552706_217=\"108418\" data-gtm-vis-total-visible-time-10552706_217=\"100\" data-gtm-vis-has-fired-10552706_217=\"1\" data-gtm-vis-recent-on-screen-10552706_192=\"108421\" data-gtm-vis-total-visible-time-10552706_192=\"100\" data-gtm-vis-has-fired-10552706_192=\"1\" data-gtm-vis-recent-on-screen-10552706_184=\"108423\" data-gtm-vis-total-visible-time-10552706_184=\"100\" data-gtm-vis-has-fired-10552706_184=\"1\" data-gtm-vis-recent-on-screen-10552706_194=\"108425\" data-gtm-vis-total-visible-time-10552706_194=\"100\" data-gtm-vis-has-fired-10552706_194=\"1\" data-gtm-vis-recent-on-screen-10552706_196=\"108426\" data-gtm-vis-total-visible-time-10552706_196=\"100\" data-gtm-vis-has-fired-10552706_196=\"1\" data-gtm-vis-recent-on-screen-10552706_193=\"108436\" data-gtm-vis-total-visible-time-10552706_193=\"100\" data-gtm-vis-has-fired-10552706_193=\"1\">16 Channel Penta-brid 5M-N\/1080P 1U 2HDDs WizSense Digital Video Recorder<\/p>\n<div data-v-5fe8c490=\"\">\n<p data-gtm-vis-has-fired-10552706_195=\"1\" data-gtm-vis-has-fired-10552706_181=\"1\" data-gtm-vis-first-on-screen-10552706_217=\"1475\" data-gtm-vis-first-on-screen-10552706_192=\"1481\" data-gtm-vis-first-on-screen-10552706_184=\"1486\" data-gtm-vis-first-on-screen-10552706_194=\"1495\" data-gtm-vis-first-on-screen-10552706_193=\"1502\" data-gtm-vis-first-on-screen-10552706_196=\"1521\" data-gtm-vis-recent-on-screen-10552706_217=\"2152\" data-gtm-vis-total-visible-time-10552706_217=\"100\" data-gtm-vis-has-fired-10552706_217=\"1\" data-gtm-vis-recent-on-screen-10552706_192=\"2154\" data-gtm-vis-total-visible-time-10552706_192=\"100\" data-gtm-vis-has-fired-10552706_192=\"1\" data-gtm-vis-recent-on-screen-10552706_184=\"2157\" data-gtm-vis-total-visible-time-10552706_184=\"100\" data-gtm-vis-has-fired-10552706_184=\"1\" data-gtm-vis-recent-on-screen-10552706_194=\"2159\" data-gtm-vis-total-visible-time-10552706_194=\"100\" data-gtm-vis-has-fired-10552706_194=\"1\" data-gtm-vis-recent-on-screen-10552706_193=\"2160\" data-gtm-vis-total-visible-time-10552706_193=\"100\" data-gtm-vis-has-fired-10552706_193=\"1\" data-gtm-vis-recent-on-screen-10552706_196=\"2161\" data-gtm-vis-total-visible-time-10552706_196=\"100\" data-gtm-vis-has-fired-10552706_196=\"1\">&gt; H.265+\/H.265 dual-stream video compression<br \/>\n&gt; Supports HDCVI\/AHD\/TVI\/CVBS\/IP video inputs<br \/>\n&gt; Max 24 channels IP camera inputs, each channel up to 6MP; Max 128 Mbps incoming bandwidth<br \/>\n&gt; Up to 2 channels video stream ( analog channel ) Perimeter Protection<br \/>\n&gt; Up to 16 channels video stream ( analog channel ) SMD Plus<\/p>\n<p data-gtm-vis-has-fired-10552706_195=\"1\" data-gtm-vis-has-fired-10552706_181=\"1\" data-gtm-vis-recent-on-screen-10552706_217=\"1477\" data-gtm-vis-first-on-screen-10552706_217=\"1477\" data-gtm-vis-total-visible-time-10552706_217=\"100\" data-gtm-vis-has-fired-10552706_217=\"1\" data-gtm-vis-recent-on-screen-10552706_192=\"1482\" data-gtm-vis-first-on-screen-10552706_192=\"1482\" data-gtm-vis-total-visible-time-10552706_192=\"100\" data-gtm-vis-has-fired-10552706_192=\"1\" data-gtm-vis-recent-on-screen-10552706_184=\"1488\" data-gtm-vis-first-on-screen-10552706_184=\"1488\" data-gtm-vis-total-visible-time-10552706_184=\"100\" data-gtm-vis-has-fired-10552706_184=\"1\" data-gtm-vis-recent-on-screen-10552706_194=\"1497\" data-gtm-vis-first-on-screen-10552706_194=\"1497\" data-gtm-vis-total-visible-time-10552706_194=\"100\" data-gtm-vis-has-fired-10552706_194=\"1\" data-gtm-vis-recent-on-screen-10552706_193=\"1504\" data-gtm-vis-first-on-screen-10552706_193=\"1504\" data-gtm-vis-total-visible-time-10552706_193=\"100\" data-gtm-vis-has-fired-10552706_193=\"1\" data-gtm-vis-recent-on-screen-10552706_196=\"1525\" data-gtm-vis-first-on-screen-10552706_196=\"1525\" data-gtm-vis-total-visible-time-10552706_196=\"100\" data-gtm-vis-has-fired-10552706_196=\"1\">&gt; Up to 2 channels video stream (analog channel ) human face recognition<br \/>\n&gt; IoT &amp; POS functionalities<\/p>\n<\/div>\n","protected":false},"featured_media":5450,"comment_status":"open","ping_status":"closed","template":"","meta":{"_mi_skip_tracking":false,"_exactmetrics_sitenote_active":false,"_exactmetrics_sitenote_note":"","_exactmetrics_sitenote_category":0,"spay_email":""},"product_cat":[133],"product_tag":[392,3258,3257],"brands":[{"id":2045,"name":"Dahua","slug":"dahua"}],"df_price":909,"df_sale_price":"","df_regular_price":909,"df_image_link":"https:\/\/i2.wp.com\/astehshop.com\/wp-content\/uploads\/2021\/10\/dahua-xvr5104hs-4kl-i2_0.jpg?fit=450%2C253","jetpack_publicize_connections":[],"jetpack_sharing_enabled":true,"jetpack_likes_enabled":true,"jetpack-related-posts":[{"id":5461,"url":"http:\/\/astehshop.com\/index.php\/product\/dahua-xvr5232an-i2-snimac-32-kanala-2-diska\/","url_meta":{"origin":5460,"position":0},"title":"Dahua XVR5232AN-I2 snima\u010d 32 kanala 2 diska","date":"16. listopada 2021.","format":false,"excerpt":"32 Channel Penta-brid 5M-N\/1080P 1U 2HDDs WizSense Digital Video Recorder > H.265+\/H.265 dual-stream video compression > Supports HDCVI\/AHD\/TVI\/CVBS\/IP video inputs > Max 32 channels IP camera inputs, each channel up to 6MP; Max 128 Mbps incoming bandwidth > Up to 2 channels video stream ( analog channel ) Perimeter Protection\u2026","rel":"","context":"Srodne objave","img":{"alt_text":"","src":"https:\/\/i2.wp.com\/astehshop.com\/wp-content\/uploads\/2021\/10\/dahua-xvr5104hs-4kl-i2_0.jpg?fit=870%2C489&resize=350%2C200","width":350,"height":200},"classes":[]},{"id":5289,"url":"http:\/\/astehshop.com\/index.php\/product\/dahua-wizsense-4-snimac-xvr-xvr5104hs-i2\/","url_meta":{"origin":5460,"position":1},"title":"Dahua WizSense 4 kanalni snima\u010d XVR XVR5104HS-I3","date":"9. listopada 2021.","format":false,"excerpt":"Penta-brid video snima\u010d sa 4 analogna kanala plus 2 dodatnih ip kanala rezolucije do 6MP. AI tehnologija. Maksimalna rezolucija snimanja 5MP. Frame rate: 5M-N (1fps\u201310fps); 4M-N\/1080P (1fps\u201315fps); 1080N\/720P\/960H\/D1\/CIF (1fps\u201325\/30fps). Kompresija snimanja: H.265+. 1x VGA, 1x HDMI. 1x audio in, 1x audio out. 1x RJ45 10M\/100M\/1000M mre\u017eni interfejs. 2x USB 2.0.\u2026","rel":"","context":"Srodne objave","img":{"alt_text":"","src":"https:\/\/i1.wp.com\/astehshop.com\/wp-content\/uploads\/2021\/10\/XVR5104HS-I2-flank_thumb.png?fit=400%2C400&resize=350%2C200","width":350,"height":200},"classes":[]},{"id":7550,"url":"http:\/\/astehshop.com\/index.php\/product\/8-kanalni-wifi-snimac-imou-dahua-nvr1108hs-w-s2\/","url_meta":{"origin":5460,"position":2},"title":"8 Kanalni WIFI snima\u010d Imou Dahua NVR1108HS-W-S2","date":"2. travnja 2023.","format":false,"excerpt":"Be\u017ei\u010dni snima\u010d Uklju\u010di i radi Sigurnost je napravljena da bude jednostavna 1080P H.265 Podr\u0161ka za disk do 16 TB Auto uparivanje Podr\u017eava dvosmjerne komunikacije i ONVIF Nove kamere se same uparuju sa snima\u010dem, dodavanje novih kamera ide na klik Mo\u017eete dodati i kamere koje nisu Imou ili Dahua","rel":"","context":"Srodne objave","img":{"alt_text":"","src":"https:\/\/i1.wp.com\/astehshop.com\/wp-content\/uploads\/2023\/04\/NVR1104HS-W-S2.png?fit=568%2C526&resize=350%2C200","width":350,"height":200},"classes":[]},{"id":5456,"url":"http:\/\/astehshop.com\/index.php\/product\/dahua-xvr5116hs-i2-snimac-16-kanala\/","url_meta":{"origin":5460,"position":3},"title":"Dahua XVR5116HS-I2 snima\u010d 16 kanala","date":"16. listopada 2021.","format":false,"excerpt":"Penta-brid video snima\u010d sa 16 analogna kanala plus 8 dodatnih ip kanala rezolucije do 6MP. AI tehnologija. Maksimalna rezolucija snimanja 5MP. Frame rate: 5M-N (1fps\u201310fps); 4M-N\/1080P (1fps\u201315fps); 1080N\/720P\/960H\/D1\/CIF (1fps\u201325\/30fps). Kompresija snimanja: H.265+. 1x VGA, 1x HDMI. 1x audio in, 1x audio out. 1x RJ45 10M\/100M\/1000M mre\u017eni interfejs. 1x USB 2.0,\u2026","rel":"","context":"Srodne objave","img":{"alt_text":"","src":"https:\/\/i2.wp.com\/astehshop.com\/wp-content\/uploads\/2021\/10\/dahua-xvr5104hs-4kl-i2_0.jpg?fit=870%2C489&resize=350%2C200","width":350,"height":200},"classes":[]},{"id":7547,"url":"http:\/\/astehshop.com\/index.php\/product\/4-kanalni-wifi-dahua-snimac-nvr1104hs-w-s2\/","url_meta":{"origin":5460,"position":4},"title":"4 kanalni WIFI Dahua snima\u010d NVR1104HS-W-S2","date":"2. travnja 2023.","format":false,"excerpt":"Be\u017ei\u010dni snima\u010d Uklju\u010di i radi Sigurnost je napravljena da bude jednostavna 1080P H.265 Podr\u0161ka za disk do 16 TB Auto uparivanje Podr\u017eava dvosmjerne komunikacije i ONVIF Nove kamere se same uparuju sa snima\u010dem, dodavanje novih kamera ide na klik Mo\u017eete dodati i kamere koje nisu Imou ili Dahua https:\/\/www.youtube.com\/watch?v=9-AyWcIwX_E https:\/\/www.youtube.com\/watch?v=WuT2Jr-HZq8\u2026","rel":"","context":"Srodne objave","img":{"alt_text":"","src":"https:\/\/i1.wp.com\/astehshop.com\/wp-content\/uploads\/2023\/04\/NVR1104HS-W-S2.png?fit=568%2C526&resize=350%2C200","width":350,"height":200},"classes":[]},{"id":5458,"url":"http:\/\/astehshop.com\/index.php\/product\/dahua-xvr5216a-4kl-i2-16-kanalni-4k-snimac\/","url_meta":{"origin":5460,"position":5},"title":"Dahua XVR5216A-4KL-I2 16 kanalni 4K snima\u010d","date":"16. listopada 2021.","format":false,"excerpt":"Penta-brid video snima\u010d sa 16 analogna kanala plus 16 dodatnih IP kanala rezolucije do 8MP. AI tehnologija. Maksimalna rezolucija snimanja 8MP. Frame rate: 8MP@7 fps\/6MP@10fps\/5MP@12 fps\/4MP-N@15fps\/1080p\/720p\/WD1\/4CIF\/VGA\/CIF@25fps. Kompresija snimanja: H.265+. 1x VGA, 1x HDMI. 4x audio in, 1x audio out. 16x alarm in, 3x alarm out. 1x RJ45 10M\/100M\/1000M mre\u017eni interfejs.\u2026","rel":"","context":"Srodne objave","img":{"alt_text":"","src":"https:\/\/i2.wp.com\/astehshop.com\/wp-content\/uploads\/2021\/10\/dahua-xvr5104hs-4kl-i2_0.jpg?fit=870%2C489&resize=350%2C200","width":350,"height":200},"classes":[]}],"_links":{"self":[{"href":"http:\/\/astehshop.com\/index.php\/wp-json\/wp\/v2\/product\/5460"}],"collection":[{"href":"http:\/\/astehshop.com\/index.php\/wp-json\/wp\/v2\/product"}],"about":[{"href":"http:\/\/astehshop.com\/index.php\/wp-json\/wp\/v2\/types\/product"}],"replies":[{"embeddable":true,"href":"http:\/\/astehshop.com\/index.php\/wp-json\/wp\/v2\/comments?post=5460"}],"wp:featuredmedia":[{"embeddable":true,"href":"http:\/\/astehshop.com\/index.php\/wp-json\/wp\/v2\/media\/5450"}],"wp:attachment":[{"href":"http:\/\/astehshop.com\/index.php\/wp-json\/wp\/v2\/media?parent=5460"}],"wp:term":[{"taxonomy":"product_cat","embeddable":true,"href":"http:\/\/astehshop.com\/index.php\/wp-json\/wp\/v2\/product_cat?post=5460"},{"taxonomy":"product_tag","embeddable":true,"href":"http:\/\/astehshop.com\/index.php\/wp-json\/wp\/v2\/product_tag?post=5460"}],"curies":[{"name":"wp","href":"https:\/\/api.w.org\/{rel}","templated":true}]}}