{"id":5458,"date":"2021-10-16T21:25:48","date_gmt":"2021-10-16T19:25:48","guid":{"rendered":"http:\/\/astehshop.com\/?post_type=product&#038;p=5458"},"modified":"2025-10-05T09:41:12","modified_gmt":"2025-10-05T07:41:12","slug":"dahua-xvr5216a-4kl-i2-16-kanalni-4k-snimac","status":"publish","type":"product","link":"http:\/\/astehshop.com\/index.php\/product\/dahua-xvr5216a-4kl-i2-16-kanalni-4k-snimac\/","title":{"rendered":"Dahua XVR5216A-4KL-I2 16 kanalni 4K snima\u010d"},"content":{"rendered":"<p>Penta-brid video snima\u010d sa 16 analogna kanala plus 16 dodatnih IP kanala rezolucije do 8MP. AI tehnologija.<br \/>\nMaksimalna rezolucija snimanja 8MP. Frame rate: 8MP@7 fps\/6MP@10fps\/5MP@12 fps\/4MP-N@15fps\/1080p\/720p\/WD1\/4CIF\/VGA\/CIF@25fps. Kompresija snimanja: H.265+. 1x VGA, 1x HDMI. 4x audio in, 1x audio out. 16x alarm in, 3x alarm out. 1x RJ45 10M\/100M\/1000M mre\u017eni interfejs. 1x USB 2.0, 1x USB 3.0. RS485 komunikacija. 2HDD maksimalnog kapaciteta 10TB po disku. Face Recognition, Perimeter Protection, SMD Plus.<\/p>\n","protected":false},"excerpt":{"rendered":"<p>Penta-brid video snima\u010d sa 16 analogna kanala plus 16 dodatnih IP kanala rezolucije do 8MP. AI tehnologija.<br \/>\nMaksimalna rezolucija snimanja 8MP. Frame rate: 8MP@7 fps\/6MP@10fps\/5MP@12 fps\/4MP-N@15fps\/1080p\/720p\/WD1\/4CIF\/VGA\/CIF@25fps. Kompresija snimanja: H.265+. 1x VGA, 1x HDMI. 4x audio in, 1x audio out. 16x alarm in, 3x alarm out. 1x RJ45 10M\/100M\/1000M mre\u017eni interfejs. 1x USB 2.0, 1x USB 3.0. RS485 komunikacija. 2HDD maksimalnog kapaciteta 10TB po disku. Face Recognition, Perimeter Protection, SMD Plus.<\/p>\n","protected":false},"featured_media":5450,"comment_status":"open","ping_status":"closed","template":"","meta":{"_mi_skip_tracking":false,"_exactmetrics_sitenote_active":false,"_exactmetrics_sitenote_note":"","_exactmetrics_sitenote_category":0,"spay_email":""},"product_cat":[133],"product_tag":[3250,3255,3256],"brands":[{"id":2045,"name":"Dahua","slug":"dahua"}],"df_price":"","df_sale_price":"","df_regular_price":"","df_image_link":"https:\/\/i2.wp.com\/astehshop.com\/wp-content\/uploads\/2021\/10\/dahua-xvr5104hs-4kl-i2_0.jpg?fit=450%2C253","jetpack_publicize_connections":[],"jetpack_sharing_enabled":true,"jetpack_likes_enabled":true,"jetpack-related-posts":[{"id":5454,"url":"http:\/\/astehshop.com\/index.php\/product\/dahua-xvr5108hs-4kl-i2\/","url_meta":{"origin":5458,"position":0},"title":"Dahua XVR5108HS-4KL-I2","date":"16. listopada 2021.","format":false,"excerpt":"Penta-brid video snima\u010d sa 8 analogna kanala plus 8 dodatnih ip kanala rezolucije do 8MP. AI tehnologija. Maksimalna rezolucija snimanja 8MP. Frame rate: 8MP@7 fps\/6MP@10fps\/5MP@12 fps\/4MP-N@15fps\/1080p\/720p\/WD1\/4CIF\/VGA\/CIF@25fps. Kompresija snimanja: H.265+. 1x VGA, 1x HDMI. 1x audio in, 1x audio out. 1x RJ45 10M\/100M\/1000M mre\u017eni interfejs. 1x USB 2.0, 1x USB 3.0.\u2026","rel":"","context":"Srodne objave","img":{"alt_text":"","src":"https:\/\/i2.wp.com\/astehshop.com\/wp-content\/uploads\/2021\/10\/dahua-xvr5104hs-4kl-i2_0.jpg?fit=870%2C489&resize=350%2C200","width":350,"height":200},"classes":[]},{"id":5449,"url":"http:\/\/astehshop.com\/index.php\/product\/dahua-xvr5104hs-4kl-i2-4-kanalni-snimac\/","url_meta":{"origin":5458,"position":1},"title":"Dahua XVR5104HS-4KL-I2 4 kanalni snima\u010d","date":"16. listopada 2021.","format":false,"excerpt":"Penta-brid video snima\u010d sa 4 analogna kanala plus 4 dodatnih ip kanala rezolucije do 8MP. AI tehnologija. Maksimalna rezolucija snimanja 8MP. Frame rate: 8MP@7 fps\/6MP@10fps\/5MP@12 fps\/4MP-N@15fps\/1080p\/720p\/WD1\/4CIF\/VGA\/CIF@25fps. Kompresija snimanja: H.265+. 1x VGA, 1x HDMI. 1x audio in, 1x audio out. 1x RJ45 10M\/100M\/1000M mre\u017eni interfejs. 2x USB 2.0. RS485 komunikacija. 1HDD\u2026","rel":"","context":"Srodne objave","img":{"alt_text":"","src":"https:\/\/i2.wp.com\/astehshop.com\/wp-content\/uploads\/2021\/10\/dahua-xvr5104hs-4kl-i2_0.jpg?fit=870%2C489&resize=350%2C200","width":350,"height":200},"classes":[]},{"id":5456,"url":"http:\/\/astehshop.com\/index.php\/product\/dahua-xvr5116hs-i2-snimac-16-kanala\/","url_meta":{"origin":5458,"position":2},"title":"Dahua XVR5116HS-I2 snima\u010d 16 kanala","date":"16. listopada 2021.","format":false,"excerpt":"Penta-brid video snima\u010d sa 16 analogna kanala plus 8 dodatnih ip kanala rezolucije do 6MP. AI tehnologija. Maksimalna rezolucija snimanja 5MP. Frame rate: 5M-N (1fps\u201310fps); 4M-N\/1080P (1fps\u201315fps); 1080N\/720P\/960H\/D1\/CIF (1fps\u201325\/30fps). Kompresija snimanja: H.265+. 1x VGA, 1x HDMI. 1x audio in, 1x audio out. 1x RJ45 10M\/100M\/1000M mre\u017eni interfejs. 1x USB 2.0,\u2026","rel":"","context":"Srodne objave","img":{"alt_text":"","src":"https:\/\/i2.wp.com\/astehshop.com\/wp-content\/uploads\/2021\/10\/dahua-xvr5104hs-4kl-i2_0.jpg?fit=870%2C489&resize=350%2C200","width":350,"height":200},"classes":[]},{"id":5289,"url":"http:\/\/astehshop.com\/index.php\/product\/dahua-wizsense-4-snimac-xvr-xvr5104hs-i2\/","url_meta":{"origin":5458,"position":3},"title":"Dahua WizSense 4 kanalni snima\u010d XVR XVR5104HS-I3","date":"9. listopada 2021.","format":false,"excerpt":"Penta-brid video snima\u010d sa 4 analogna kanala plus 2 dodatnih ip kanala rezolucije do 6MP. AI tehnologija. Maksimalna rezolucija snimanja 5MP. Frame rate: 5M-N (1fps\u201310fps); 4M-N\/1080P (1fps\u201315fps); 1080N\/720P\/960H\/D1\/CIF (1fps\u201325\/30fps). Kompresija snimanja: H.265+. 1x VGA, 1x HDMI. 1x audio in, 1x audio out. 1x RJ45 10M\/100M\/1000M mre\u017eni interfejs. 2x USB 2.0.\u2026","rel":"","context":"Srodne objave","img":{"alt_text":"","src":"https:\/\/i1.wp.com\/astehshop.com\/wp-content\/uploads\/2021\/10\/XVR5104HS-I2-flank_thumb.png?fit=400%2C400&resize=350%2C200","width":350,"height":200},"classes":[]},{"id":5500,"url":"http:\/\/astehshop.com\/index.php\/product\/dahua-nvr4108-4ks2-8-kanalni-nvr\/","url_meta":{"origin":5458,"position":4},"title":"Dahua NVR4108-4KS2 8 Kanalni NVR","date":"17. listopada 2021.","format":false,"excerpt":"Mre\u017eni video snima\u010d sa 8 kanala. Maksimalna rezolucija snimanja 8MP. 2-ch @8MP, 8-ch @1080p. Kompresija snimanja H.265+, H.265. 1 x HDMI izlaz,1 x VGA izlaz. 1x audio in, 1x audio out. 1x RJ45 10M\/100M\/1000M mre\u017eni interfejs. 2x USB 2.0. Mogu\u0107nost priklju\u010denja 1HDD maksimalnog kapaciteta 6TB.","rel":"","context":"Srodne objave","img":{"alt_text":"","src":"https:\/\/i0.wp.com\/astehshop.com\/wp-content\/uploads\/2021\/10\/NVR4104-4KS2-L.jpg?fit=452%2C452&resize=350%2C200","width":350,"height":200},"classes":[]},{"id":6901,"url":"http:\/\/astehshop.com\/index.php\/product\/vivotek-16ch-nvr-16x-poe-port-2x-hdd-slot-nd9425p\/","url_meta":{"origin":5458,"position":5},"title":"Vivotek 16ch NVR, 16x PoE port, 2x HDD slot ND9425P","date":"2. prosinca 2022.","format":false,"excerpt":"- 16-kanalni mre\u017eni snima\u010d sa 4x PoE 802.3 at\/af port- mogu\u0107nost dodavanja kamera rezolucije do 8 MP na 30 fps720x480 @ 480 fps (16-CH)- konfiguracija RAID 0, 1 za sprje\u010davanje gubitka podataka snimanja- HDMI & VGA izlaz sa 4K rezolucijom prikaza- 4x Alarm In, 1x Alarm Out- 2x USB 3.0\/2.0-\u2026","rel":"","context":"Srodne objave","img":{"alt_text":"","src":"https:\/\/i0.wp.com\/astehshop.com\/wp-content\/uploads\/2022\/12\/nd9323p_photo.png?fit=842%2C723&resize=350%2C200","width":350,"height":200},"classes":[]}],"_links":{"self":[{"href":"http:\/\/astehshop.com\/index.php\/wp-json\/wp\/v2\/product\/5458"}],"collection":[{"href":"http:\/\/astehshop.com\/index.php\/wp-json\/wp\/v2\/product"}],"about":[{"href":"http:\/\/astehshop.com\/index.php\/wp-json\/wp\/v2\/types\/product"}],"replies":[{"embeddable":true,"href":"http:\/\/astehshop.com\/index.php\/wp-json\/wp\/v2\/comments?post=5458"}],"wp:featuredmedia":[{"embeddable":true,"href":"http:\/\/astehshop.com\/index.php\/wp-json\/wp\/v2\/media\/5450"}],"wp:attachment":[{"href":"http:\/\/astehshop.com\/index.php\/wp-json\/wp\/v2\/media?parent=5458"}],"wp:term":[{"taxonomy":"product_cat","embeddable":true,"href":"http:\/\/astehshop.com\/index.php\/wp-json\/wp\/v2\/product_cat?post=5458"},{"taxonomy":"product_tag","embeddable":true,"href":"http:\/\/astehshop.com\/index.php\/wp-json\/wp\/v2\/product_tag?post=5458"}],"curies":[{"name":"wp","href":"https:\/\/api.w.org\/{rel}","templated":true}]}}