{"id":5429,"date":"2021-10-16T20:10:44","date_gmt":"2021-10-16T18:10:44","guid":{"rendered":"http:\/\/astehshop.com\/?post_type=product&#038;p=5429"},"modified":"2025-09-17T22:00:47","modified_gmt":"2025-09-17T20:00:47","slug":"dahua-2mp-hdcvi-ir-bullet-camera-hac-hfw1200r-z-ire6","status":"publish","type":"product","link":"http:\/\/astehshop.com\/index.php\/product\/dahua-2mp-hdcvi-ir-bullet-camera-hac-hfw1200r-z-ire6\/","title":{"rendered":"Dahua 2MP HDCVI IR Bullet Camera HAC-HFW1200R-Z-IRE6"},"content":{"rendered":"<p>2MP HDCVI kamera u bullet ku\u0107i\u0161tu 4 u 1 TVI\/AHD\/CVI\/CVBS re\u017eim.<br \/>\n0.02Lux\/F1.8, 30IRE, 0Lux IR on. Maksimalna rezolucija 1920&#215;1080.Varifokalna optika 2.7 &#8211; 12 mm. Nivo za\u0161tite IP67. DWDR. Domet IC dioda 60 metara. 12v napajanje. Odgovaraju\u0107a dozna je PFA130-E. Nosa\u010d za banderu je PFA152-E.<\/p>\n","protected":false},"excerpt":{"rendered":"<p>2MP HDCVI kamera u bullet ku\u0107i\u0161tu 4 u 1 TVI\/AHD\/CVI\/CVBS re\u017eim.<br \/>\n0.02Lux\/F1.8, 30IRE, 0Lux IR on. Maksimalna rezolucija 1920&#215;1080.Varifokalna optika 2.7 &#8211; 12 mm. Nivo za\u0161tite IP67. DWDR. Domet IC dioda 60 metara. 12v napajanje. Odgovaraju\u0107a dozna je PFA130-E. Nosa\u010d za banderu je PFA152-E.<\/p>\n","protected":false},"featured_media":5430,"comment_status":"open","ping_status":"closed","template":"","meta":{"_mi_skip_tracking":false,"_exactmetrics_sitenote_active":false,"_exactmetrics_sitenote_note":"","_exactmetrics_sitenote_category":0,"spay_email":""},"product_cat":[132,4415],"product_tag":[3234,592],"brands":[{"id":2045,"name":"Dahua","slug":"dahua"}],"df_price":"","df_sale_price":"","df_regular_price":"","df_image_link":"https:\/\/i2.wp.com\/astehshop.com\/wp-content\/uploads\/2021\/10\/HAC-HFW1200R-Z-IRE6.png?fit=300%2C300","jetpack_publicize_connections":[],"jetpack_sharing_enabled":true,"jetpack_likes_enabled":true,"jetpack-related-posts":[{"id":5432,"url":"http:\/\/astehshop.com\/index.php\/product\/dahua-2mp-hdcvi-ir-bullet-camera-28mm-hac-hfw1200t-0280b\/","url_meta":{"origin":5429,"position":0},"title":"Dahua 2MP HDCVI IR Bullet Camera, 2,8mm HAC-HFW1200T-0280B","date":"16. listopada 2021.","format":false,"excerpt":"2MP HDCVI kamera u bullet ku\u0107i\u0161tu 4 u 1 TVI\/AHD\/CVI\/CVBS re\u017eim. 0.02Lux\/F1.9, 30IRE, 0Lux IR on. Maksimalna rezolucija 1920x1080. Fiksna optika 2.8mm. Nivo za\u0161tite IP67. DWDR. Domet IC dioda 30 metara. 12v napajanje. Odgovaraju\u0107a dozna je PFA134. Nosa\u010d za banderu je PFA152-E.","rel":"","context":"Srodne objave","img":{"alt_text":"","src":"https:\/\/i1.wp.com\/astehshop.com\/wp-content\/uploads\/2021\/10\/Dahua-2MP-HDCVI-IR-Bullet-Camera-28mm-HAC-HFW1200T-0280B.png?fit=400%2C400&resize=350%2C200","width":350,"height":200},"classes":[]},{"id":5438,"url":"http:\/\/astehshop.com\/index.php\/product\/dahua-hac-hfw1200th-i8-0360b\/","url_meta":{"origin":5429,"position":1},"title":"Dahua HAC-HFW1200TH-I8-0360B","date":"16. listopada 2021.","format":false,"excerpt":"2MP HDCVI kamera u bullet ku\u0107i\u0161tu 4 u 1 TVI\/AHD\/CVI\/CVBS re\u017eim. 0.02Lux\/F1.9, 30IRE, 0Lux IR on. Maksimalna rezolucija 1920x1080. Fiksna optika 3.6mm. Nivo za\u0161tite IP67. DWDR. Domet IC dioda 80 metara. 12v napajanje. Odgovaraju\u0107a dozna je PFA130-E. Nosa\u010d za banderu je PFA152-E.","rel":"","context":"Srodne objave","img":{"alt_text":"","src":"https:\/\/i1.wp.com\/astehshop.com\/wp-content\/uploads\/2021\/10\/dahua-hac-hfw1200th-i8-0360b_0.jpg?fit=1200%2C675&resize=350%2C200","width":350,"height":200},"classes":[]},{"id":5440,"url":"http:\/\/astehshop.com\/index.php\/product\/dahua-hac-hfw1200tl-0360b\/","url_meta":{"origin":5429,"position":2},"title":"Dahua HAC-HFW1200TL-0360B","date":"16. listopada 2021.","format":false,"excerpt":"2MP HDCVI kamera u bullet ku\u0107i\u0161tu 4 u 1 TVI\/AHD\/CVI\/CVBS re\u017eim. 0.02Lux\/F1.85, 30IRE, 0Lux IR on. Maksimalna rezolucija 1920x1080. Fiksna optika 3.6mm. Nivo za\u0161tite IP67. DWDR. Domet IC dioda 80 metara. 12v napajanje. Odgovaraju\u0107a dozna je PFA130-E.","rel":"","context":"Srodne objave","img":{"alt_text":"","src":"https:\/\/i2.wp.com\/astehshop.com\/wp-content\/uploads\/2021\/10\/HAC-HFW1200TL-0360B.png?fit=400%2C400&resize=350%2C200","width":350,"height":200},"classes":[]},{"id":5424,"url":"http:\/\/astehshop.com\/index.php\/product\/dahua-hac-hdw1500t-z-a-2712-varifokalna-optika-2-7-12-mm\/","url_meta":{"origin":5429,"position":3},"title":"Dahua HAC-HDW1500T-Z-A-2712 varifokalna optika 2.7 &#8211; 12 mm","date":"16. listopada 2021.","format":false,"excerpt":"5MP HDCVI kamera u eyeball ku\u0107i\u0161tu 4 u 1 TVI\/AHD\/CVI\/CVBS re\u017eim. 0.02Lux\/F1.8, 30IRE, 0Lux IR on. Maksimalna rezolucija 2592x1944. Varifokalna optika 2.7 - 12 mm. Nivo za\u0161tite IP67. DWDR. Domet IC dioda 50 metara. Integrisan mikrofon. 12v napajanje. Odgovaraju\u0107a dozna je PFA130-E. Nosa\u010d za banderu je PFA152-E.","rel":"","context":"Srodne objave","img":{"alt_text":"","src":"https:\/\/i2.wp.com\/astehshop.com\/wp-content\/uploads\/2021\/10\/HAC-HDW1500T-Z-A-0_thumb.png?fit=400%2C400&resize=350%2C200","width":350,"height":200},"classes":[]},{"id":9061,"url":"http:\/\/astehshop.com\/index.php\/product\/dahua-hac-hdw1200t-z-a-s5-kamera\/","url_meta":{"origin":5429,"position":4},"title":"Dahua HAC-HDW1200T-Z-A (S5) kamera","date":"19. velja\u010de 2024.","format":false,"excerpt":"2MP HDCVI kamera u eyeball ku\u0107i\u0161tu 4 u 1 TVI\/AHD\/CVI\/CVBS re\u017eim. 0.02Lux\/F1.7, 30IRE, 0Lux IR on. Maksimalna rezolucija 1920x1080.Varifokalna optika 2.7 - 12 mm. Nivo za\u0161tite IP67. DWDR. Domet IC dioda 60 metara. Integrisan mikrofon. 12v napajanje. Odgovaraju\u0107a dozna je PFA130-E. Nosa\u010d za banderu je PFA152-E. Zidni nosa\u010d je PFB203W.\u2026","rel":"","context":"Srodne objave","img":{"alt_text":"","src":"https:\/\/i0.wp.com\/astehshop.com\/wp-content\/uploads\/2024\/02\/dahua-hac-hdw1200t-z-a-s5-kamera_0.jpg?fit=1200%2C675&resize=350%2C200","width":350,"height":200},"classes":[]},{"id":5270,"url":"http:\/\/astehshop.com\/index.php\/product\/dahua-hac-hdbw1200rp-z-2712-s5\/","url_meta":{"origin":5429,"position":5},"title":"Dahua HAC-HDBW1200RP-Z-2712-S5","date":"9. listopada 2021.","format":false,"excerpt":"2MP HDCVI kamera u dome ku\u0107i\u0161tu sa StarLight tehnologijom 4 u 1 TVI\/AHD\/CVI\/CVBS re\u017eim. 0.02Lux\/F1.7, 30IRE, 0Lux IR on. Maksimalna rezolucija 1920x1080. Varifokalna optika 2.7 - 12 mm. Nivo za\u0161tite IP67, IK10. DWDR. Domet IC dioda 30 metara. 12v napajanje. Odgovaraju\u0107a dozna je PFA137. Nosa\u010d za banderu je PFA152-E.","rel":"","context":"Srodne objave","img":{"alt_text":"","src":"https:\/\/i2.wp.com\/astehshop.com\/wp-content\/uploads\/2021\/10\/dahua-hac-hdbw1200r-z-2712_0.jpg?fit=1200%2C675&resize=350%2C200","width":350,"height":200},"classes":[]}],"_links":{"self":[{"href":"http:\/\/astehshop.com\/index.php\/wp-json\/wp\/v2\/product\/5429"}],"collection":[{"href":"http:\/\/astehshop.com\/index.php\/wp-json\/wp\/v2\/product"}],"about":[{"href":"http:\/\/astehshop.com\/index.php\/wp-json\/wp\/v2\/types\/product"}],"replies":[{"embeddable":true,"href":"http:\/\/astehshop.com\/index.php\/wp-json\/wp\/v2\/comments?post=5429"}],"wp:featuredmedia":[{"embeddable":true,"href":"http:\/\/astehshop.com\/index.php\/wp-json\/wp\/v2\/media\/5430"}],"wp:attachment":[{"href":"http:\/\/astehshop.com\/index.php\/wp-json\/wp\/v2\/media?parent=5429"}],"wp:term":[{"taxonomy":"product_cat","embeddable":true,"href":"http:\/\/astehshop.com\/index.php\/wp-json\/wp\/v2\/product_cat?post=5429"},{"taxonomy":"product_tag","embeddable":true,"href":"http:\/\/astehshop.com\/index.php\/wp-json\/wp\/v2\/product_tag?post=5429"}],"curies":[{"name":"wp","href":"https:\/\/api.w.org\/{rel}","templated":true}]}}