{"id":5386,"date":"2021-10-11T19:56:15","date_gmt":"2021-10-11T17:56:15","guid":{"rendered":"http:\/\/astehshop.com\/?post_type=product&#038;p=5386"},"modified":"2021-10-11T19:59:03","modified_gmt":"2021-10-11T17:59:03","slug":"utp-cat5e-305-metara-cat5","status":"publish","type":"product","link":"http:\/\/astehshop.com\/index.php\/product\/utp-cat5e-305-metara-cat5\/","title":{"rendered":"UTP-CAT5E 305 metara CAT5"},"content":{"rendered":"<p>UTP Cat5e lan cable, Conductor: 0.5mm CCA, Boja: Siva, Du\u017eina: 305m\/kutija, Pakovanje: CPU kutija, te\u017eina: 7,475 kg<\/p>\n","protected":false},"excerpt":{"rendered":"<p>UTP Cat5e lan cable, Conductor: 0.5mm CCA, Boja: Siva, Du\u017eina: 305m\/kutija, Pakovanje: CPU kutija, te\u017eina: 7,475 kg<\/p>\n","protected":false},"featured_media":5387,"comment_status":"open","ping_status":"closed","template":"","meta":{"_mi_skip_tracking":false,"_exactmetrics_sitenote_active":false,"_exactmetrics_sitenote_note":"","_exactmetrics_sitenote_category":0,"spay_email":""},"product_cat":[1216],"product_tag":[3178,3179,3180,3176,3175,3177],"brands":[],"df_price":130,"df_sale_price":"","df_regular_price":130,"df_image_link":"https:\/\/i2.wp.com\/astehshop.com\/wp-content\/uploads\/2021\/10\/ccs-cat5e-utp-cable-lszh-outer-sheath.jpg?fit=450%2C450","jetpack_publicize_connections":[],"jetpack_sharing_enabled":true,"jetpack_likes_enabled":true,"jetpack-related-posts":[{"id":5388,"url":"http:\/\/astehshop.com\/index.php\/product\/mrezni-kabal-ftp-cat5e-305-metara\/","url_meta":{"origin":5386,"position":0},"title":"Mre\u017eni kabal FTP-CAT5E 305 metara","date":"11. listopada 2021.","format":false,"excerpt":"FTP Cat5e lan cable, Conductor: 0.5mm CCA, Boja : Siva, Du\u017eina: 305m\/box, Pakovanje: CPU Kutija, te\u017eina: 8,30 kg","rel":"","context":"Srodne objave","img":{"alt_text":"","src":"https:\/\/i2.wp.com\/astehshop.com\/wp-content\/uploads\/2021\/10\/ccs-cat5e-utp-cable-lszh-outer-sheath.jpg?fit=800%2C800&resize=350%2C200","width":350,"height":200},"classes":[]},{"id":5389,"url":"http:\/\/astehshop.com\/index.php\/product\/mrezni-kabal-utp-cat6-305-metara-bunt\/","url_meta":{"origin":5386,"position":1},"title":"Mre\u017eni kabal UTP-CAT6 305 metara bunt","date":"11. listopada 2021.","format":false,"excerpt":"UTP Cat6 lan cable, Conductor: 0.5mm CCA, Boja: Plava, Du\u017eina: 305m\/kutija, Pakovanje: CPU kutija, te\u017eina 9,65 kg","rel":"","context":"Srodne objave","img":{"alt_text":"","src":"https:\/\/i2.wp.com\/astehshop.com\/wp-content\/uploads\/2021\/10\/ccs-cat5e-utp-cable-lszh-outer-sheath.jpg?fit=800%2C800&resize=350%2C200","width":350,"height":200},"classes":[]},{"id":5390,"url":"http:\/\/astehshop.com\/index.php\/product\/mrezni-kabal-ftp-cat6-305-metara\/","url_meta":{"origin":5386,"position":2},"title":"Mre\u017eni kabal FTP-CAT6 305 metara","date":"11. listopada 2021.","format":false,"excerpt":"FTP Cat6 lan cable, Conductor: 0.5mm CCA, Boja: Plava, Du\u017eina: 305m\/kutija, Pakovanje: CPU kutija, te\u017eina: 10,15 kg","rel":"","context":"Srodne objave","img":{"alt_text":"","src":"https:\/\/i2.wp.com\/astehshop.com\/wp-content\/uploads\/2021\/10\/ccs-cat5e-utp-cable-lszh-outer-sheath.jpg?fit=800%2C800&resize=350%2C200","width":350,"height":200},"classes":[]},{"id":5391,"url":"http:\/\/astehshop.com\/index.php\/product\/mrezni-kabal-cat5e-outdoor-vanjski-305-metara-bunt\/","url_meta":{"origin":5386,"position":3},"title":"Mre\u017eni kabal CAT5E-OUTDOOR vanjski 305 metara bunt","date":"11. listopada 2021.","format":false,"excerpt":"UTP Cat5e outdoor cable, Conductor: 0.5mm CCA, Boja: Crna Du\u017eina: 305m\/drveni kolut, te\u017eina: 9,925 kg","rel":"","context":"Srodne objave","img":{"alt_text":"","src":"https:\/\/i2.wp.com\/astehshop.com\/wp-content\/uploads\/2021\/10\/ccs-cat5e-utp-cable-lszh-outer-sheath.jpg?fit=800%2C800&resize=350%2C200","width":350,"height":200},"classes":[]},{"id":5392,"url":"http:\/\/astehshop.com\/index.php\/product\/mrezni-kabal-cat6e-outdoor-vanjski-305-metara-bunt\/","url_meta":{"origin":5386,"position":4},"title":"Mre\u017eni kabal CAT6E-OUTDOOR vanjski 305 Metara bunt","date":"11. listopada 2021.","format":false,"excerpt":"UTP Cat6 outdoor cable, Conductor: 0.5mm CCA, Boja: Crna, Du\u017eina: 305m\/drveni kolut, te\u017eina: 11,075 kg","rel":"","context":"Srodne objave","img":{"alt_text":"","src":"https:\/\/i2.wp.com\/astehshop.com\/wp-content\/uploads\/2021\/10\/ccs-cat5e-utp-cable-lszh-outer-sheath.jpg?fit=800%2C800&resize=350%2C200","width":350,"height":200},"classes":[]},{"id":11467,"url":"http:\/\/astehshop.com\/index.php\/product\/logilink-cat5e-patch-cable-utp-10m\/","url_meta":{"origin":5386,"position":5},"title":"LOGILINK CAT5E PATCH CABLE UTP 10M","date":"18. kolovoza 2025.","format":false,"excerpt":"Za sve dodatne informacije mozete nas kontaktirati na\u00a0OLX poruke, 065824333 ili Viber NUDIMO KUPOVINU NOVE ROBE NA RATE: -DO 18 RATA PREKO MIKROFIN KREDITNA ORGANIZACIJA -DO 12 RATA PREKO \u0160OPING KARTICE UNICREDIT BANK \u00a0 Trgovinska Radnja TECHNO SHOP BN Nikole Tesle 31a, Bijeljina (izme\u0111u Moja Apoteka i picerije Park Ne\u0161kovi\u0107)\u2026","rel":"","context":"Srodne objave","img":{"alt_text":"","src":"https:\/\/i1.wp.com\/astehshop.com\/wp-content\/uploads\/2025\/08\/33073-LogiLink-CAT5e-Patch-Cable-UTP-Econline-5m-CP1073U-1.webp?fit=450%2C450&resize=350%2C200","width":350,"height":200},"classes":[]}],"_links":{"self":[{"href":"http:\/\/astehshop.com\/index.php\/wp-json\/wp\/v2\/product\/5386"}],"collection":[{"href":"http:\/\/astehshop.com\/index.php\/wp-json\/wp\/v2\/product"}],"about":[{"href":"http:\/\/astehshop.com\/index.php\/wp-json\/wp\/v2\/types\/product"}],"replies":[{"embeddable":true,"href":"http:\/\/astehshop.com\/index.php\/wp-json\/wp\/v2\/comments?post=5386"}],"wp:featuredmedia":[{"embeddable":true,"href":"http:\/\/astehshop.com\/index.php\/wp-json\/wp\/v2\/media\/5387"}],"wp:attachment":[{"href":"http:\/\/astehshop.com\/index.php\/wp-json\/wp\/v2\/media?parent=5386"}],"wp:term":[{"taxonomy":"product_cat","embeddable":true,"href":"http:\/\/astehshop.com\/index.php\/wp-json\/wp\/v2\/product_cat?post=5386"},{"taxonomy":"product_tag","embeddable":true,"href":"http:\/\/astehshop.com\/index.php\/wp-json\/wp\/v2\/product_tag?post=5386"}],"curies":[{"name":"wp","href":"https:\/\/api.w.org\/{rel}","templated":true}]}}