{"id":5364,"date":"2021-10-10T20:48:13","date_gmt":"2021-10-10T18:48:13","guid":{"rendered":"http:\/\/astehshop.com\/?post_type=product&#038;p=5364"},"modified":"2021-10-10T20:48:14","modified_gmt":"2021-10-10T18:48:14","slug":"xiaomi-router-ax1800-e-to-je-brzina","status":"publish","type":"product","link":"http:\/\/astehshop.com\/index.php\/product\/xiaomi-router-ax1800-e-to-je-brzina\/","title":{"rendered":"XiaoMi Router AX1800 &#8211; e to je brzina"},"content":{"rendered":"<div id=\"detaljni-opis\" class=\"artikal_detaljniopis_tekst\">\n<p>\u2022 Wi-Fi 6 (802.11ax) ubrzanje brzine interneta<br \/>\n\u2022 Brzine od 1201Mbps na 5GHz mre\u017ei i 574Mbps na 2.4GHz mre\u017eama<br \/>\n5-jezgreni procesor<br \/>\n\u2022 QCA 4-core CPU + single core NPU<br \/>\n4 antene<br \/>\n\u2022 Spojivo do 128 ure\u0111aja<\/p>\n<p>\u010cip QCA 4-core CPU + single core NPU<br \/>\nROM 128MB<br \/>\nRAM 256MB<br \/>\nAntena 4 antene<br \/>\nProtokol IEEE 802.11a\/b\/g\/n\/ac\/ax, 802.3\/3u\/3ab<br \/>\nNapajanje 12V\/1A<br \/>\nSignal 5GHz do 1201Mbps &#8211; 2.4GHz do 574Mbps<br \/>\nUlazi 3 LAN ulaza 10\/100\/1000Mbps + 1 WAN ulaz 10\/100\/1000Mbps<br \/>\n2.4GHz kanali 1-13<br \/>\n5GHz kanali 36, 40, 44, 48, 52, 56, 60, 64, 100, 104, 108, 112, 116, 120, 124, 128, 132, 136, 140, 149,153, 157, 161, 165<br \/>\nWireless Security WPA-PSK\/WPA2-PSK \/ WPA3-SAE enkripcija<br \/>\nwireless access control (blacklist and whitelist),<br \/>\nSSID hiding, smart unauthorized access prevention<br \/>\nVisina 141mm<br \/>\nDuzina 180mm<br \/>\n\u0160irina 247mm<br \/>\nBoja Bijela<br \/>\nLED indikatori 2x (System indicator x1, Internet indicator x1)<br \/>\nWireless Modulacije 11B:DSSS:DBPSK(1 Mbps), DQPSK(2 Mbps), CCK(5,5\/11 Mbps)<br \/>\n11A\/g:OFDM:BPSK(6\/9 Mbps), QPSK(12\/18 Mbps), 16QAM(24\/36 Mbps),<br \/>\n64QAM(48\/54 Mbps)<br \/>\n11n:MIMO-OFDM:BPSK,QPSK,16QAM,64QAM.Rate set: MCS0-MCS15<br \/>\n11AC:MIMO-OFDM:BPSK,QPSK,16QAM,64QAM,256QAM.<br \/>\nRate set: MSC0-MCS9 (supports 2 streams)<br \/>\n11ax:MIMO-OFDM:BPSK,QPSK,16QAM,64QAM,256QAM,1024QAM.<br \/>\nRate set: MCS0-MCS11 (2 streams supported)<br \/>\nPodr\u017eane aplikacije Web, Android, iOS<br \/>\nMre\u017ena sigurnost Access control (blacklist, whitelist), guest network, DoS, SPI firewall,<br \/>\nIP and MAC Address binding, IP and MAC filtering<br \/>\nOS OpenWRT widely customisable intelligent router operating system MiWiFi ROM<\/p>\n<\/div>\n","protected":false},"excerpt":{"rendered":"<div id=\"detaljni-opis\" class=\"artikal_detaljniopis_tekst\">\n<p>\u2022 Wi-Fi 6 (802.11ax) ubrzanje brzine interneta<br \/>\n\u2022 Brzine od 1201Mbps na 5GHz mre\u017ei i 574Mbps na 2.4GHz mre\u017eama<br \/>\n5-jezgreni procesor<br \/>\n\u2022 QCA 4-core CPU + single core NPU<br \/>\n4 antene<br \/>\n\u2022 Spojivo do 128 ure\u0111aja<\/p>\n<p>\u010cip QCA 4-core CPU + single core NPU<br \/>\nROM 128MB<br \/>\nRAM 256MB<br \/>\nAntena 4 antene<br \/>\nProtokol IEEE 802.11a\/b\/g\/n\/ac\/ax, 802.3\/3u\/3ab<br \/>\nNapajanje 12V\/1A<br \/>\nSignal 5GHz do 1201Mbps &#8211; 2.4GHz do 574Mbps<br \/>\nUlazi 3 LAN ulaza 10\/100\/1000Mbps + 1 WAN ulaz 10\/100\/1000Mbps<br \/>\n2.4GHz kanali 1-13<br \/>\n5GHz kanali 36, 40, 44, 48, 52, 56, 60, 64, 100, 104, 108, 112, 116, 120, 124, 128, 132, 136, 140, 149,153, 157, 161, 165<br \/>\nWireless Security WPA-PSK\/WPA2-PSK \/ WPA3-SAE enkripcija<br \/>\nwireless access control (blacklist and whitelist),<br \/>\nSSID hiding, smart unauthorized access prevention<br \/>\nVisina 141mm<br \/>\nDuzina 180mm<br \/>\n\u0160irina 247mm<br \/>\nBoja Bijela<br \/>\nLED indikatori 2x (System indicator x1, Internet indicator x1)<br \/>\nWireless Modulacije 11B:DSSS:DBPSK(1 Mbps), DQPSK(2 Mbps), CCK(5,5\/11 Mbps)<br \/>\n11A\/g:OFDM:BPSK(6\/9 Mbps), QPSK(12\/18 Mbps), 16QAM(24\/36 Mbps),<br \/>\n64QAM(48\/54 Mbps)<br \/>\n11n:MIMO-OFDM:BPSK,QPSK,16QAM,64QAM.Rate set: MCS0-MCS15<br \/>\n11AC:MIMO-OFDM:BPSK,QPSK,16QAM,64QAM,256QAM.<br \/>\nRate set: MSC0-MCS9 (supports 2 streams)<br \/>\n11ax:MIMO-OFDM:BPSK,QPSK,16QAM,64QAM,256QAM,1024QAM.<br \/>\nRate set: MCS0-MCS11 (2 streams supported)<br \/>\nPodr\u017eane aplikacije Web, Android, iOS<br \/>\nMre\u017ena sigurnost Access control (blacklist, whitelist), guest network, DoS, SPI firewall,<br \/>\nIP and MAC Address binding, IP and MAC filtering<br \/>\nOS OpenWRT widely customisable intelligent router operating system MiWiFi ROM<\/p>\n<\/div>\n","protected":false},"featured_media":5365,"comment_status":"open","ping_status":"closed","template":"","meta":{"_mi_skip_tracking":false,"_exactmetrics_sitenote_active":false,"_exactmetrics_sitenote_note":"","_exactmetrics_sitenote_category":0,"spay_email":""},"product_cat":[164],"product_tag":[3156,2359,3158,3157],"brands":[{"id":2356,"name":"xiaomi","slug":"xiaomi"}],"df_price":108,"df_sale_price":"","df_regular_price":108,"df_image_link":"https:\/\/i0.wp.com\/astehshop.com\/wp-content\/uploads\/2021\/10\/XiaoMi-Router-AX1800-e-to-je-brzina.jpg?fit=225%2C225","jetpack_publicize_connections":[],"jetpack_sharing_enabled":true,"jetpack_likes_enabled":true,"jetpack-related-posts":[{"id":8102,"url":"http:\/\/astehshop.com\/index.php\/product\/cudy-ax3000-dual-band-wi-fi-6-range-extender-model-re3000\/","url_meta":{"origin":5364,"position":0},"title":"Cudy AX3000 Dual Band Wi-Fi 6 Range Extender, Model: RE3000","date":"24. kolovoza 2023.","format":false,"excerpt":"AX3000 Dual Band Wi-Fi 6 Range Extender, Model: RE3000 Extremely Fast AX3000 Wi-Fi 6 Technology 1.3GHz Dual Core Cortex-A53 Processor OFDMA, Beamforming and MU-MIMO Supported Work with any standard router or gateway Easily expand wireless coverage at a push of the WPS button Gigabit Ethernet ports to connect wired devices\u2026","rel":"","context":"Srodne objave","img":{"alt_text":"","src":"https:\/\/i1.wp.com\/astehshop.com\/wp-content\/uploads\/2023\/08\/re3000.jpg?fit=1200%2C1088&resize=350%2C200","width":350,"height":200},"classes":[]},{"id":8380,"url":"http:\/\/astehshop.com\/index.php\/product\/tp-link-archer-c20-ac750-wireless-dual-band-router\/","url_meta":{"origin":5364,"position":1},"title":"TP-Link Archer C20 AC750 Wireless Dual Band Router","date":"21. listopada 2023.","format":false,"excerpt":"300Mbps, 2 2.4GHz Antennas, 1 5GHz Antenna, 4x 10\/100Mbps LAN ports, 1x 10\/100Mbps WAN port, IEEE 802.11ac\/n\/a 5GHz, IEEE 802.11b\/g\/n 2.4GHz, RoHS","rel":"","context":"Srodne objave","img":{"alt_text":"","src":"https:\/\/i0.wp.com\/astehshop.com\/wp-content\/uploads\/2023\/10\/17392-TP-Link-Archer-C20-AC750-Wireless-Dual-Band-Router-2.jpg?fit=450%2C450&resize=350%2C200","width":350,"height":200},"classes":[]},{"id":8098,"url":"http:\/\/astehshop.com\/index.php\/product\/cudy-ac1200-dual-band-range-extender-model-re1200\/","url_meta":{"origin":5364,"position":2},"title":"Cudy AC1200 Dual Band Range Extender, Model: RE1200","date":"24. kolovoza 2023.","format":false,"excerpt":"AC1200 Dual Band Range Extender, Model: RE1200 2.4 GHz 300Mbps+5 GHz 867Mbps Wi-Fi Speed Boost Wi-Fi coverage up to 12,000 sq.ft Work with any standard router or gateway Easily expand wireless coverage at a push of the WPS button Fast Ethernet ports to connect wired devices External antennas for faster\u2026","rel":"","context":"Srodne objave","img":{"alt_text":"","src":"https:\/\/i2.wp.com\/astehshop.com\/wp-content\/uploads\/2023\/08\/re1200.jpg?fit=1200%2C1163&resize=350%2C200","width":350,"height":200},"classes":[]},{"id":5370,"url":"http:\/\/astehshop.com\/index.php\/product\/xiaomi-mi-router-ac2350\/","url_meta":{"origin":5364,"position":3},"title":"Xiaomi Mi router AC2350","date":"10. listopada 2021.","format":false,"excerpt":"Usmjeriva\u010d koji se isti\u010de po svojih 7 vanjskih antena s neovisnim poja\u010dalima, \u0161to garantuje odli\u010dnu pokrivenost be\u017ei\u010dne mre\u017ee. Podr\u017eava do 128 ure\u0111aja spojenih istovremeno. Uklju\u010duje specifi\u010dnu antenu za AIoT ure\u0111aje. Model DVB4248GL Vrsta proizvoda Router Procesor Qualcomm QCA9563 1-core 775MHz ROM memorija 16 MB RAM memorija 128 MB Vrsta antene\u2026","rel":"","context":"Srodne objave","img":{"alt_text":"","src":"https:\/\/i1.wp.com\/astehshop.com\/wp-content\/uploads\/2021\/10\/AC2350.jpg?fit=1200%2C675&resize=350%2C200","width":350,"height":200},"classes":[]},{"id":8095,"url":"http:\/\/astehshop.com\/index.php\/product\/cudy-ax1800-whole-home-mesh-wifi-system-m1800\/","url_meta":{"origin":5364,"position":4},"title":"Cudy AX1800 Whole Home Mesh WiFi System M1800","date":"24. kolovoza 2023.","format":false,"excerpt":"AX1800 Whole Home Mesh Wi-Fi System, Model: M1800 AX1800 Mesh Wi-Fi 6 Solution 1201Mbps on 5GHz and 574Mbps on 2.4GHz Seamless Roaming, Whole Home Coverage 2 Gigabit Ethernet Ports + 4 Internal Antennas MU-MIMO, Beamforming, WPA3 PPTP\/L2TP\/OpenVPN\/WireGuard\/IPSec\/Zerotier Compatible with 15+ DDNS providers Pove\u017eite do 100 ure\u0111aja 3x High-speed Downloading 5x\u2026","rel":"","context":"Srodne objave","img":{"alt_text":"","src":"https:\/\/i0.wp.com\/astehshop.com\/wp-content\/uploads\/2023\/08\/m1800.jpg?fit=1200%2C1198&resize=350%2C200","width":350,"height":200},"classes":[]},{"id":8386,"url":"http:\/\/astehshop.com\/index.php\/product\/tp-link-archer-c6-ac1200-mesh-wireless-mu-mimo-wifi-router\/","url_meta":{"origin":5364,"position":5},"title":"TP-Link Archer C6 AC1200 Mesh Wireless MU-MIMO WiFi Router","date":"21. listopada 2023.","format":false,"excerpt":"AC1200 Dual-Band Wi-Fi Router, 867Mbps at 5GHz + 300Mbps at 2.4GHz, 5 Gigabit Ports, 4 antennas, Beamforming, MU-MIMO, IPTV, Access Point Mode, VPN Server, IPv6 Ready, Tether App","rel":"","context":"Srodne objave","img":{"alt_text":"","src":"https:\/\/i1.wp.com\/astehshop.com\/wp-content\/uploads\/2023\/10\/tp-link-archer-c6-ac1200-wireless-mu-mimo-gigabit-router-500x500-1.png?fit=500%2C500&resize=350%2C200","width":350,"height":200},"classes":[]}],"_links":{"self":[{"href":"http:\/\/astehshop.com\/index.php\/wp-json\/wp\/v2\/product\/5364"}],"collection":[{"href":"http:\/\/astehshop.com\/index.php\/wp-json\/wp\/v2\/product"}],"about":[{"href":"http:\/\/astehshop.com\/index.php\/wp-json\/wp\/v2\/types\/product"}],"replies":[{"embeddable":true,"href":"http:\/\/astehshop.com\/index.php\/wp-json\/wp\/v2\/comments?post=5364"}],"wp:featuredmedia":[{"embeddable":true,"href":"http:\/\/astehshop.com\/index.php\/wp-json\/wp\/v2\/media\/5365"}],"wp:attachment":[{"href":"http:\/\/astehshop.com\/index.php\/wp-json\/wp\/v2\/media?parent=5364"}],"wp:term":[{"taxonomy":"product_cat","embeddable":true,"href":"http:\/\/astehshop.com\/index.php\/wp-json\/wp\/v2\/product_cat?post=5364"},{"taxonomy":"product_tag","embeddable":true,"href":"http:\/\/astehshop.com\/index.php\/wp-json\/wp\/v2\/product_tag?post=5364"}],"curies":[{"name":"wp","href":"https:\/\/api.w.org\/{rel}","templated":true}]}}