{"id":5249,"date":"2021-10-09T14:22:19","date_gmt":"2021-10-09T12:22:19","guid":{"rendered":"http:\/\/astehshop.com\/?post_type=product&#038;p=5249"},"modified":"2022-11-19T14:16:35","modified_gmt":"2022-11-19T13:16:35","slug":"bullet-ip-kamera-4mp-3-6mm-poe-20m-ir-lbe30rl400","status":"publish","type":"product","link":"http:\/\/astehshop.com\/index.php\/product\/bullet-ip-kamera-4mp-3-6mm-poe-20m-ir-lbe30rl400\/","title":{"rendered":"BULLET IP KAMERA 4MP 3.6MM POE 20M IR LBE30RL400"},"content":{"rendered":"<p>Model: LBE30RL400<\/p>\n<p>Ovaj model kamere dolazi u metalnom ku\u0107i\u0161tu sa objektivom 3.6mm i rezolucijom od 4MP 4K i ista \u0107e pokriti dosta \u0161irok spektar va\u0161eg prostora sa jasnom slikom ili videom zapisom. No\u0107nog je IR Dometa do 20 metara.<\/p>\n<p>Sa kompresijom H.265 ili H.265+ kamera \u0107e u\u0161tedjeti mjesto na va\u0161em hard disku, a da potom ne gubi na kvalitetu snimka.<\/p>\n<p>Kamera posjeduje inteligentne funkcije poput Face Detection, Intrusion Detetion, Line Cross Detetion, Loiter Detetion, People Gather Detecion<\/p>\n<p>Istu je jednostavno povezati na va\u0161 ruter i putem Bitvision aplikacije kameru pratiti putem interneta.<\/p>\n<p>IP67 Standardom ista je vodootporna i za\u0161ti\u0107ena od ulaza pra\u0161ine. Ovaj tip namjenjen je i za vanjsku i unutra\u0161nju monta\u017eu.<\/p>\n<p>Prednost IP POE Kamera je ta \u0161to je dovoljan jedan UTP Kabal (preporuka Cat6), a kroz isti kamera dobije napajanje i video signal. U koliko kamera radi zasebno mo\u017ee se spojiti direktno na Adapter 12V 1 ili 2A.<\/p>\n<p>Garancija 24 mjeseca (U slu\u010daju kvara u uslovima garancije ure\u0111aj se ne popravlja, nego isklju\u010divo mijenja za novi ure\u0111aj istih ili boljih karekteristika). Kod ugradnje bitno je obratiti pa\u017enju da isto odradi ovla\u0161tena ili stru\u010dna osoba.<\/p>\n<p>Model: LBE30RL400<\/p>\n<p>5MP Outdoor Fixed Bullet IP IR 30m POE<\/p>\n<p>\u2022 1\/2.8\u2033 SONY Starvis Back-illuminated CMOS sensor IMX335+RV1109<br \/>\n\u2022 Compression Method H.264\/H.264+\/H.265\/H.265+<br \/>\n\u2022 3.6mm\/F2.0 Fixed Lens<br \/>\n\u2022 IR Distance 20m Max.<br \/>\n\u2022 IP67 Outdoor Metal Case<br \/>\n\u2022 Smart Analytics: Human\/ Face \/ Intrusion\/ Line Cross\/Wandering\/Gather Detection<br \/>\n\u2022 Garancija 24 mjeseca.<\/p>\n","protected":false},"excerpt":{"rendered":"<p>Model: LBE30RL400<\/p>\n<p>Ovaj model kamere dolazi u metalnom ku\u0107i\u0161tu sa objektivom 3.6mm i rezolucijom od 4MP 4K i ista \u0107e pokriti dosta \u0161irok spektar va\u0161eg prostora sa jasnom slikom ili videom zapisom. No\u0107nog je IR Dometa do 20 metara.<\/p>\n<p>Sa kompresijom H.265 ili H.265+ kamera \u0107e u\u0161tedjeti mjesto na va\u0161em hard disku, a da potom ne gubi na kvalitetu snimka.<\/p>\n<p>Kamera posjeduje inteligentne funkcije poput Face Detection, Intrusion Detetion, Line Cross Detetion, Loiter Detetion, People Gather Detecion<\/p>\n<p>Istu je jednostavno povezati na va\u0161 ruter i putem Bitvision aplikacije kameru pratiti putem interneta.<\/p>\n<p>IP67 Standardom ista je vodootporna i za\u0161ti\u0107ena od ulaza pra\u0161ine. Ovaj tip namjenjen je i za vanjsku i unutra\u0161nju monta\u017eu.<\/p>\n<p>Prednost IP POE Kamera je ta \u0161to je dovoljan jedan UTP Kabal (preporuka Cat6), a kroz isti kamera dobije napajanje i video signal. U koliko kamera radi zasebno mo\u017ee se spojiti direktno na Adapter 12V 1 ili 2A.<\/p>\n<p>Garancija 24 mjeseca (U slu\u010daju kvara u uslovima garancije ure\u0111aj se ne popravlja, nego isklju\u010divo mijenja za novi ure\u0111aj istih ili boljih karekteristika). Kod ugradnje bitno je obratiti pa\u017enju da isto odradi ovla\u0161tena ili stru\u010dna osoba.<\/p>\n<p>Model: LBE30RL400<\/p>\n<p>5MP Outdoor Fixed Bullet IP IR 30m POE<\/p>\n<p>\u2022 1\/2.8\u2033 SONY Starvis Back-illuminated CMOS sensor IMX335+RV1109<br \/>\n\u2022 Compression Method H.264\/H.264+\/H.265\/H.265+<br \/>\n\u2022 3.6mm\/F2.0 Fixed Lens<br \/>\n\u2022 IR Distance 20m Max.<br \/>\n\u2022 IP67 Outdoor Metal Case<br \/>\n\u2022 Smart Analytics: Human\/ Face \/ Intrusion\/ Line Cross\/Wandering\/Gather Detection<br \/>\n\u2022 Garancija 24 mjeseca.<\/p>\n","protected":false},"featured_media":5250,"comment_status":"open","ping_status":"closed","template":"","meta":{"_mi_skip_tracking":false,"_exactmetrics_sitenote_active":false,"_exactmetrics_sitenote_note":"","_exactmetrics_sitenote_category":0,"spay_email":""},"product_cat":[1043,4415],"product_tag":[435,477,2966,1042,3051,1383,1384,251,540,2978,394,462],"brands":[{"id":2220,"name":"Longse","slug":"longse"}],"df_price":206,"df_sale_price":"","df_regular_price":206,"df_image_link":"https:\/\/i1.wp.com\/astehshop.com\/wp-content\/uploads\/2021\/10\/LBE30RL400.jpg?fit=450%2C328","jetpack_publicize_connections":[],"jetpack_sharing_enabled":true,"jetpack_likes_enabled":true,"jetpack-related-posts":[{"id":8499,"url":"http:\/\/astehshop.com\/index.php\/product\/longse-dome-ip-4k-kamera-4mp-2-7-13-5mm-af-5x-zoom-poe-25m-ir-cmlb5xfg400\/","url_meta":{"origin":5249,"position":0},"title":"Longse DOME IP 4K KAMERA 4MP 2.7-13.5mm AF 5x Zoom POE 25M IR CMLB5XFG400","date":"2. studenoga 2023.","format":false,"excerpt":"Ovaj model kamere dolazi u metalnom ku\u0107i\u0161tu sa automatskim fokusom \u0161irokog objektiva 2.7-13.5mm i 5x Opti\u010dkim zumom Rezolucijom od 4MP 4K i ista \u0107e pokriti dosta \u0161irok spektar va\u0161eg prostora sa jasnom slikom ili videom zapisom. No\u0107nog je IR Dometa do 25 metara. Sa kompresijom H.265 ili H.265+ kamera \u0107e\u2026","rel":"","context":"Srodne objave","img":{"alt_text":"","src":"https:\/\/i0.wp.com\/astehshop.com\/wp-content\/uploads\/2023\/11\/CMLB5XFG400.png?fit=350%2C200&resize=350%2C200","width":350,"height":200},"classes":[]},{"id":5183,"url":"http:\/\/astehshop.com\/index.php\/product\/longse-bullet-ip-kamera-starlight-4-mp-lbe30rl400\/","url_meta":{"origin":5249,"position":1},"title":"Longse Bullet IP kamera StarLight 4 MP LBE30RL400","date":"8. rujna 2021.","format":false,"excerpt":"Model: LBE30RL400 Ovaj model kamere dolazi u metalnom ku\u0107i\u0161tu sa objektivom 3.6mm i rezolucijom od 4MP 4K i ista \u0107e pokriti dosta \u0161irok spektar va\u0161eg prostora sa jasnom slikom ili videom zapisom. No\u0107nog je IR Dometa do 20 metara. Sa kompresijom H.265 ili H.265+ kamera \u0107e u\u0161tedjeti mjesto na va\u0161em\u2026","rel":"","context":"Srodne objave","img":{"alt_text":"","src":"https:\/\/i0.wp.com\/astehshop.com\/wp-content\/uploads\/2021\/09\/LBE30RL400.jpg?fit=960%2C700&resize=350%2C200","width":350,"height":200},"classes":[]},{"id":5251,"url":"http:\/\/astehshop.com\/index.php\/product\/bullet-ip-4k-kamera-5mp-2-7-13-5mm-af-5x-zoom-poe-40m-ir-bmmb5xrl400\/","url_meta":{"origin":5249,"position":2},"title":"BULLET IP 4K KAMERA 5MP 2.7-13.5mm AF 5x Zoom POE 40M IR BMMB5XRL400","date":"9. listopada 2021.","format":false,"excerpt":"Ovaj model kamere dolazi u metalnom ku\u0107i\u0161tu sa automatskim fokusom \u0161irokog objektiva 2.7-13.5mm i 5x Opti\u010dkim zumom Rezolucijom od 5MP 4K i ista \u0107e pokriti dosta \u0161irok spektar va\u0161eg prostora sa jasnom slikom ili videom zapisom. No\u0107nog je IR Dometa do 40 metara. Sa kompresijom H.265 ili H.265+ kamera \u0107e\u2026","rel":"","context":"Srodne objave","img":{"alt_text":"","src":"https:\/\/i1.wp.com\/astehshop.com\/wp-content\/uploads\/2021\/10\/BMMB5XRL400.jpg?fit=960%2C700&resize=350%2C200","width":350,"height":200},"classes":[]},{"id":5406,"url":"http:\/\/astehshop.com\/index.php\/product\/bullet-ip-kamera-2mp-3-6mm-poe-super-starlight-60m-ir-bmlasp200\/","url_meta":{"origin":5249,"position":3},"title":"BULLET IP KAMERA 2MP 3.6MM POE SUPER STARLIGHT 60M IR BMLASP200","date":"13. listopada 2021.","format":false,"excerpt":"Ova IP Kamera mo\u017ee raditi ne ovisno od snima\u010da, jer posjeduje mjesto za momorijsku karticu do 512 GB. Isto tako mo\u017ee se podesiti da prilikom uo\u010denja kretanja kamera \u0161alje sliku na va\u0161 mobitel i o istom Vas obavjesti. Ovaj model kamere dolazi u robusnom metalnom ku\u0107i\u0161tu sa objektivom 3.6mm i\u2026","rel":"","context":"Srodne objave","img":{"alt_text":"","src":"https:\/\/i0.wp.com\/astehshop.com\/wp-content\/uploads\/2021\/10\/BMLASP200-1.jpg?fit=1200%2C900&resize=350%2C200","width":350,"height":200},"classes":[]},{"id":8823,"url":"http:\/\/astehshop.com\/index.php\/product\/longse-starlight-ip-kamera-bullet-8mp-3-6mm-20m-ir-poe-sd-card-slot-bmsaml800\/","url_meta":{"origin":5249,"position":4},"title":"Longse Starlight IP Kamera Bullet 8MP 3.6mm 20m IR POE + SD Card Slot BMSAML800","date":"10. sije\u010dnja 2024.","format":false,"excerpt":"Model: BMSAML800 Ovaj model kamere dolazi u metalnom ku\u0107i\u0161tu sa objektivom 3.6mm i rezolucijom 8MP@20fps 4MP@20fps UHD 4K (SC8238+SSC338Q). Objektivom od 3.6mm i ista \u0107e pokriti prostor sa jasnom i kvalitetnom slikom ili videom. No\u0107ni IR domet u boji 24h + Starlight no\u0107no osvjetljenje, hvata do 20 metara. Sa kompresijom\u2026","rel":"","context":"Srodne objave","img":{"alt_text":"","src":"https:\/\/i0.wp.com\/astehshop.com\/wp-content\/uploads\/2023\/11\/BMSAFG400WH-2.png?fit=1140%2C924&resize=350%2C200","width":350,"height":200},"classes":[]},{"id":8818,"url":"http:\/\/astehshop.com\/index.php\/product\/longse-full-color-ip-bullet-kamera-4mp-3-6mm-25m-ir-poe-mic-bmsafg400wh-3\/","url_meta":{"origin":5249,"position":5},"title":"Longse Full Color IP Bullet kamera 4MP 3.6mm 25m IR POE + Mic BMSAFG400WH-3","date":"10. sije\u010dnja 2024.","format":false,"excerpt":"Model: BMSAFG400WH-3 Ovaj model kamere dolazi u metalnom ku\u0107i\u0161tu. Rezolucijom Full HD 4MP i objektivom 3.6mm ista \u0107e pokriti kvalitetno svoj dio prostora sa jasnom slikom ili videom. No\u0107ni IR domet 25m sa Full Color osvjetljenjem kamera \u0107e raditi u boji 24\/7h. Sa kompresijom H.265 ili H.265+ kamera \u0107e u\u0161tedjeti\u2026","rel":"","context":"Srodne objave","img":{"alt_text":"","src":"https:\/\/i0.wp.com\/astehshop.com\/wp-content\/uploads\/2023\/11\/BMSAFG400WH-2.png?fit=1140%2C924&resize=350%2C200","width":350,"height":200},"classes":[]}],"_links":{"self":[{"href":"http:\/\/astehshop.com\/index.php\/wp-json\/wp\/v2\/product\/5249"}],"collection":[{"href":"http:\/\/astehshop.com\/index.php\/wp-json\/wp\/v2\/product"}],"about":[{"href":"http:\/\/astehshop.com\/index.php\/wp-json\/wp\/v2\/types\/product"}],"replies":[{"embeddable":true,"href":"http:\/\/astehshop.com\/index.php\/wp-json\/wp\/v2\/comments?post=5249"}],"wp:featuredmedia":[{"embeddable":true,"href":"http:\/\/astehshop.com\/index.php\/wp-json\/wp\/v2\/media\/5250"}],"wp:attachment":[{"href":"http:\/\/astehshop.com\/index.php\/wp-json\/wp\/v2\/media?parent=5249"}],"wp:term":[{"taxonomy":"product_cat","embeddable":true,"href":"http:\/\/astehshop.com\/index.php\/wp-json\/wp\/v2\/product_cat?post=5249"},{"taxonomy":"product_tag","embeddable":true,"href":"http:\/\/astehshop.com\/index.php\/wp-json\/wp\/v2\/product_tag?post=5249"}],"curies":[{"name":"wp","href":"https:\/\/api.w.org\/{rel}","templated":true}]}}