{"id":5175,"date":"2021-06-18T18:04:57","date_gmt":"2021-06-18T16:04:57","guid":{"rendered":"http:\/\/astehshop.com\/?post_type=product&#038;p=5175"},"modified":"2026-01-15T09:54:33","modified_gmt":"2026-01-15T08:54:33","slug":"imou-new-bullet-dahua-wifi-ip-kamera-2-mp","status":"publish","type":"product","link":"http:\/\/astehshop.com\/index.php\/product\/imou-new-bullet-dahua-wifi-ip-kamera-2-mp\/","title":{"rendered":"IMOU NEW BULLET Dahua wifi ip kamera 2 MP"},"content":{"rendered":"<p class=\"text2\" data-v-25eff416=\"\">Aktivno zadr\u017eava prijetnje dalje od onoga \u0161to je od va\u0161eg interesa<\/p>\n<p class=\"text3\" data-v-25eff416=\"\">1080P | H.265 | No\u0107ni vid | Aktivno odvra\u0107anje | PIR detekcija | Dvosmjerni razgovor | IP67 Vodootporan | Dvostruka antena 2&#215;2 MIMO | Cloud left<\/p>\n<div class=\"wow fadeInUp common-part-text common-part-mob-white\" data-v-c71ccd1c=\"\">\n<p class=\"p1\" data-v-c71ccd1c=\"\">Aktivno odvra\u0107anje<\/p>\n<p class=\"p2\" data-v-c71ccd1c=\"\">Pomo\u0107u ugra\u0111enog reflektora i 110 dB sigurnosne sirene upla\u0161ite ne\u017eeljene strance prije nego \u0161to u\u0111u u va\u0161 dom.<br \/>\n&#8211; PIR otkrivanje smanjuje la\u017ene upozorenja<br \/>\n&#8211; reflektor aktiviran pokretom<br \/>\n&#8211; 110dB sigurnosna sirena<\/p>\n<\/div>\n<div class=\"container\" data-v-7cb2ae2a=\"\">\n<div class=\"product-topCenter-part-top wow fadeInUp\" data-v-7cb2ae2a=\"\">\n<p class=\"p1\" data-v-7cb2ae2a=\"\">Izvrsna no\u0107na vizija<\/p>\n<p class=\"p2\" data-v-7cb2ae2a=\"\">Visokokvalitetni senzori i infracrvena svjetla pru\u017eaju jasne slike no\u0107u, \u010dak i 30 m daleko.<\/p>\n<div class=\"weather-proof-top clearfix wow fadeInUp\" data-v-789e4c36=\"\">\n<div class=\"common-part-right\" data-v-789e4c36=\"\">\n<p class=\"p1\" data-v-789e4c36=\"\">za\u0161ti\u0107en od atmosferskih utjecaja<\/p>\n<p class=\"p2\" data-v-789e4c36=\"\">IP67 vremenski otporan dizajn za upotrebu u vi\u0161e scenarija.<\/p>\n<\/div>\n<div class=\"mod-cent-top wow fadeInUp\" data-v-1c8cfc21=\"\">\n<p class=\"p1\" data-v-1c8cfc21=\"\">Dvostruka antena i MIMO<\/p>\n<p class=\"p2\" data-v-1c8cfc21=\"\">Dvostruka antena i 2&#215;2 MIMO tehnologija odolijevaju smetnjama \u010dak i na velikim rasponima.<\/p>\n<\/div>\n<p class=\"p1\" data-v-3a11ec46=\"\">Obavijesti o alarmu<\/p>\n<p class=\"p2\" data-v-3a11ec46=\"\">\u0160alje trenutna upozorenja na va\u0161 pametni telefon kad god otkrije kretanje, obavje\u0161tavaju\u0107i o tome \u0161to se doga\u0111a kod ku\u0107e odnekud.<\/p>\n<\/div>\n<div class=\"common-part-text wow fadeInUp\" data-v-3a11ec46=\"\">\n<p class=\"p1\" data-v-3a11ec46=\"\">Dvosmjerni razgovor<\/p>\n<p class=\"p2\" data-v-3a11ec46=\"\">Ugra\u0111eni zvu\u010dnik i mikrofon sa zna\u010dajkom otkazivanja odjeka omogu\u0107uju vam interakciju s ku\u0107nim ljubimcima i obitelji ili odvra\u0107aju ne\u017eeljene goste.<\/p>\n<\/div>\n<div class=\"mod-cent-top wow fadeInUp\" data-v-1c8cfc21=\"\">\n<p class=\"p1\" data-v-1c8cfc21=\"\">Diverzificirano skladi\u0161tenje<\/p>\n<p class=\"p2\" data-v-1c8cfc21=\"\">Videozapis je sigurno pohranjen i dostupan putem lokalne SD kartice ili Imou Cloud usluge.<\/p>\n<\/div>\n<div class=\"product-bottom-part-top wow fadeInUp\" data-v-01b710d6=\"\">\n<p class=\"p1\" data-v-01b710d6=\"\">Napredna kompresija H.265<\/p>\n<p class=\"p2\" data-v-01b710d6=\"\">Najmodernija kompresija H.265 smanjuje propusnost mre\u017ee i upotrebu pohrane za 50% pri istoj kvaliteti videozapisa.<\/p>\n<\/div>\n<p data-v-01b710d6=\"\"><iframe  id=\"_ytid_88164\"  width=\"480\" height=\"270\"  data-origwidth=\"480\" data-origheight=\"270\"  src=\"https:\/\/www.youtube.com\/embed\/ynQGG6Koz1s?enablejsapi=1&autoplay=0&cc_load_policy=0&cc_lang_pref=&iv_load_policy=1&loop=0&modestbranding=0&rel=1&fs=1&playsinline=0&autohide=2&theme=dark&color=red&controls=1&\" class=\"__youtube_prefs__  no-lazyload\" title=\"YouTube player\"  allow=\"autoplay; encrypted-media\" allowfullscreen data-no-lazy=\"1\" data-skipgform_ajax_framebjll=\"\"><\/iframe>\n<p data-v-01b710d6=\"\">\n<\/div>\n<\/div>\n","protected":false},"excerpt":{"rendered":"<div class=\"product-bottom-part-top wow fadeInUp\" data-v-01b710d6=\"\">\n<p class=\"text2\" data-v-25eff416=\"\">Aktivno zadr\u017eava prijetnje dalje od onoga \u0161to je od va\u0161eg interesa<\/p>\n<p class=\"text3\" data-v-25eff416=\"\">1080P | H.265 | No\u0107ni vid | Aktivno odvra\u0107anje | PIR detekcija | Dvosmjerni razgovor | IP67 Vodootporan | Dvostruka antena 2&#215;2 MIMO | Cloud left<\/p>\n<div class=\"wow fadeInUp common-part-text common-part-mob-white\" data-v-c71ccd1c=\"\">\n<p class=\"p1\" data-v-c71ccd1c=\"\">Aktivno odvra\u0107anje<\/p>\n<p class=\"p2\" data-v-c71ccd1c=\"\">Pomo\u0107u ugra\u0111enog reflektora i 110 dB sigurnosne sirene upla\u0161ite ne\u017eeljene strance prije nego \u0161to u\u0111u u va\u0161 dom.<br \/>\n&#8211; PIR otkrivanje smanjuje la\u017ene upozorenja<br \/>\n&#8211; reflektor aktiviran pokretom<br \/>\n&#8211; 110dB sigurnosna sirena<\/p>\n<\/div>\n<div class=\"container\" data-v-7cb2ae2a=\"\">\n<div class=\"product-topCenter-part-top wow fadeInUp\" data-v-7cb2ae2a=\"\">\n<p class=\"p1\" data-v-7cb2ae2a=\"\">Izvrsna no\u0107na vizija<\/p>\n<p class=\"p2\" data-v-7cb2ae2a=\"\">Visokokvalitetni senzori i infracrvena svjetla pru\u017eaju jasne slike no\u0107u, \u010dak i 30 m daleko.<\/p>\n<div class=\"weather-proof-top clearfix wow fadeInUp\" data-v-789e4c36=\"\">\n<div class=\"common-part-right\" data-v-789e4c36=\"\">\n<p class=\"p1\" data-v-789e4c36=\"\">za\u0161ti\u0107en od atmosferskih utjecaja<\/p>\n<p class=\"p2\" data-v-789e4c36=\"\">IP67 vremenski otporan dizajn za upotrebu u vi\u0161e scenarija.<\/p>\n<\/div>\n<div class=\"mod-cent-top wow fadeInUp\" data-v-1c8cfc21=\"\">\n<p class=\"p1\" data-v-1c8cfc21=\"\">Dvostruka antena i MIMO<\/p>\n<p class=\"p2\" data-v-1c8cfc21=\"\">Dvostruka antena i 2&#215;2 MIMO tehnologija odolijevaju smetnjama \u010dak i na velikim rasponima.<\/p>\n<\/div>\n<p class=\"p1\" data-v-3a11ec46=\"\">Obavijesti o alarmu<\/p>\n<p class=\"p2\" data-v-3a11ec46=\"\">\u0160alje trenutna upozorenja na va\u0161 pametni telefon kad god otkrije kretanje, obavje\u0161tavaju\u0107i o tome \u0161to se doga\u0111a kod ku\u0107e odnekud.<\/p>\n<\/div>\n<div class=\"common-part-text wow fadeInUp\" data-v-3a11ec46=\"\">\n<p class=\"p1\" data-v-3a11ec46=\"\">Dvosmjerni razgovor<\/p>\n<p class=\"p2\" data-v-3a11ec46=\"\">Ugra\u0111eni zvu\u010dnik i mikrofon sa zna\u010dajkom otkazivanja odjeka omogu\u0107uju vam interakciju s ku\u0107nim ljubimcima i obitelji ili odvra\u0107aju ne\u017eeljene goste.<\/p>\n<\/div>\n<div class=\"mod-cent-top wow fadeInUp\" data-v-1c8cfc21=\"\">\n<p class=\"p1\" data-v-1c8cfc21=\"\">Diverzificirano skladi\u0161tenje<\/p>\n<p class=\"p2\" data-v-1c8cfc21=\"\">Videozapis je sigurno pohranjen i dostupan putem lokalne SD kartice ili Imou Cloud usluge.<\/p>\n<\/div>\n<div class=\"product-bottom-part-top wow fadeInUp\" data-v-01b710d6=\"\">\n<p class=\"p1\" data-v-01b710d6=\"\">Napredna kompresija H.265<\/p>\n<p class=\"p2\" data-v-01b710d6=\"\">Najmodernija kompresija H.265 smanjuje propusnost mre\u017ee i upotrebu pohrane za 50% pri istoj kvaliteti videozapisa.<\/p>\n<\/div>\n<p data-v-01b710d6=\"\">[embedyt] https:\/\/www.youtube.com\/watch?v=ynQGG6Koz1s[\/embedyt]<\/p>\n<p data-v-01b710d6=\"\">\n<\/div>\n<\/div>\n<\/div>\n","protected":false},"featured_media":5176,"comment_status":"open","ping_status":"closed","template":"","meta":{"_mi_skip_tracking":false,"_exactmetrics_sitenote_active":false,"_exactmetrics_sitenote_note":"","_exactmetrics_sitenote_category":0,"spay_email":""},"product_cat":[4415,135],"product_tag":[392,933,2962,2963,477,2961,1183],"brands":[{"id":2045,"name":"Dahua","slug":"dahua"}],"df_price":"","df_sale_price":"","df_regular_price":"","df_image_link":"https:\/\/i1.wp.com\/astehshop.com\/wp-content\/uploads\/2021\/06\/imou_new_bullet4.jpg?fit=450%2C426","jetpack_publicize_connections":[],"jetpack_sharing_enabled":true,"jetpack_likes_enabled":true,"jetpack-related-posts":[{"id":5221,"url":"http:\/\/astehshop.com\/index.php\/product\/dahua-imou-looc-wifi-ip-kamera-2-megapiksela\/","url_meta":{"origin":5175,"position":0},"title":"Dahua Imou LOOC WiFi ip kamera 2 MegaPiksela","date":"9. listopada 2021.","format":false,"excerpt":"IPC-C26E \u00a0 Aktivno \u010duva va\u0161 dom od ne\u017eeljenih posjetitelja 1080P | No\u0107no snimanje | Aktivno upozoravanje | PIR detekcija | Dvosmjerni razgovor | IP65 | Obla \u00a0 Aktivno upozoravanje S ugra\u0111enim reflektorom i sigurnosnom sirenom od 110 dB prepla\u0161ite nepo\u017eeljne strance prije nego \u0161to u\u0111u u va\u0161 dom. - PIR\u2026","rel":"","context":"Srodne objave","img":{"alt_text":"","src":"https:\/\/i2.wp.com\/astehshop.com\/wp-content\/uploads\/2021\/10\/looc-1.jpg?fit=1000%2C1000&resize=350%2C200","width":350,"height":200},"classes":[]},{"id":7546,"url":"http:\/\/astehshop.com\/index.php\/product\/dahua-imou-cruiser-4-mpx-ipc-s42fp-roto-full-color-kamera\/","url_meta":{"origin":5175,"position":1},"title":"Dahua Imou Cruiser 4 MPX IPC-S42FP roto FULL color kamera + gratis 64 GB kartica","date":"2. travnja 2023.","format":false,"excerpt":"Imou Cruiser 4 MPX Slika u boji uvijek ako to \u017eelite pra\u0107enje detekcija ljudi dvosmjerna komunikacija sirena dupla antena 8 x digitalni zum Snimanje na mikro sd karticu ili na cloud Pri\u010dajte sa va\u0161om djecom ma gdje da se nalazite Cruiser 4MP pru\u017ea pra\u0107enje u\u017eivo od 4MP sa izborom opcije\u2026","rel":"","context":"Srodne objave","img":{"alt_text":"","src":"https:\/\/i1.wp.com\/astehshop.com\/wp-content\/uploads\/2023\/04\/cruiser-4-mpx-sa-gratis-memorijskom-1.jpg?fit=669%2C629&resize=350%2C200","width":350,"height":200},"classes":[]},{"id":5202,"url":"http:\/\/astehshop.com\/index.php\/product\/dahua-imou-bullet-2-full-color-4-mpx-wifi-ip-kamera\/","url_meta":{"origin":5175,"position":2},"title":"Dahua Imou Bullet 2 Full Color 4 MPX WiFi Ip kamera","date":"9. listopada 2021.","format":false,"excerpt":"Bullet 2 \u0160areni svijet, \u010dak i no\u0107u Detekcija osoba | No\u0107ni vid u boji | Full HD 1080P | Ugra\u0111eni mikrofon i zvu\u010dnik | Ugra\u0111en reflektor i sirena | IP67 otporan na vremenske uvjete | Dvostruka antena | Pohrana u oblaku Full Color No\u0107ni Vid \u010cetiri pametna moda no\u0107nog vida\u2026","rel":"","context":"Srodne objave","img":{"alt_text":"","src":"https:\/\/i0.wp.com\/astehshop.com\/wp-content\/uploads\/2021\/10\/dahua-bullet-2.png?fit=571%2C317&resize=350%2C200","width":350,"height":200},"classes":[]},{"id":9785,"url":"http:\/\/astehshop.com\/index.php\/product\/imou-ipc-s6dp-5m0web-e27-sijalica-5-mpx-wifi-kamera\/","url_meta":{"origin":5175,"position":3},"title":"Imou IPC-S6DP-5M0WEB-E27  sijalica 5 MPX wifi Kamera","date":"2. prosinca 2024.","format":false,"excerpt":"Bulb Cam pru\u017ea pra\u0107enje u\u017eivo od 5MP sa izborom opcije so\u010diva od 2,8mm, sa funkcijama 0~340\u00b0pan & 0~90\u00b0tilt, Bulb Cam 5MP osigurava da svaki kutak va\u0161eg doma bude potpuno pokriven. Podr\u017eava no\u0107ni vid u punoj boji za jasno\u0107u kao dan \u010dak i u potpunom mraku. Na\u010din ugradnje navojnog nosa\u010da vam\u2026","rel":"","context":"Srodne objave","img":{"alt_text":"","src":"https:\/\/i0.wp.com\/astehshop.com\/wp-content\/uploads\/2024\/12\/IPC-S6DP-5M0WEB-E27.jpg?fit=700%2C700&resize=350%2C200","width":350,"height":200},"classes":[]},{"id":9426,"url":"http:\/\/astehshop.com\/index.php\/product\/imou-wifi-kamera-cruiser-2-ipc-gs7ep-5mowe\/","url_meta":{"origin":5175,"position":4},"title":"Imou wifi kamera Cruiser 2 ipc-gs7ep-5mowe","date":"23. lipnja 2024.","format":false,"excerpt":"Cruiser pru\u017ea pra\u0107enje u\u017eivo od 5MP sa izborom 3,6mm objektiva, sa 5MP 3K pra\u0107enjem u\u017eivo i 0~340\u00b0 pan & 0~90\u00b0tilt funkcijama, Cruiser 2 5MP osigurava da svaki kutak va\u0161eg doma bude potpuno pokriven. Podr\u017eava \u010detiri re\u017eima no\u0107nog vida za jasno\u0107u poput dana \u010dak i u mrklom mraku. Sa IP66 certifikatom,\u2026","rel":"","context":"Srodne objave","img":{"alt_text":"","src":"https:\/\/i0.wp.com\/astehshop.com\/wp-content\/uploads\/2024\/06\/52875_camera_ngoai_troi_ip_wifi_imou_ipc_gs7ep_5m0we_5mp_406f91045c8245b38982b4bf2a11ad65_master.jpg?fit=600%2C600&resize=350%2C200","width":350,"height":200},"classes":[]},{"id":5214,"url":"http:\/\/astehshop.com\/index.php\/product\/dahua-imou-kamera-cue-2-sa-detekcijom-ljudi-wifi-kamera\/","url_meta":{"origin":5175,"position":5},"title":"Dahua Imou kamera Cue 2 sa detekcijom ljudi wifi kamera","date":"9. listopada 2021.","format":false,"excerpt":"Cue 2 Smart Pra\u0107enje sa AI otkrivanjem ljudi Detekcija ljudi | 1080P | Ugra\u0111ena sirena | Nenormalan zvu\u010dni alarm | No\u0107ni vid | Dvosmjerni razgovor | Oblak \u00a0 Detekcija \u010dovjeka Sna\u017ena tehnologija obrade slike brzo pronalazi ljude na slikama i odmah \u0161alje obavijest na va\u0161 pametni telefon, omogu\u0107uju\u0107i vam da\u2026","rel":"","context":"Srodne objave","img":{"alt_text":"","src":"https:\/\/i2.wp.com\/astehshop.com\/wp-content\/uploads\/2021\/10\/33B3B3839861D1906F7F1DA51854F8B0.png?fit=1066%2C876&resize=350%2C200","width":350,"height":200},"classes":[]}],"_links":{"self":[{"href":"http:\/\/astehshop.com\/index.php\/wp-json\/wp\/v2\/product\/5175"}],"collection":[{"href":"http:\/\/astehshop.com\/index.php\/wp-json\/wp\/v2\/product"}],"about":[{"href":"http:\/\/astehshop.com\/index.php\/wp-json\/wp\/v2\/types\/product"}],"replies":[{"embeddable":true,"href":"http:\/\/astehshop.com\/index.php\/wp-json\/wp\/v2\/comments?post=5175"}],"wp:featuredmedia":[{"embeddable":true,"href":"http:\/\/astehshop.com\/index.php\/wp-json\/wp\/v2\/media\/5176"}],"wp:attachment":[{"href":"http:\/\/astehshop.com\/index.php\/wp-json\/wp\/v2\/media?parent=5175"}],"wp:term":[{"taxonomy":"product_cat","embeddable":true,"href":"http:\/\/astehshop.com\/index.php\/wp-json\/wp\/v2\/product_cat?post=5175"},{"taxonomy":"product_tag","embeddable":true,"href":"http:\/\/astehshop.com\/index.php\/wp-json\/wp\/v2\/product_tag?post=5175"}],"curies":[{"name":"wp","href":"https:\/\/api.w.org\/{rel}","templated":true}]}}