{"id":5083,"date":"2020-12-04T18:27:26","date_gmt":"2020-12-04T17:27:26","guid":{"rendered":"http:\/\/astehshop.com\/?post_type=product&#038;p=5083"},"modified":"2022-12-04T11:32:23","modified_gmt":"2022-12-04T10:32:23","slug":"ajax-alarm-set-829-km-potpuna-kontrola-preko-neta","status":"publish","type":"product","link":"http:\/\/astehshop.com\/index.php\/product\/ajax-alarm-set-829-km-potpuna-kontrola-preko-neta\/","title":{"rendered":"Ajax alarm set 829 KM &#8211; potpuna kontrola preko neta"},"content":{"rendered":"<div id=\"detaljni-opis\" class=\"artikal_detaljniopis_tekst\">\n<p>U setu dobijate<\/p>\n<p>1 x Alarmnu centralu HUB ( po izboru bijela ili crna ) 3G kartica + mrezni ulaz \/ dojava u roku milisekunde<br \/>\n1 x senzor ( po izboru bijeli ili crni ) trajanje baterija do 7 godina<br \/>\n1 x unutra\u0161nja sirena ( po izboru crna ili bijela )<br \/>\n1 x daljinski ( po izboru crni ili bijeli )<br \/>\n1 x be\u017ei\u010dna tastatura baterije 2 godine ( bijela ili crna po izboru )<\/p>\n<p>Mogu\u0107nost kombinovanja, dodavanja, potpune nadogradnje i pretvaranja u pametnu ku\u0107u<\/p>\n<p>Pogledajte sve od ajaxa na na\u0161em sajtu :<\/p>\n<p>www.technoshopbn.com<br \/>\nNikole Tesle 31a<br \/>\nBijeljina<br \/>\n055 422 599<\/p>\n<\/div>\n","protected":false},"excerpt":{"rendered":"<div id=\"detaljni-opis\" class=\"artikal_detaljniopis_tekst\">\n<p>U setu dobijate<\/p>\n<p>1 x Alarmnu centralu HUB ( po izboru bijela ili crna ) 3G kartica + mrezni ulaz \/ dojava u roku milisekunde<br \/>\n1 x senzor ( po izboru bijeli ili crni ) trajanje baterija do 7 godina<br \/>\n1 x unutra\u0161nja sirena ( po izboru crna ili bijela )<br \/>\n1 x daljinski ( po izboru crni ili bijeli )<br \/>\n1 x be\u017ei\u010dna tastatura baterije 2 godine ( bijela ili crna po izboru )<\/p>\n<p>Mogu\u0107nost kombinovanja, dodavanja, potpune nadogradnje i pretvaranja u pametnu ku\u0107u<\/p>\n<p>Pogledajte sve od ajaxa na na\u0161em sajtu :<\/p>\n<p>www.technoshopbn.com<br \/>\nNikole Tesle 31a<br \/>\nBijeljina<br \/>\n055 422 599<\/p>\n<\/div>\n","protected":false},"featured_media":5084,"comment_status":"open","ping_status":"closed","template":"","meta":{"_mi_skip_tracking":false,"_exactmetrics_sitenote_active":false,"_exactmetrics_sitenote_note":"","_exactmetrics_sitenote_category":0,"spay_email":""},"product_cat":[141,4415],"product_tag":[2488,2474,1603,1605,1383,1384],"brands":[{"id":2473,"name":"AJAX","slug":"ajax"}],"df_price":829,"df_sale_price":"","df_regular_price":829,"df_image_link":"https:\/\/i2.wp.com\/astehshop.com\/wp-content\/uploads\/2020\/12\/ajax-alarm-set-2.jpg?fit=368%2C450","jetpack_publicize_connections":[],"jetpack_sharing_enabled":true,"jetpack_likes_enabled":true,"jetpack-related-posts":[{"id":5086,"url":"http:\/\/astehshop.com\/index.php\/product\/ajax-alarmni-sistem-1079-km-potpuna-kontrola-preka-neta\/","url_meta":{"origin":5083,"position":0},"title":"AJAX alarmni sistem 1079 KM &#8211; potpuna kontrola preka neta","date":"4. prosinca 2020.","format":false,"excerpt":"U setu dobijate 1 x Alarmnu centralu HUB ( po izboru bijela ili crna ) 3G kartica + mrezni ulaz \/ dojava u roku milisekunde 1 x senzor ( po izboru bijeli ili crni ) trajanje baterija do 7 godina 1 x unutra\u0161nja sirena ( po izboru crna ili bijela\u2026","rel":"","context":"Srodne objave","img":{"alt_text":"","src":"https:\/\/i1.wp.com\/astehshop.com\/wp-content\/uploads\/2020\/12\/PRIPREMA-AJAX-3.jpg?fit=982%2C1200&resize=350%2C200","width":350,"height":200},"classes":[]},{"id":5081,"url":"http:\/\/astehshop.com\/index.php\/product\/ajax-alarm-bezicni-set-techno-shop-bn\/","url_meta":{"origin":5083,"position":1},"title":"Ajax alarm be\u017ei\u010dni set Techno Shop BN","date":"4. prosinca 2020.","format":false,"excerpt":"U setu dobijate 1 x Alarmnu centralu HUB ( po izboru bijela ili crna ) 3G kartica + mrezni ulaz \/ dojava u roku milisekunde 1 x senzor ( po izboru bijeli ili crni ) trajanje baterija do 7 godina 1 x unutra\u0161nja sirena ( po izboru crna ili bijela\u2026","rel":"","context":"Srodne objave","img":{"alt_text":"ajax bijeljina","src":"https:\/\/i0.wp.com\/astehshop.com\/wp-content\/uploads\/2020\/12\/ajax-alarm-set-1.jpg?fit=982%2C1200&resize=350%2C200","width":350,"height":200},"classes":[]},{"id":7994,"url":"http:\/\/astehshop.com\/index.php\/product\/vodootporan-zidni-zvucnik-dsp255ii-crni-ili-bijeli\/","url_meta":{"origin":5083,"position":2},"title":"Vodootporan zidni zvu\u010dnik DSP255II crni ili bijeli","date":"20. lipnja 2023.","format":false,"excerpt":"2x3\u201d, 1.1\u201d, vodootporan, zidni zvu\u010dnik, za 100V\/70V\/8\u03a9 liniju. Snaga 1W-2W-4W-8W-15W na 70V, 2W-4W-8W-15W-30W na 100V. 30W na 8\u03a9. RMS 30W. Osetljivost 87dB, Maksimalni nivo zvuka 102dB\/1m, frekventni opseg 140Hz-20kHz. Rotacioni prekida\u010d za izbor snage\/impedanse. Materijal Aluminijum. Dimenzije: 109x102x376mm, te\u017eina 3kg. Nazidna monta\u017ea. Bijela\/Crna boja. Komplet sa U- nosa\u010dem.","rel":"","context":"Srodne objave","img":{"alt_text":"","src":"https:\/\/i1.wp.com\/astehshop.com\/wp-content\/uploads\/2023\/06\/DSP255II.jpg?fit=600%2C600&resize=350%2C200","width":350,"height":200},"classes":[]},{"id":12226,"url":"http:\/\/astehshop.com\/index.php\/product\/paradox-bezicni-pir-detektor-minijaturni-bijeli-pmd5m-bijeli-ili-crni\/","url_meta":{"origin":5083,"position":3},"title":"Paradox Be\u017ei\u010dni PIR detektor &#8211; minijaturni, bijeli PMD5M Bijeli ili Crni","date":"28. sije\u010dnja 2026.","format":false,"excerpt":"Be\u017ei\u010dni PIR detektor - minijaturni, bijeli Integrisan be\u017ei\u010dni primopredajnik na frekvenciji 868MHz, koristi auto learn funkciju \u0161to zna\u010di da se automatski registruje na centralu M serije, dualni PIR senzor, unutra\u0161nja monta\u017ea, domet 12m (110\u00b0), creep zona detekcije, tamper prekida\u010d, preko aplikacije BlueEye nadzor stanja baterije, temperature i RX\/TX signala, baterija\u2026","rel":"","context":"Srodne objave","img":{"alt_text":"","src":"https:\/\/i1.wp.com\/astehshop.com\/wp-content\/uploads\/2026\/01\/paradox-senzor.jpg?fit=1200%2C1200&resize=350%2C200","width":350,"height":200},"classes":[]},{"id":7991,"url":"http:\/\/astehshop.com\/index.php\/product\/zidni-zvucnik-crni-ili-bijeli-dsp8064\/","url_meta":{"origin":5083,"position":4},"title":"Zidni zvu\u010dnik crni ili bijeli DSP8064","date":"20. lipnja 2023.","format":false,"excerpt":"6.5\u201d dvosistemski zidni zvu\u010dnik, za 100V\/70V\/8\u03a9 liniju. Snaga 3W-6W-10W-20W-40W na 70V, 6W-10W-20W-40W na 100V. 40W na 8\u03a9. RMS 40W. Osetljivost 90dB, Maksimalni nivo zvuka 103dB\/1m, frekventni opseg 95Hz-20kHz. Rotacioni prekida\u010d za izbor snage\/impedanse. Materijal Aluminijum, ABS. Dimenzije: 255x176x170mm, te\u017eina 2.6kg. Nazidna monta\u017ea. Bijela\/Crna boja. Komplet sa U- nosa\u010dem.","rel":"","context":"Srodne objave","img":{"alt_text":"","src":"https:\/\/i0.wp.com\/astehshop.com\/wp-content\/uploads\/2023\/06\/DSP8064.jpg?fit=600%2C600&resize=350%2C200","width":350,"height":200},"classes":[]},{"id":6398,"url":"http:\/\/astehshop.com\/index.php\/product\/ajax-doorprotectplus-bl-ili-wh-bijeli-i-crni\/","url_meta":{"origin":5083,"position":5},"title":"AJAX DoorProtectPlus BL ili WH ( bijeli i crni )","date":"6. listopada 2022.","format":false,"excerpt":"Proizvo\u0111a\u010d AJAX Tehnologija Be\u017ei\u010dna Be\u017ei\u010dna frekvencija 868 MHz Be\u017ei\u010dna komunikacija Dvosmjerna Dimenzije \u00d820 x 90 mm Stupanj sigurnosti Grade 2 Napajanje Baterijsko 1 x 3V, tip CR123A Ugradnja Unutra\u0161nja Detekcija Vibracija \/ Otvaranje - Zatvaranje Metoda detekcije detektor vibracija \/ Reed Monta\u017ea Nadgradni Domet detekcije 20 mm LED signalizacija DA\u2026","rel":"","context":"Srodne objave","img":{"alt_text":"","src":"https:\/\/i1.wp.com\/astehshop.com\/wp-content\/uploads\/2022\/10\/magnetic-detector-and-wireless-vibration-detector-ajax-doorprotect-plus-black-1.jpg?fit=1050%2C1200&resize=350%2C200","width":350,"height":200},"classes":[]}],"_links":{"self":[{"href":"http:\/\/astehshop.com\/index.php\/wp-json\/wp\/v2\/product\/5083"}],"collection":[{"href":"http:\/\/astehshop.com\/index.php\/wp-json\/wp\/v2\/product"}],"about":[{"href":"http:\/\/astehshop.com\/index.php\/wp-json\/wp\/v2\/types\/product"}],"replies":[{"embeddable":true,"href":"http:\/\/astehshop.com\/index.php\/wp-json\/wp\/v2\/comments?post=5083"}],"wp:featuredmedia":[{"embeddable":true,"href":"http:\/\/astehshop.com\/index.php\/wp-json\/wp\/v2\/media\/5084"}],"wp:attachment":[{"href":"http:\/\/astehshop.com\/index.php\/wp-json\/wp\/v2\/media?parent=5083"}],"wp:term":[{"taxonomy":"product_cat","embeddable":true,"href":"http:\/\/astehshop.com\/index.php\/wp-json\/wp\/v2\/product_cat?post=5083"},{"taxonomy":"product_tag","embeddable":true,"href":"http:\/\/astehshop.com\/index.php\/wp-json\/wp\/v2\/product_tag?post=5083"}],"curies":[{"name":"wp","href":"https:\/\/api.w.org\/{rel}","templated":true}]}}