{"id":4730,"date":"2020-09-26T16:29:50","date_gmt":"2020-09-26T14:29:50","guid":{"rendered":"http:\/\/astehshop.com\/?post_type=product&#038;p=4730"},"modified":"2020-09-26T16:29:50","modified_gmt":"2020-09-26T14:29:50","slug":"metalna-kutija-sa-napajanjem-12v-15a-18ch","status":"publish","type":"product","link":"http:\/\/astehshop.com\/index.php\/product\/metalna-kutija-sa-napajanjem-12v-15a-18ch\/","title":{"rendered":"METALNA KUTIJA SA NAPAJANJEM 12V 15A 18CH"},"content":{"rendered":"<h1 class=\"h1\">METALNA KUTIJA SA NAPAJANJEM 12V 15A 18CH<\/h1>\n","protected":false},"excerpt":{"rendered":"<h1 class=\"h1\">METALNA KUTIJA SA NAPAJANJEM 12V 15A 18CH<\/h1>\n","protected":false},"featured_media":4731,"comment_status":"open","ping_status":"closed","template":"","meta":{"_mi_skip_tracking":false,"_exactmetrics_sitenote_active":false,"_exactmetrics_sitenote_note":"","_exactmetrics_sitenote_category":0,"spay_email":""},"product_cat":[137],"product_tag":[2622,2621],"brands":[],"df_price":99,"df_sale_price":"","df_regular_price":99,"df_image_link":"https:\/\/i2.wp.com\/astehshop.com\/wp-content\/uploads\/2020\/09\/METALNA-KUTIJA-SA-NAPAJANJEM-12V-15A-18CH.png?fit=450%2C450","jetpack_publicize_connections":[],"jetpack_sharing_enabled":true,"jetpack_likes_enabled":true,"jetpack-related-posts":[{"id":4728,"url":"http:\/\/astehshop.com\/index.php\/product\/metalna-kutija-sa-napajanjem-12v-5a-video-nadzor\/","url_meta":{"origin":4730,"position":0},"title":"Metalna kutija sa napajanjem 12V 5A video nadzor","date":"26. rujna 2020.","format":false,"excerpt":"Metalna kutija sa napajanjem 12V 5A","rel":"","context":"Srodne objave","img":{"alt_text":"","src":"https:\/\/i0.wp.com\/astehshop.com\/wp-content\/uploads\/2020\/09\/Metalna-kutija-sa-napajanjem-12V-5A.png?fit=800%2C800&resize=350%2C200","width":350,"height":200},"classes":[]},{"id":6094,"url":"http:\/\/astehshop.com\/index.php\/product\/dvr-box-metalna-kutija-za-sve-snimace-sa-bravicom\/","url_meta":{"origin":4730,"position":1},"title":"DVR BOX &#8211; metalna kutija za sve snimace sa bravicom","date":"27. velja\u010de 2022.","format":false,"excerpt":"dvr box za sve vrste snimaca unutra mozete postaviti i monitor kao i napajanje i visak kablova","rel":"","context":"Srodne objave","img":{"alt_text":"","src":"https:\/\/i2.wp.com\/astehshop.com\/wp-content\/uploads\/2022\/02\/aa755a2e-c591-4e80-b964-352590b537c0.png?fit=1000%2C1000&resize=350%2C200","width":350,"height":200},"classes":[]},{"id":6057,"url":"http:\/\/astehshop.com\/index.php\/product\/sa-220-magnetni-kontakt-za-metalna-vrata\/","url_meta":{"origin":4730,"position":2},"title":"SA-220 Magnetni kontakt za metalna vrata","date":"14. velja\u010de 2022.","format":false,"excerpt":"Metalni kontakt kotrljaju\u0107i i za metalna vrata sa kablom u blindiranoj cevi, Veli\u010dina: 106x38x10mm, Radni razmak maks. 75mm","rel":"","context":"Srodne objave","img":{"alt_text":"","src":"https:\/\/i0.wp.com\/astehshop.com\/wp-content\/uploads\/2022\/02\/SA-220.png?fit=600%2C569&resize=350%2C200","width":350,"height":200},"classes":[]},{"id":2654,"url":"http:\/\/astehshop.com\/index.php\/product\/hikvision-kamera-ds-2ce56d0t-irm-full-hd\/","url_meta":{"origin":4730,"position":3},"title":"HikVision kamera DS-2CE56D0T-IRMF Full HD","date":"2. o\u017eujka 2018.","format":false,"excerpt":"IR DOME HD-TVI kamera, 1080p (1920x1080) 1\/3\" Progressive Scan CMOS, dan\/no\u0107, fiksna optika 2,8mm (3,6mm), IR diode dometa do 20m, mehani\u010dki IR Cut filter (ICR), minimalno osvjetljenje 0,01 Lux@F1,2, stepen za\u0161tite IP66, radna temperatura od -40\u00b0C do +60\u00b0C, napajanje 12Vdc, maksimalna potro\u0161nja 4W \u00a0 \u00a0 http:\/\/astehshop.com\/index.php\/2022\/10\/31\/korisnicko-uputstvo-hik-connect\/ http:\/\/astehshop.com\/index.php\/product\/hikvision-dvr-4-kanala-ds-7104hghi-f1\/ \u00a0 http:\/\/astehshop.com\/index.php\/product\/plasticna-nadgradna-kutija-za-kamere-rbox-odgovara-za-sve-modele-kamera\/ http:\/\/astehshop.com\/index.php\/product\/rg59-kabal-1-02mm-ccs-60-al-oplet-75-cu-strujni-2x014-100m\/","rel":"","context":"Srodne objave","img":{"alt_text":"","src":"https:\/\/i0.wp.com\/astehshop.com\/wp-content\/uploads\/2018\/03\/DS-2CE56C0T-IRM.jpg?fit=500%2C388&resize=350%2C200","width":350,"height":200},"classes":[]},{"id":4118,"url":"http:\/\/astehshop.com\/index.php\/product\/longse-wifi-kamera-2-mp-lbf30s200w\/","url_meta":{"origin":4730,"position":4},"title":"Longse WiFi kamera 2 MP LBF30S200W","date":"22. velja\u010de 2020.","format":false,"excerpt":"LBF30S200W 2MP vanjska IP kamera bullet \u2022 1 \/ 2,9 \"SONY CMOS senzor sa slabim osvetljenjem\u2022 Metoda kompresije H.264 \/ H.264 + \/ H.265 \/ H.265 +\u2022 Sa utorom za SD karticu (Max. 128GB) \u2022 Fiksni objektiv 3,6 mm \u2022 IR udaljenost 30m Max. \u2022 IP66 vanjska metalna futrola U\u2026","rel":"","context":"Srodne objave","img":{"alt_text":"","src":"https:\/\/i2.wp.com\/astehshop.com\/wp-content\/uploads\/2020\/02\/LBF30S200W.jpg?fit=774%2C714&resize=350%2C200","width":350,"height":200},"classes":[]},{"id":8064,"url":"http:\/\/astehshop.com\/index.php\/product\/pretvarac-napona-sa-12v-na-220v-1500w\/","url_meta":{"origin":4730,"position":5},"title":"PRETVARAC NAPONA SA 12V NA 220V 1500W","date":"13. kolovoza 2023.","format":false,"excerpt":"PRETVARAC SE PRIKLJUCI SA KABLOVIMA KOJI DOLAZE U OVOM SETU NA AKUMULATOR 12V ILI AUTO PUNJAC A NA DRUGOJ STRANI PRETVARACA SE NALAZI UTIKAC SA IZLAZOM OD 220V U KOJI MOZETE PRIKLJUCITI I PRODUZNO KABLO SAMIM TIM IMATE MOGUCNOST PRIKLJUCENJA VISE UREDJAJA. \u00a0 IDEALAN ZA CENTRALNA GRIJANJA, MEJSTA GDJE NEMATE\u2026","rel":"","context":"Srodne objave","img":{"alt_text":"","src":"https:\/\/i1.wp.com\/astehshop.com\/wp-content\/uploads\/2023\/08\/inverter-dc-to-ac.jpg?fit=1200%2C831&resize=350%2C200","width":350,"height":200},"classes":[]}],"_links":{"self":[{"href":"http:\/\/astehshop.com\/index.php\/wp-json\/wp\/v2\/product\/4730"}],"collection":[{"href":"http:\/\/astehshop.com\/index.php\/wp-json\/wp\/v2\/product"}],"about":[{"href":"http:\/\/astehshop.com\/index.php\/wp-json\/wp\/v2\/types\/product"}],"replies":[{"embeddable":true,"href":"http:\/\/astehshop.com\/index.php\/wp-json\/wp\/v2\/comments?post=4730"}],"wp:featuredmedia":[{"embeddable":true,"href":"http:\/\/astehshop.com\/index.php\/wp-json\/wp\/v2\/media\/4731"}],"wp:attachment":[{"href":"http:\/\/astehshop.com\/index.php\/wp-json\/wp\/v2\/media?parent=4730"}],"wp:term":[{"taxonomy":"product_cat","embeddable":true,"href":"http:\/\/astehshop.com\/index.php\/wp-json\/wp\/v2\/product_cat?post=4730"},{"taxonomy":"product_tag","embeddable":true,"href":"http:\/\/astehshop.com\/index.php\/wp-json\/wp\/v2\/product_tag?post=4730"}],"curies":[{"name":"wp","href":"https:\/\/api.w.org\/{rel}","templated":true}]}}