{"id":4711,"date":"2020-09-26T16:13:22","date_gmt":"2020-09-26T14:13:22","guid":{"rendered":"http:\/\/astehshop.com\/?post_type=product&#038;p=4711"},"modified":"2020-09-26T16:13:22","modified_gmt":"2020-09-26T14:13:22","slug":"power-zenski-konektor-dc12v","status":"publish","type":"product","link":"http:\/\/astehshop.com\/index.php\/product\/power-zenski-konektor-dc12v\/","title":{"rendered":"Power \u017eenski konektor DC12V"},"content":{"rendered":"<h1 class=\"h1\">Power \u017eenski konektor DC12V<\/h1>\n","protected":false},"excerpt":{"rendered":"<h1 class=\"h1\">Power \u017eenski konektor DC12V<\/h1>\n","protected":false},"featured_media":4712,"comment_status":"open","ping_status":"closed","template":"","meta":{"_mi_skip_tracking":false,"_exactmetrics_sitenote_active":false,"_exactmetrics_sitenote_note":"","_exactmetrics_sitenote_category":0,"spay_email":""},"product_cat":[2598],"product_tag":[2610,2608,2609],"brands":[],"df_price":0.8,"df_sale_price":"","df_regular_price":0.8,"df_image_link":"https:\/\/i2.wp.com\/astehshop.com\/wp-content\/uploads\/2020\/09\/Power-zenski-konektor-DC12V.jpg?fit=450%2C450","jetpack_publicize_connections":[],"jetpack_sharing_enabled":true,"jetpack_likes_enabled":true,"jetpack-related-posts":[{"id":4709,"url":"http:\/\/astehshop.com\/index.php\/product\/power-muski-konektor-dc12v\/","url_meta":{"origin":4711,"position":0},"title":"Power mu\u0161ki konektor DC12V","date":"26. rujna 2020.","format":false,"excerpt":"Power mu\u0161ki konektor DC12V","rel":"","context":"Srodne objave","img":{"alt_text":"","src":"https:\/\/i1.wp.com\/astehshop.com\/wp-content\/uploads\/2020\/09\/Power-muski-konektor-DC12V.jpg?fit=800%2C800&resize=350%2C200","width":350,"height":200},"classes":[]},{"id":5263,"url":"http:\/\/astehshop.com\/index.php\/product\/bnc-muski-konektor-sa-oprugom\/","url_meta":{"origin":4711,"position":1},"title":"BNC Mu\u0161ki konektor sa oprugom","date":"9. listopada 2021.","format":false,"excerpt":"BNC Mu\u0161ki konektor sa oprugom","rel":"","context":"Srodne objave","img":{"alt_text":"","src":"https:\/\/i2.wp.com\/astehshop.com\/wp-content\/uploads\/2021\/10\/BNC2.jpg?fit=747%2C706&resize=350%2C200","width":350,"height":200},"classes":[]},{"id":5842,"url":"http:\/\/astehshop.com\/index.php\/product\/type-c-na-audio-type-c\/","url_meta":{"origin":4711,"position":2},"title":"Type-C na Audio + Type-C","date":"23. sije\u010dnja 2022.","format":false,"excerpt":"2u1 Adapter Type C na AUX i Type-C Proizvo\u0111a\u010d: S-link Model: SL-TA45M Boja: siva Tip: Type-C na 1x 3,5mm AUX (\u017eenski), 1x Type-C (\u017eenski)","rel":"","context":"Srodne objave","img":{"alt_text":"","src":"https:\/\/i2.wp.com\/astehshop.com\/wp-content\/uploads\/2022\/01\/Type-C-na-Audio-Type-C.jpg?fit=1024%2C1024&resize=350%2C200","width":350,"height":200},"classes":[]},{"id":4126,"url":"http:\/\/astehshop.com\/index.php\/product\/longse-bezicni-wifi-set-5-mpx-sa-monitorom-12\/","url_meta":{"origin":4711,"position":3},"title":"Longse Be\u017ei\u010dni WiFi set 5 MPX sa monitorom 12&#8221;","date":"22. velja\u010de 2020.","format":false,"excerpt":"Model: WIFI3604M4FK500 5MP 4CH WIFI Kit Distance 300m Max. \u2022 1x 4CH WIFI NVR + Monitor 12\" (All-in-one) \u2022 4x 5MP Outdoor Bullet IP Camera IR 25m \u2022 4x DC12V\/0.5A Power Adapter for WIFI IP Camera \u2022 1x DC12V\/2A Power Adapter for WIFI NVR \u2022 1x USB Mouse U cijenu\u2026","rel":"","context":"Srodne objave","img":{"alt_text":"","src":"https:\/\/i0.wp.com\/astehshop.com\/wp-content\/uploads\/2020\/02\/bezicni-set-1x-snimac-4x-ip-wi-fi-kamera-50mpx-1x-monitor-12.jpg.png?fit=800%2C800&resize=350%2C200","width":350,"height":200},"classes":[]},{"id":4128,"url":"http:\/\/astehshop.com\/index.php\/product\/longse-bezicni-wifi-set-2-mpx-sa-monitorom-12\/","url_meta":{"origin":4711,"position":4},"title":"Longse Be\u017ei\u010dni WiFi set 2 MPX sa monitorom 12&#8221;","date":"22. velja\u010de 2020.","format":false,"excerpt":"WIFI3604M4SW200 2MP 4CH WIFI Kit Distance 300m Max. \u2022 1x 4CH WIFI NVR H.265\/H.265+ \u2022 4x 2MP Outdoor Bullet IP Camera IR 25m \u2022 4x DC12V\/0.5A Power Adapter for WIFI IP Camera \u2022 1x DC12V\/2A Power Adapter for WIFI NVR \u2022 1x USB Mouse U cijenu nije uklju\u010den hard disk!\u2026","rel":"","context":"Srodne objave","img":{"alt_text":"","src":"https:\/\/i1.wp.com\/astehshop.com\/wp-content\/uploads\/2020\/02\/1.png?fit=840%2C824&resize=350%2C200","width":350,"height":200},"classes":[]},{"id":6849,"url":"http:\/\/astehshop.com\/index.php\/product\/ultradisk-ssd-512gb-sata-iii-25\/","url_meta":{"origin":4711,"position":5},"title":"Ultradisk SSD 512GB SATA III 2,5","date":"25. studenoga 2022.","format":false,"excerpt":"Pohrana 512GB \/ Tip diska: SSD \/ Konektor SATA","rel":"","context":"Srodne objave","img":{"alt_text":"","src":"https:\/\/i0.wp.com\/astehshop.com\/wp-content\/uploads\/2022\/11\/ultradisk-ssd-512gb-sata-iii-25.jpg?fit=800%2C800&resize=350%2C200","width":350,"height":200},"classes":[]}],"_links":{"self":[{"href":"http:\/\/astehshop.com\/index.php\/wp-json\/wp\/v2\/product\/4711"}],"collection":[{"href":"http:\/\/astehshop.com\/index.php\/wp-json\/wp\/v2\/product"}],"about":[{"href":"http:\/\/astehshop.com\/index.php\/wp-json\/wp\/v2\/types\/product"}],"replies":[{"embeddable":true,"href":"http:\/\/astehshop.com\/index.php\/wp-json\/wp\/v2\/comments?post=4711"}],"wp:featuredmedia":[{"embeddable":true,"href":"http:\/\/astehshop.com\/index.php\/wp-json\/wp\/v2\/media\/4712"}],"wp:attachment":[{"href":"http:\/\/astehshop.com\/index.php\/wp-json\/wp\/v2\/media?parent=4711"}],"wp:term":[{"taxonomy":"product_cat","embeddable":true,"href":"http:\/\/astehshop.com\/index.php\/wp-json\/wp\/v2\/product_cat?post=4711"},{"taxonomy":"product_tag","embeddable":true,"href":"http:\/\/astehshop.com\/index.php\/wp-json\/wp\/v2\/product_tag?post=4711"}],"curies":[{"name":"wp","href":"https:\/\/api.w.org\/{rel}","templated":true}]}}