{"id":4531,"date":"2020-05-04T20:38:27","date_gmt":"2020-05-04T18:38:27","guid":{"rendered":"http:\/\/astehshop.com\/?post_type=product&#038;p=4531"},"modified":"2024-02-18T09:37:41","modified_gmt":"2024-02-18T08:37:41","slug":"alarmna-centrala-bezicnog-sistema-crne-boje-ajax-hub-bl","status":"publish","type":"product","link":"http:\/\/astehshop.com\/index.php\/product\/alarmna-centrala-bezicnog-sistema-crne-boje-ajax-hub-bl\/","title":{"rendered":"Alarmna centrala be\u017ei\u010dnog sistema crne boje AJAX-HUB-BL"},"content":{"rendered":"<div id=\"detaljni-opis\" class=\"artikal_detaljniopis_tekst\">\n<p>AJAX-HUB-BL<\/p>\n<p>&nbsp;<\/p>\n<p>Model: AJAX Hub BL<br \/>\nCentralna jedinica (HUB) be\u017ei\u010dnog protuprovalnog sustava sa integriranim LAN i GSM\/GPRS komunikatorom, omogu\u0107eno dodavanje i rad do 100 be\u017ei\u010dnih ure\u0111aja, max 50 korisnika. Ugra\u0111ena back-up<br \/>\nbaterija. Crne boje, Modularna izvedba, 99 ugra\u0111enih be\u017ei\u010dnih zona, 9 Particija, Be\u017ei\u010dna frekvencija 868MHz, Dvosmjerna be\u017ei\u010dna komunikacija, Automatsko prijavljivanje be\u017ei\u010dnih ure\u0111aja putem QR<br \/>\nkoda, 50 pristupnih \u0161ifri (smartphone aplikacija), Ukupan broj daljinskih upravlja\u010da 99, Ukupan broj be\u017ei\u010dnih tipkovnica &#8211; 2 way, Dimenzije 162,7 x 162,7 x 35,9 mm, Stupanj sigurnosti Grade 2<br \/>\n(EN50131-1), Glavno napajanje 220V, Pomo\u0107no napajanje sa 2 Li-ion baterije 2Ah, Max broj PGM 99 izlaza slabe struje, Max broj PGM izlaza jake struje 99 (Ajax WallSwitch \/ Ajax Socket), Max broj<br \/>\nnadziranih be\u017ei\u010dnih sirena 99, Ugra\u0111en ispravlja\u010d mre\u017enog napajanja, Dojava na CDS IP\/GPRS 1 + 1 IP adresa, Softver za programiranje, smartphone ili desktop aplikacija. Formati dojave na CDS Ajax<br \/>\nTranslator, SIA-IP, Privatna dojava SMS \/ Poziv (zahtjeva SIM karticu), Nadzor komunikacije i tel. linije. Integrirani GSM\/GPRS, Integriran IP komunikator. Integracija do IP kamera ili snima\u010da.<\/p>\n<\/div>\n","protected":false},"excerpt":{"rendered":"<div id=\"detaljni-opis\" class=\"artikal_detaljniopis_tekst\">\n<p>AJAX-HUB-BL<\/p>\n<p>&nbsp;<\/p>\n<p>Model: AJAX Hub BL<br \/>\nCentralna jedinica (HUB) be\u017ei\u010dnog protuprovalnog sustava sa integriranim LAN i GSM\/GPRS komunikatorom, omogu\u0107eno dodavanje i rad do 100 be\u017ei\u010dnih ure\u0111aja, max 50 korisnika. Ugra\u0111ena back-up<br \/>\nbaterija. Crne boje, Modularna izvedba, 99 ugra\u0111enih be\u017ei\u010dnih zona, 9 Particija, Be\u017ei\u010dna frekvencija 868MHz, Dvosmjerna be\u017ei\u010dna komunikacija, Automatsko prijavljivanje be\u017ei\u010dnih ure\u0111aja putem QR<br \/>\nkoda, 50 pristupnih \u0161ifri (smartphone aplikacija), Ukupan broj daljinskih upravlja\u010da 99, Ukupan broj be\u017ei\u010dnih tipkovnica &#8211; 2 way, Dimenzije 162,7 x 162,7 x 35,9 mm, Stupanj sigurnosti Grade 2<br \/>\n(EN50131-1), Glavno napajanje 220V, Pomo\u0107no napajanje sa 2 Li-ion baterije 2Ah, Max broj PGM 99 izlaza slabe struje, Max broj PGM izlaza jake struje 99 (Ajax WallSwitch \/ Ajax Socket), Max broj<br \/>\nnadziranih be\u017ei\u010dnih sirena 99, Ugra\u0111en ispravlja\u010d mre\u017enog napajanja, Dojava na CDS IP\/GPRS 1 + 1 IP adresa, Softver za programiranje, smartphone ili desktop aplikacija. Formati dojave na CDS Ajax<br \/>\nTranslator, SIA-IP, Privatna dojava SMS \/ Poziv (zahtjeva SIM karticu), Nadzor komunikacije i tel. linije. Integrirani GSM\/GPRS, Integriran IP komunikator. Integracija do IP kamera ili snima\u010da.<\/p>\n<\/div>\n","protected":false},"featured_media":4532,"comment_status":"open","ping_status":"closed","template":"","meta":{"_mi_skip_tracking":false,"_exactmetrics_sitenote_active":false,"_exactmetrics_sitenote_note":"","_exactmetrics_sitenote_category":0,"spay_email":""},"product_cat":[142,4415],"product_tag":[2474,2491,2492],"brands":[{"id":2473,"name":"AJAX","slug":"ajax"}],"df_price":379,"df_sale_price":"","df_regular_price":379,"df_image_link":"https:\/\/i2.wp.com\/astehshop.com\/wp-content\/uploads\/2020\/05\/AJAX-HUB-BL.png?fit=450%2C271","jetpack_publicize_connections":[],"jetpack_sharing_enabled":true,"jetpack_likes_enabled":true,"jetpack-related-posts":[{"id":6393,"url":"http:\/\/astehshop.com\/index.php\/product\/ajax-hub2-plus-wh\/","url_meta":{"origin":4531,"position":0},"title":"AJAX Hub2 Plus WH","date":"6. listopada 2022.","format":false,"excerpt":"Proizvo\u0111a\u010d AJAX Tehnologija Be\u017ei\u010dna Izvedba Modularna Broj ugra\u0111enih be\u017ei\u010dnih zona 200 Max broj zona - ukupno 200 Ukupan broj particija 25 Be\u017ei\u010dna frekvencija 868 MHz Be\u017ei\u010dna komunikacija Dvosmjerna Automatsko prijavljivanje be\u017ei\u010dnih ure\u0111aja QR kod Max pro\u0161irivo be\u017ei\u010dne zone 200 Ukupan broj pristupnih \u0161ifri 200 (app) Ukupan broj daljinskih upravlja\u010da 200\u2026","rel":"","context":"Srodne objave","img":{"alt_text":"","src":"https:\/\/i0.wp.com\/astehshop.com\/wp-content\/uploads\/2022\/10\/AJAX-Hub2-Plus-WH.jpg?fit=600%2C600&resize=350%2C200","width":350,"height":200},"classes":[]},{"id":5823,"url":"http:\/\/astehshop.com\/index.php\/product\/ajax-hub-plus-bijeli-ili-crni\/","url_meta":{"origin":4531,"position":1},"title":"AJAX Hub Plus Bijeli ili Crni","date":"20. sije\u010dnja 2022.","format":false,"excerpt":"Centralna jedinica (HUB) be\u017ei\u010dnog protuprovalnog sistema sa integriranim LAN, WiFi i Dual-SIM GSM\/GPRS komunikatorom, omogu\u0107eno dodavanje i rad do 150 be\u017ei\u010dnih ure\u0111aja, 25 particija, max 99 korisnika. Ugra\u0111ena back-up baterija. Crne ili bijele boje","rel":"","context":"Srodne objave","img":{"alt_text":"","src":"","width":0,"height":0},"classes":[]},{"id":4964,"url":"http:\/\/astehshop.com\/index.php\/product\/ajax-transmitter\/","url_meta":{"origin":4531,"position":2},"title":"AJAX Transmitter","date":"6. studenoga 2020.","format":false,"excerpt":"Modul za be\u017ei\u010dno povezivanje univerzalnih be\u017ei\u010dnih detektora (Optex BX80R, AMC Soutdoor BC i sl) na AJAX protuprovalni sustav. Proizvo\u0111a\u010d AJAX Izvedba Be\u017ei\u010dno Be\u017ei\u010dna frekvencija 868 MHz Dimenzije 100 x 39 x 22 mm Tamper Da Napajanje baterijsko 3 x CR123A 3V Namjena Be\u017ei\u010dni primopredajnik Kompatibilne centrale AJAX HUB Spajanje na\u2026","rel":"","context":"Srodne objave","img":{"alt_text":"","src":"https:\/\/i2.wp.com\/astehshop.com\/wp-content\/uploads\/2020\/11\/AJAX-Transmitter.jpg?fit=264%2C264&resize=350%2C200","width":350,"height":200},"classes":[]},{"id":4546,"url":"http:\/\/astehshop.com\/index.php\/product\/bezicni-daljinski-upravljac-crni-ajax-sc-bl\/","url_meta":{"origin":4531,"position":3},"title":"Be\u017ei\u010dni daljinski upravlja\u010d crni AJAX-SC-BL SpaceControl","date":"4. svibnja 2020.","format":false,"excerpt":"Model: AJAX SpaceControl BL Be\u017ei\u010dna Tehnologija, Dvosmjerna be\u017ei\u010dna komunikacija, Na\u010din prikaza LED, Napajanje Baterijsko, 1 x 3V tipCR-2032, Broj podr\u017eanih particija 1, Broj zasebnih alarmnih tipki 4, Dimenzije 65 x 37 x 10 mm, Te\u017eina 15g","rel":"","context":"Srodne objave","img":{"alt_text":"","src":"https:\/\/i0.wp.com\/astehshop.com\/wp-content\/uploads\/2020\/05\/AJAX-SC-BL-1.jpg?fit=1200%2C650&resize=350%2C200","width":350,"height":200},"classes":[]},{"id":6404,"url":"http:\/\/astehshop.com\/index.php\/product\/ajax-vhf-bridge\/","url_meta":{"origin":4531,"position":4},"title":"AJAX VHF Bridge","date":"6. listopada 2022.","format":false,"excerpt":"Proizvo\u0111a\u010d AJAX Izvedba Be\u017ei\u010dna Be\u017ei\u010dna frekvencija 868 MHz Dimenzije 196 x 238 x 100 mm Tamper Da Napajanje 220 VAC Namjena Me\u0111usklop Kompatibilne centrale Ajax HUB, HUB PLUS, HUB 2. HUB 2 PLUS Spajanje na alarmnu centralu Be\u017ei\u010dno Priklju\u010dak za integraciju Relejni izlazi Broj PGM-a - \u017ei\u010dano 8","rel":"","context":"Srodne objave","img":{"alt_text":"","src":"https:\/\/i0.wp.com\/astehshop.com\/wp-content\/uploads\/2022\/10\/ajax-vhf-bridge-white.png?fit=800%2C800&resize=350%2C200","width":350,"height":200},"classes":[]},{"id":4544,"url":"http:\/\/astehshop.com\/index.php\/product\/bezicna-touchsense-tastatura-crne-boje-ajax-keypad-bl\/","url_meta":{"origin":4531,"position":5},"title":"Be\u017ei\u010dna touchsense tastatura crne boje AJAX KEYPAD BL","date":"4. svibnja 2020.","format":false,"excerpt":"Model: AJAX Keypad BL Be\u017ei\u010dna touchsense tastatura, omogu\u0107eno uklju\u010divanje sistema, djelomi\u010dno uklju\u010denje sistema, isklju\u010denje sistemaa i panik dojava. LED signalizacija. Crne boje, Be\u017ei\u010dna frekvencija 868 MHz, Be\u017ei\u010dna dvosmjerna komunikacija, Na\u010din prikaza Touchsense LED, Napajanje Baterijsko 4 x AAA, Dimenzije 150 x 102,5 x 13,2 mm, Ugra\u0111en tamper, Te\u017eina 160gr","rel":"","context":"Srodne objave","img":{"alt_text":"","src":"https:\/\/i2.wp.com\/astehshop.com\/wp-content\/uploads\/2020\/05\/AJAX-KEYPAD-BL.jpg?fit=1200%2C650&resize=350%2C200","width":350,"height":200},"classes":[]}],"_links":{"self":[{"href":"http:\/\/astehshop.com\/index.php\/wp-json\/wp\/v2\/product\/4531"}],"collection":[{"href":"http:\/\/astehshop.com\/index.php\/wp-json\/wp\/v2\/product"}],"about":[{"href":"http:\/\/astehshop.com\/index.php\/wp-json\/wp\/v2\/types\/product"}],"replies":[{"embeddable":true,"href":"http:\/\/astehshop.com\/index.php\/wp-json\/wp\/v2\/comments?post=4531"}],"wp:featuredmedia":[{"embeddable":true,"href":"http:\/\/astehshop.com\/index.php\/wp-json\/wp\/v2\/media\/4532"}],"wp:attachment":[{"href":"http:\/\/astehshop.com\/index.php\/wp-json\/wp\/v2\/media?parent=4531"}],"wp:term":[{"taxonomy":"product_cat","embeddable":true,"href":"http:\/\/astehshop.com\/index.php\/wp-json\/wp\/v2\/product_cat?post=4531"},{"taxonomy":"product_tag","embeddable":true,"href":"http:\/\/astehshop.com\/index.php\/wp-json\/wp\/v2\/product_tag?post=4531"}],"curies":[{"name":"wp","href":"https:\/\/api.w.org\/{rel}","templated":true}]}}