{"id":4300,"date":"2020-03-31T20:05:53","date_gmt":"2020-03-31T18:05:53","guid":{"rendered":"http:\/\/astehshop.com\/?post_type=product&#038;p=4300"},"modified":"2023-11-21T15:03:40","modified_gmt":"2023-11-21T14:03:40","slug":"video-nadzor-set-8-kamera-13-mpx-362-km","status":"publish","type":"product","link":"http:\/\/astehshop.com\/index.php\/product\/video-nadzor-set-8-kamera-13-mpx-362-km\/","title":{"rendered":"VIDEO NADZOR SET 8 KAMERA 1,3 MPX 362 KM"},"content":{"rendered":"<p>&#x1f449;Najbolja ponuda do sada<br \/>\n&#x1f9d0;Video nadzor sa 8 kamera SET &#8211; 362 KM<br \/>\n&#x1f5a5;Nadgledajte svoj dom \/ kancelariju \/ gara\u017eu i sli\u010dno<\/p>\n<p>&#x2139;&#xfe0f;BROJ VIDEO-BNC ULAZA: 8<br \/>\n&#x1f3a5;BROJ KAMERA U PAKOVANJU: 8<br \/>\n&#x1f44c;REZOLUCIJA SNIMANJA: 1,3MP<br \/>\n&#x26a1;&#xfe0f;NA\u010cIN SNIMANJA: Schedueled, MOTION DETECT<br \/>\n&#x1f4e1;LAN: GigaEthernet, RJ-45<br \/>\n&#x2699;&#xfe0f;HDD: podr\u017eava do 1x sata 6TB MAX<br \/>\n&#x2714;&#xfe0f;HDMI: DA<br \/>\n&#x2714;&#xfe0f;VGA: DA<br \/>\n&#x2714;&#xfe0f;AUDIO IZLAZ: DA<br \/>\n&#x2714;&#xfe0f;BROJ USB PORTOVA: 2X<br \/>\n&#x2714;&#xfe0f;DODATNA OPREMA: Nosa\u010di za kamere, adapteri za kamere, 12V<br \/>\n&#x2714;&#xfe0f;PRISTUP MOBITELOM: ANDROID i IOS<br \/>\nNAPAJANJE: 12V<\/p>\n<p>&#x2708;&#xfe0f;Dostava u sva mjesta u BiH<\/p>\n<p><a href=\"http:\/\/www.astehshop.com\">www.astehshop.com<\/a><\/p>\n","protected":false},"excerpt":{"rendered":"<p>&#x1f449;Najbolja ponuda do sada<br \/>\n&#x1f9d0;Video nadzor sa 8 kamera SET &#8211; 362 KM<br \/>\n&#x1f5a5;Nadgledajte svoj dom \/ kancelariju \/ gara\u017eu i sli\u010dno<\/p>\n<p>&#x2139;&#xfe0f;BROJ VIDEO-BNC ULAZA: 8<br \/>\n&#x1f3a5;BROJ KAMERA U PAKOVANJU: 8<br \/>\n&#x1f44c;REZOLUCIJA SNIMANJA: 1,3MP<br \/>\n&#x26a1;&#xfe0f;NA\u010cIN SNIMANJA: Schedueled, MOTION DETECT<br \/>\n&#x1f4e1;LAN: GigaEthernet, RJ-45<br \/>\n&#x2699;&#xfe0f;HDD: podr\u017eava do 1x sata 6TB MAX<br \/>\n&#x2714;&#xfe0f;HDMI: DA<br \/>\n&#x2714;&#xfe0f;VGA: DA<br \/>\n&#x2714;&#xfe0f;AUDIO IZLAZ: DA<br \/>\n&#x2714;&#xfe0f;BROJ USB PORTOVA: 2X<br \/>\n&#x2714;&#xfe0f;DODATNA OPREMA: Nosa\u010di za kamere, adapteri za kamere, 12V<br \/>\n&#x2714;&#xfe0f;PRISTUP MOBITELOM: ANDROID i IOS<br \/>\nNAPAJANJE: 12V<\/p>\n<p>&#x2708;&#xfe0f;Dostava u sva mjesta u BiH<\/p>\n<p><a href=\"http:\/\/www.astehshop.com\">www.astehshop.com<\/a><\/p>\n","protected":false},"featured_media":4301,"comment_status":"open","ping_status":"closed","template":"","meta":{"_mi_skip_tracking":false,"_exactmetrics_sitenote_active":false,"_exactmetrics_sitenote_note":"","_exactmetrics_sitenote_category":0,"spay_email":""},"product_cat":[2298],"product_tag":[435,483,1205,1383,1384],"brands":[],"df_price":362,"df_sale_price":"","df_regular_price":362,"df_image_link":"https:\/\/i1.wp.com\/astehshop.com\/wp-content\/uploads\/2020\/03\/set-362.jpg?fit=450%2C293","jetpack_publicize_connections":[],"jetpack_sharing_enabled":true,"jetpack_likes_enabled":true,"jetpack-related-posts":[{"id":4302,"url":"http:\/\/astehshop.com\/index.php\/product\/video-nadzor-set-4-kamere-13-mpx-149-km\/","url_meta":{"origin":4300,"position":0},"title":"Video nadzor SET 4 kamere 1,3 MPX 149 KM","date":"31. o\u017eujka 2020.","format":false,"excerpt":"BROJ VIDEO-BNC ULAZA: 4 BROJ KAMERA U PAKIRANJU: 4 NA\u010cIN POVEZIVANJA: kablovima sa snima\u010dem REZOLUCIJA SNIMANJA: 1,3MPx NA\u010cIN SNIMANJA: Schedueled, MOTION DETECT i Manual LAN: GigaEthernet, RJ-45 HDD: 1x sata 6TB MAX HDMI: DA VGA: DA AUDIO IZLAZ: DA BROJ USB PORTOVA: 2X DODATNA OPREMA: Nosa\u010di za kamere, adapteri za\u2026","rel":"","context":"Srodne objave","img":{"alt_text":"","src":"https:\/\/i1.wp.com\/astehshop.com\/wp-content\/uploads\/2020\/03\/Video-nadzor-SET-4-kamere-13-MPX-149-KM.jpg?fit=800%2C533&resize=350%2C200","width":350,"height":200},"classes":[]},{"id":3266,"url":"http:\/\/astehshop.com\/index.php\/product\/video-nadzor-set-4-kamere-13-mpx\/","url_meta":{"origin":4300,"position":1},"title":"Video nadzor set 4 kamere 1,3 MPX","date":"24. velja\u010de 2019.","format":false,"excerpt":"BROJ VIDEO-BNC ULAZA: 4 BROJ KAMERA U PAKIRANJU: 4 NA\u010cIN POVEZIVANJA: kablovima sa snima\u010dem REZOLUCIJA SNIMANJA: 1,3MPx NA\u010cIN SNIMANJA: Schedueled, MOTION DETECT i Manual LAN: GigaEthernet, RJ-45 HDD: podr\u017ean do 1x sata 6TB MAX HDMI: DA VGA: DA AUDIO IZLAZ: DA BROJ USB PORTOVA: 2X DODATNA OPREMA: Nosa\u010di za kamere,\u2026","rel":"","context":"Srodne objave","img":{"alt_text":"A6004NR","src":"https:\/\/i0.wp.com\/astehshop.com\/wp-content\/uploads\/2019\/02\/set-kamera-1-3-mpx-164-km.jpg?fit=1200%2C800&resize=350%2C200","width":350,"height":200},"classes":[]},{"id":5294,"url":"http:\/\/astehshop.com\/index.php\/product\/wifi-set-4-kamere-13-mpx\/","url_meta":{"origin":4300,"position":2},"title":"WiFi set 4 kamere 1,3 mpx","date":"9. listopada 2021.","format":false,"excerpt":"Video nadzor SET \u00a0 Model:\u00a0LZ04-400 Broj kamera u pakiranju:\u00a04 Na\u010din povezivanja:\u00a0be\u017ei\u010dno WiFi Rezolucija snimanja:\u00a01,3MP HDMI:\u00a0DA VGA:\u00a0DA Snima\u010d uklju\u010den Mi\u0161 uklju\u010den Podr\u017eava spajanje na Cloud","rel":"","context":"Srodne objave","img":{"alt_text":"","src":"https:\/\/i2.wp.com\/astehshop.com\/wp-content\/uploads\/2021\/10\/slika-969109-60d06db5d913c-velika-removebg-preview.png?fit=612%2C408&resize=350%2C200","width":350,"height":200},"classes":[]},{"id":3271,"url":"http:\/\/astehshop.com\/index.php\/product\/kamera-za-video-nadzor-vanjska-2-mpx\/","url_meta":{"origin":4300,"position":3},"title":"Kamera za video nadzor vanjska 2 MPX","date":"24. velja\u010de 2019.","format":false,"excerpt":"TIP: AHD REZOLUCIJA: 1900X1080 OPTIKA: 3,6mm BROJ IR DIODA: 4 DIODE RADNA UDALJENOST: 35 metara KU\u0106I\u0160TE: metalno BOJA: bijela","rel":"","context":"Srodne objave","img":{"alt_text":"","src":"https:\/\/i0.wp.com\/astehshop.com\/wp-content\/uploads\/2019\/02\/LZ-6818AHD.jpg?fit=1200%2C800&resize=350%2C200","width":350,"height":200},"classes":[]},{"id":3269,"url":"http:\/\/astehshop.com\/index.php\/product\/kamera-za-video-nadzor-2-mpx-bullet\/","url_meta":{"origin":4300,"position":4},"title":"Kamera za video nadzor 2 MPX bullet","date":"24. velja\u010de 2019.","format":false,"excerpt":"TIP: AHD REZOLUCIJA: 1900X1080 OPTIKA: 2mm BROJ IR DIODA: 2 ARRAY RADNA UDALJENOST: 35 metara KU\u0106I\u0160TE: metalno BOJA: bijela IP ZA\u0160TITA : IP66 \u00a0","rel":"","context":"Srodne objave","img":{"alt_text":"LZ-915AHD","src":"https:\/\/i1.wp.com\/astehshop.com\/wp-content\/uploads\/2019\/02\/vasnjak-kamera-44-km.jpg?fit=1200%2C800&resize=350%2C200","width":350,"height":200},"classes":[]},{"id":3260,"url":"http:\/\/astehshop.com\/index.php\/product\/dome-kamera-2-mpx\/","url_meta":{"origin":4300,"position":5},"title":"Dome kamera 2 MPX","date":"24. velja\u010de 2019.","format":false,"excerpt":"Kamera za video nadzor 2 MPX 29 KM TIP: AHD REZOLUCIJA: 1900X1080 OPTIKA: 3,6mm BROJ IR DIODA: 3 ARRAY RADNA UDALJENOST: 35 metara KU\u0106I\u0160TE: PVC BOJA: bijela IP za\u0161tita: IP33 LZ-3003AHD Garancija 12 mjeseci Dostava 24\/48h","rel":"","context":"Srodne objave","img":{"alt_text":"","src":"https:\/\/i1.wp.com\/astehshop.com\/wp-content\/uploads\/2019\/02\/kamera-29-km.jpg?fit=1200%2C800&resize=350%2C200","width":350,"height":200},"classes":[]}],"_links":{"self":[{"href":"http:\/\/astehshop.com\/index.php\/wp-json\/wp\/v2\/product\/4300"}],"collection":[{"href":"http:\/\/astehshop.com\/index.php\/wp-json\/wp\/v2\/product"}],"about":[{"href":"http:\/\/astehshop.com\/index.php\/wp-json\/wp\/v2\/types\/product"}],"replies":[{"embeddable":true,"href":"http:\/\/astehshop.com\/index.php\/wp-json\/wp\/v2\/comments?post=4300"}],"wp:featuredmedia":[{"embeddable":true,"href":"http:\/\/astehshop.com\/index.php\/wp-json\/wp\/v2\/media\/4301"}],"wp:attachment":[{"href":"http:\/\/astehshop.com\/index.php\/wp-json\/wp\/v2\/media?parent=4300"}],"wp:term":[{"taxonomy":"product_cat","embeddable":true,"href":"http:\/\/astehshop.com\/index.php\/wp-json\/wp\/v2\/product_cat?post=4300"},{"taxonomy":"product_tag","embeddable":true,"href":"http:\/\/astehshop.com\/index.php\/wp-json\/wp\/v2\/product_tag?post=4300"}],"curies":[{"name":"wp","href":"https:\/\/api.w.org\/{rel}","templated":true}]}}