{"id":4038,"date":"2020-02-19T20:32:27","date_gmt":"2020-02-19T19:32:27","guid":{"rendered":"http:\/\/astehshop.com\/?post_type=product&#038;p=4038"},"modified":"2024-02-18T09:30:18","modified_gmt":"2024-02-18T08:30:18","slug":"bezicni-unutarnji-detektor-pokreta-model-nv75mr","status":"publish","type":"product","link":"http:\/\/astehshop.com\/index.php\/product\/bezicni-unutarnji-detektor-pokreta-model-nv75mr\/","title":{"rendered":"BE\u017dI\u010cNI UNUTARNJI DETEKTOR POKRETA MODEL NV75MR"},"content":{"rendered":"<div id=\"more_info_sheets\" class=\"bgcolor bordercolor\">\n<div id=\"idTab1\" class=\"\">\n<div>\n<p>MODEL: NV75MR<\/p>\n<p>WIRELESS INDOOR DUAL MIRONEL OPTICS W\/ANTI-MASK<\/p>\n<p>PET IMMUNITY DUAL DETECTOR<\/p>\n<p>FREKVENCIJA: 433Mhz ; 868Mhz<\/p>\n<\/div>\n<\/div>\n<\/div>\n","protected":false},"excerpt":{"rendered":"<div id=\"more_info_sheets\" class=\"bgcolor bordercolor\">\n<div id=\"idTab1\" class=\"\">\n<div>\n<p>MODEL: NV75MR<\/p>\n<p>WIRELESS INDOOR DUAL MIRONEL OPTICS W\/ANTI-MASK<\/p>\n<p>PET IMMUNITY DUAL DETECTOR<\/p>\n<p>FREKVENCIJA: 433Mhz ; 868Mhz<\/p>\n<\/div>\n<\/div>\n<\/div>\n","protected":false},"featured_media":4016,"comment_status":"open","ping_status":"closed","template":"","meta":{"_mi_skip_tracking":false,"_exactmetrics_sitenote_active":false,"_exactmetrics_sitenote_note":"","_exactmetrics_sitenote_category":0,"spay_email":""},"product_cat":[143],"product_tag":[280,246,293,2191,235],"brands":[{"id":2046,"name":"paradox","slug":"paradox"}],"df_price":135,"df_sale_price":"","df_regular_price":135,"df_image_link":"https:\/\/i1.wp.com\/astehshop.com\/wp-content\/uploads\/2020\/02\/NV75M.jpg?fit=442%2C450","jetpack_publicize_connections":[],"jetpack_sharing_enabled":true,"jetpack_likes_enabled":true,"jetpack-related-posts":[{"id":4035,"url":"http:\/\/astehshop.com\/index.php\/product\/unutarnji-dual-detektor-model-nv75mx\/","url_meta":{"origin":4038,"position":0},"title":"UNUTARNJI DUAL DETEKTOR MODEL NV75MX","date":"19. velja\u010de 2020.","format":false,"excerpt":"MODEL: NV75MX INDOOR DUAL MIRONEL OPTICS W\/ANTI-MASK PET IMMUNITY DUAL DETECTOR\/BUS EN 50131 GRADE 3","rel":"","context":"Srodne objave","img":{"alt_text":"","src":"https:\/\/i1.wp.com\/astehshop.com\/wp-content\/uploads\/2020\/02\/NV75M.jpg?fit=922%2C938&resize=350%2C200","width":350,"height":200},"classes":[]},{"id":3995,"url":"http:\/\/astehshop.com\/index.php\/product\/bezicni-primopredajnik-paradox-model-rpt1\/","url_meta":{"origin":4038,"position":1},"title":"BE\u017dI\u010cNI PRIMOPREDAJNIK PARADOX MODEL RPT1","date":"18. velja\u010de 2020.","format":false,"excerpt":"MODEL: RPT1 BE\u017dI\u010cNI PRIMOPREDAJNIK FREKVENCIJA: 433Mhz ; 868Mhz","rel":"","context":"Srodne objave","img":{"alt_text":"","src":"https:\/\/i2.wp.com\/astehshop.com\/wp-content\/uploads\/2020\/02\/RPT1.jpg?fit=1200%2C1173&resize=350%2C200","width":350,"height":200},"classes":[]},{"id":4001,"url":"http:\/\/astehshop.com\/index.php\/product\/bezicni-detektor-loma-stakla-model-g550\/","url_meta":{"origin":4038,"position":2},"title":"BE\u017dI\u010cNI DETEKTOR LOMA STAKLA MODEL G550","date":"18. velja\u010de 2020.","format":false,"excerpt":"MODEL: G550 BE\u017dI\u010cNI DETEKTOR LOMA STAKLA FREKVENCIJA: 433Mhz ; 868Mhz","rel":"","context":"Srodne objave","img":{"alt_text":"","src":"https:\/\/i1.wp.com\/astehshop.com\/wp-content\/uploads\/2020\/02\/G550-paradox.jpg?fit=492%2C528&resize=350%2C200","width":350,"height":200},"classes":[]},{"id":3999,"url":"http:\/\/astehshop.com\/index.php\/product\/bezicni-detektor-dima-model-sd360\/","url_meta":{"origin":4038,"position":3},"title":"BE\u017dI\u010cNI DETEKTOR DIMA MODEL SD360","date":"18. velja\u010de 2020.","format":false,"excerpt":"MODEL: SD360 BE\u017dI\u010cNI DETEKTOR DIMA, FOTOELEKTRI\u010cNI ELEMENT SA VISOKOM OSVJETLJIVO\u0160\u0106U FREKVENCIJA: 433Mhz","rel":"","context":"Srodne objave","img":{"alt_text":"","src":"https:\/\/i2.wp.com\/astehshop.com\/wp-content\/uploads\/2020\/02\/BE\u017dI\u010cNI-DETEKTOR-DIMA-MODEL-SD360.jpg?fit=974%2C988&resize=350%2C200","width":350,"height":200},"classes":[]},{"id":4941,"url":"http:\/\/astehshop.com\/index.php\/product\/ajax-motioncamera-bl\/","url_meta":{"origin":4038,"position":4},"title":"AJAX MotionCamera BL","date":"5. studenoga 2020.","format":false,"excerpt":"Wireless PIR detector, 12m@85\u00b0, PET immunity up to 20kg\/50cm height. Black \u00a0","rel":"","context":"Srodne objave","img":{"alt_text":"","src":"https:\/\/i0.wp.com\/astehshop.com\/wp-content\/uploads\/2020\/11\/AJAX-MotionCamera-BL-1.png?fit=700%2C700&resize=350%2C200","width":350,"height":200},"classes":[]},{"id":12234,"url":"http:\/\/astehshop.com\/index.php\/product\/paradox-bezicni-dual-optic-pir-detektor-sa-pet-opcijom-i-antimask-funkcijom-pmd37m\/","url_meta":{"origin":4038,"position":5},"title":"Paradox Be\u017ei\u010dni dual-optic PIR detektor sa PET opcijom i antimask funkcijom PMD37M","date":"29. sije\u010dnja 2026.","format":false,"excerpt":"Be\u017ei\u010dni dual-optic PIR detektor sa PET opcijom i antimask funkcijom Integrisan be\u017ei\u010dni primopredajnik na frekvenciji 868MHz, koristi auto learn funkciju \u0161to zna\u010di da se automatski registruje na centralu M serije, sa dvije optike u senzoru, unutra\u0161nja\/spolja\u0161nja monta\u017ea, domet 11m (88.5\u00b0), PET opcija do 40kg, tamper prekida\u010d, preko aplikacije BlueEye nadzor\u2026","rel":"","context":"Srodne objave","img":{"alt_text":"","src":"https:\/\/i0.wp.com\/astehshop.com\/wp-content\/uploads\/2026\/01\/pmd37m.jpg?fit=1200%2C1200&resize=350%2C200","width":350,"height":200},"classes":[]}],"_links":{"self":[{"href":"http:\/\/astehshop.com\/index.php\/wp-json\/wp\/v2\/product\/4038"}],"collection":[{"href":"http:\/\/astehshop.com\/index.php\/wp-json\/wp\/v2\/product"}],"about":[{"href":"http:\/\/astehshop.com\/index.php\/wp-json\/wp\/v2\/types\/product"}],"replies":[{"embeddable":true,"href":"http:\/\/astehshop.com\/index.php\/wp-json\/wp\/v2\/comments?post=4038"}],"wp:featuredmedia":[{"embeddable":true,"href":"http:\/\/astehshop.com\/index.php\/wp-json\/wp\/v2\/media\/4016"}],"wp:attachment":[{"href":"http:\/\/astehshop.com\/index.php\/wp-json\/wp\/v2\/media?parent=4038"}],"wp:term":[{"taxonomy":"product_cat","embeddable":true,"href":"http:\/\/astehshop.com\/index.php\/wp-json\/wp\/v2\/product_cat?post=4038"},{"taxonomy":"product_tag","embeddable":true,"href":"http:\/\/astehshop.com\/index.php\/wp-json\/wp\/v2\/product_tag?post=4038"}],"curies":[{"name":"wp","href":"https:\/\/api.w.org\/{rel}","templated":true}]}}