{"id":3708,"date":"2019-09-27T20:51:04","date_gmt":"2019-09-27T18:51:04","guid":{"rendered":"http:\/\/astehshop.com\/?post_type=product&#038;p=3708"},"modified":"2025-09-17T22:06:43","modified_gmt":"2025-09-17T20:06:43","slug":"ip-mrezna-dahua-dome-kamera-2mp-ipc-hdbw1230ep-0280b","status":"publish","type":"product","link":"http:\/\/astehshop.com\/index.php\/product\/ip-mrezna-dahua-dome-kamera-2mp-ipc-hdbw1230ep-0280b\/","title":{"rendered":"IP mre\u017ena Dahua dome kamera 2MP IPC-HDBW1230EP-0280B"},"content":{"rendered":"<p>IP mre\u017ena 2 megapiksela mini-dome kamera,<br \/>\n1\/2.7\u2033 Progressive Scan CMOS H.264+ \/ H.264 kompresija,<br \/>\nmaksimalna rezolucija 1920\u00d71080 u 25fps,<br \/>\nfiksni megapikselni objektiv 2.8 mm,<br \/>\nICR filter, D-WDR,<br \/>\nautomatska kontrola bijele boje,<br \/>\nautomatska kontrola poja\u010danja,<br \/>\n3D redukcija \u0161uma,<br \/>\nmaksimalni domet IC dioda 30 metara,<br \/>\nIP67, IK10,<br \/>\nONVIF,<br \/>\n12VDC\/PoE,potro\u0161nja &lt;5.4W.<\/p>\n","protected":false},"excerpt":{"rendered":"<p>IP mre\u017ena 2 megapiksela mini-dome kamera,<br \/>\n1\/2.7\u2033 Progressive Scan CMOS H.264+ \/ H.264 kompresija,<br \/>\nmaksimalna rezolucija 1920\u00d71080 u 25fps,<br \/>\nfiksni megapikselni objektiv 2.8 mm,<br \/>\nICR filter, D-WDR,<br \/>\nautomatska kontrola bijele boje,<br \/>\nautomatska kontrola poja\u010danja,<br \/>\n3D redukcija \u0161uma,<br \/>\nmaksimalni domet IC dioda 30 metara,<br \/>\nIP67, IK10,<br \/>\nONVIF,<br \/>\n12VDC\/PoE,potro\u0161nja &lt;5.4W.<\/p>\n","protected":false},"featured_media":3709,"comment_status":"open","ping_status":"closed","template":"","meta":{"_mi_skip_tracking":false,"_exactmetrics_sitenote_active":false,"_exactmetrics_sitenote_note":"","_exactmetrics_sitenote_category":0,"spay_email":""},"product_cat":[1037,4415],"product_tag":[456,1945,1946,1944,477,1943,1181,1383,2978,394],"brands":[{"id":2045,"name":"Dahua","slug":"dahua"}],"df_price":"","df_sale_price":"","df_regular_price":"","df_image_link":"https:\/\/i2.wp.com\/astehshop.com\/wp-content\/uploads\/2019\/09\/IPC-HDBW1230EP-0280B.png?fit=300%2C300","jetpack_publicize_connections":[],"jetpack_sharing_enabled":true,"jetpack_likes_enabled":true,"jetpack-related-posts":[{"id":6098,"url":"http:\/\/astehshop.com\/index.php\/product\/hikvision-ip-dome-kamera-za-video-nadzor-ds-2cd1123g0e-i\/","url_meta":{"origin":3708,"position":0},"title":"HikVision IP dome kamera za video nadzor DS-2CD1123G0E-I","date":"1. travnja 2022.","format":false,"excerpt":"Dome IP video kamera, rezolucije 2Mpx@25fps, kompresija H.265+, H.265, H.264+, H.264, MJPEG , Bit Rate 32Kbps - 8Mbps, 2 streama, objektiv 2.8mm, osjetljivost 0.01Lux@F1.2, D-WDR, IR LED dometa do 30m, napajanje 12VDC \/ PoE, IP67\/IK10.","rel":"","context":"Srodne objave","img":{"alt_text":"","src":"https:\/\/i2.wp.com\/astehshop.com\/wp-content\/uploads\/2022\/04\/DS-2CD1123G0E-I.jpg?fit=1200%2C1027&resize=350%2C200","width":350,"height":200},"classes":[]},{"id":3948,"url":"http:\/\/astehshop.com\/index.php\/product\/hikvision-ip-dome-kamera-ds-2cd1123g0-i-2-mp\/","url_meta":{"origin":3708,"position":1},"title":"HikVision IP dome kamera DS-2CD1123G0-I 2 MP","date":"17. velja\u010de 2020.","format":false,"excerpt":"Dome IP video kamera, rezolucije 2Mpx@25fps, kompresija MJPEG, H.264 i H.265, Bit Rate 32Kbps \u2013 8Mbps, 2 streama, objektiv 2.8mm, osjetljivost 0.01Lux@F1.2, D-WDR, IR LED dometa do 30m, napajanje 12VDC \/ PoE, IP67\/IK10.","rel":"","context":"Srodne objave","img":{"alt_text":"","src":"https:\/\/i2.wp.com\/astehshop.com\/wp-content\/uploads\/2020\/02\/DS-2CD1123G0-I.jpg?fit=1200%2C971&resize=350%2C200","width":350,"height":200},"classes":[]},{"id":3931,"url":"http:\/\/astehshop.com\/index.php\/product\/mrezna-ip-kamera-dome-hikvision-ds-2cd2185fwd-i-8-mp\/","url_meta":{"origin":3708,"position":2},"title":"Mre\u017ena IP kamera dome HikVision DS-2CD2185FWD-I 8 MP","date":"16. velja\u010de 2020.","format":false,"excerpt":"Proizvo\u0111a\u010d HIKVISION Tehnologija IP video Opti\u010dki senzor 1\/2.5'' Progressive Scan CMOS Rezolucija 8Mpx@20fps \/ 5Mpx, 4Mpx, 1080p, 720p@25fps (3 streama) Bit rate 32Kbps - 16Mbps Video kompresija H.264, H.264+, H.265, H.265+ Ku\u0107i\u0161te Dome Objektiv 2,8 mm Minimalno osvjetljenje (Lux) 0.01Lux@F1.2, Low Light Horizontalni kut 102\u00b0 Onvif Da Videoanalitika Prijelaz preko\u2026","rel":"","context":"Srodne objave","img":{"alt_text":"","src":"https:\/\/i0.wp.com\/astehshop.com\/wp-content\/uploads\/2020\/02\/DS-2CD2185FWD-I.jpg?fit=838%2C790&resize=350%2C200","width":350,"height":200},"classes":[]},{"id":9081,"url":"http:\/\/astehshop.com\/index.php\/product\/dahua-ipc-hdbw2241r-zas-27135-dom-kamera\/","url_meta":{"origin":3708,"position":3},"title":"Dahua IPC-HDBW2241R-ZAS-27135 dom kamera","date":"20. velja\u010de 2024.","format":false,"excerpt":"2MP mre\u017ena kamera u dome ku\u0107i\u0161tu sa StarLight tehnologijom. 1\/2.8\u201d CMOS sa progresivnim skeniranjem. Color: 0.002Lux\/F1.5. Maksimalna rezolucija 1920x1080. Varifokalna optika 2.7 - 13.5 mm. Kompresija H.265+\/H.264+. Nivo za\u0161tite IP67, IK10. 120dB WDR. Domet IC dioda 40 metara. Video analitika: Tripwire, intrusion (classification detection of vehicle and human). 12v napajanje,PoE.\u2026","rel":"","context":"Srodne objave","img":{"alt_text":"","src":"https:\/\/i1.wp.com\/astehshop.com\/wp-content\/uploads\/2024\/02\/Dahua-IPC-HDBW2241R-ZAS-27135-dom-kamera.jpg?fit=1200%2C675&resize=350%2C200","width":350,"height":200},"classes":[]},{"id":9560,"url":"http:\/\/astehshop.com\/index.php\/product\/dahua-ipc-hdw1439v-a-il-0280b-dome-ip-kamera-dual-ilumination\/","url_meta":{"origin":3708,"position":4},"title":"Dahua IPC-HDW1439V-A-IL-0280B dome IP kamera dual ilumination","date":"26. listopada 2024.","format":false,"excerpt":"4MP Full-color Dual-iluminator mre\u017ena kamera u dome ku\u0107i\u0161tu 1\/2.9\u201d CMOS sa progresivnim skeniranjem. Color: 0.006 Lux@F1.6 Maksimalna rezolucija 2560x1440. Fiksna optika 2.8mm. Kompresija H.265+\/H.264+. 120dB WDR. Warm light\/IR LED diode, domet dioda 30metara. Integrisan mikrofon. Video analitika:(detekcija ljudi).Odgovaraju\u0107a baza PFA13G nosa\u010d za stub PFA152-E . Nivo za\u0161tite IP67.Napajanje 12VDC\/PoE, 2.9W\u2026","rel":"","context":"Srodne objave","img":{"alt_text":"","src":"https:\/\/i2.wp.com\/astehshop.com\/wp-content\/uploads\/2024\/10\/IPC-HDW1439V-A-IL-1.jpg?fit=1200%2C675&resize=350%2C200","width":350,"height":200},"classes":[]},{"id":3926,"url":"http:\/\/astehshop.com\/index.php\/product\/mrezna-ip-dome-kamera-hikvision-ds-2cd2121g0-i-2-mp\/","url_meta":{"origin":3708,"position":5},"title":"Mre\u017ena IP dome kamera HikVision DS-2CD2121G0-I 2 MP","date":"16. velja\u010de 2020.","format":false,"excerpt":"2MP mre\u017ena dome kamera:1\/3\" Progressive CMOS, ICR, Color: 0.028 Lux @(F2.0 AGC ON), 0lux with IR,1920x1080:25fps(P)\/30fps(N),H.265+\/H.265\/H.264\/MJPEG, DC12V & PoE, 3D DNR, BLC, IR raspon: do 30m, Podr\u017eava utor za sd karticu HIK-Connect cloud service.","rel":"","context":"Srodne objave","img":{"alt_text":"","src":"https:\/\/i2.wp.com\/astehshop.com\/wp-content\/uploads\/2020\/02\/DS-2CD2121G0-I.png?fit=752%2C692&resize=350%2C200","width":350,"height":200},"classes":[]}],"_links":{"self":[{"href":"http:\/\/astehshop.com\/index.php\/wp-json\/wp\/v2\/product\/3708"}],"collection":[{"href":"http:\/\/astehshop.com\/index.php\/wp-json\/wp\/v2\/product"}],"about":[{"href":"http:\/\/astehshop.com\/index.php\/wp-json\/wp\/v2\/types\/product"}],"replies":[{"embeddable":true,"href":"http:\/\/astehshop.com\/index.php\/wp-json\/wp\/v2\/comments?post=3708"}],"wp:featuredmedia":[{"embeddable":true,"href":"http:\/\/astehshop.com\/index.php\/wp-json\/wp\/v2\/media\/3709"}],"wp:attachment":[{"href":"http:\/\/astehshop.com\/index.php\/wp-json\/wp\/v2\/media?parent=3708"}],"wp:term":[{"taxonomy":"product_cat","embeddable":true,"href":"http:\/\/astehshop.com\/index.php\/wp-json\/wp\/v2\/product_cat?post=3708"},{"taxonomy":"product_tag","embeddable":true,"href":"http:\/\/astehshop.com\/index.php\/wp-json\/wp\/v2\/product_tag?post=3708"}],"curies":[{"name":"wp","href":"https:\/\/api.w.org\/{rel}","templated":true}]}}