{"id":2518,"date":"2018-02-27T13:38:12","date_gmt":"2018-02-27T12:38:12","guid":{"rendered":"http:\/\/astehshop.com\/?post_type=product&#038;p=2518"},"modified":"2024-02-18T08:49:52","modified_gmt":"2024-02-18T07:49:52","slug":"zicni-sifrator-k10v","status":"publish","type":"product","link":"http:\/\/astehshop.com\/index.php\/product\/zicni-sifrator-k10v\/","title":{"rendered":"\u017di\u010dni \u0161ifrator K10 LED"},"content":{"rendered":"<p><span class=\"fontstyle0\">LED \u0161ifrator za 10 zona (za MG5000, MG5050 i Spectra SP)<br \/>\n<\/span><span class=\"fontstyle2\">1 ulaz za zonu, 3 panik tastera<\/span><\/p>\n","protected":false},"excerpt":{"rendered":"<p><span class=\"fontstyle0\">LED \u0161ifrator za 10 zona (za MG5000, MG5050 i Spectra SP)<\/span><\/p>\n","protected":false},"featured_media":2519,"comment_status":"open","ping_status":"closed","template":"","meta":{"_mi_skip_tracking":false,"_exactmetrics_sitenote_active":false,"_exactmetrics_sitenote_note":"","_exactmetrics_sitenote_category":0,"spay_email":""},"product_cat":[141,144],"product_tag":[285,3347,282,276,283,284,281],"brands":[{"id":2046,"name":"paradox","slug":"paradox"}],"df_price":103,"df_sale_price":"","df_regular_price":103,"df_image_link":"https:\/\/i1.wp.com\/astehshop.com\/wp-content\/uploads\/2018\/02\/k10v.jpg?fit=450%2C379","jetpack_publicize_connections":[],"jetpack_sharing_enabled":true,"jetpack_likes_enabled":true,"jetpack-related-posts":[{"id":2524,"url":"http:\/\/astehshop.com\/index.php\/product\/zicni-sifrator-k32lcd\/","url_meta":{"origin":2518,"position":0},"title":"\u017di\u010dni \u0161ifrator K32LCD+","date":"27. velja\u010de 2018.","format":false,"excerpt":"LCD \u0161ifrator - \u017ei\u010dni (za MG5000, MG5050 i Spectra SP) 1 zona, 3 panik tastera","rel":"","context":"Srodne objave","img":{"alt_text":"","src":"https:\/\/i0.wp.com\/astehshop.com\/wp-content\/uploads\/2018\/02\/k32lcdplus.jpg?fit=500%2C459&resize=350%2C200","width":350,"height":200},"classes":[]},{"id":2511,"url":"http:\/\/astehshop.com\/index.php\/product\/bezicni-sifrator-k32rf\/","url_meta":{"origin":2518,"position":1},"title":"Be\u017ei\u010dni \u0161ifrator K32RF","date":"27. velja\u010de 2018.","format":false,"excerpt":"LED \u0161ifrator za 32 zone - be\u017ei\u010dni (za MG5000, MG5050 i za Spectra SP sa RTX3 ili K32LX)","rel":"","context":"Srodne objave","img":{"alt_text":"","src":"https:\/\/i1.wp.com\/astehshop.com\/wp-content\/uploads\/2018\/02\/k32rf.jpg?fit=500%2C406&resize=350%2C200","width":350,"height":200},"classes":[]},{"id":2521,"url":"http:\/\/astehshop.com\/index.php\/product\/zicni-sifrator-k32\/","url_meta":{"origin":2518,"position":2},"title":"\u017di\u010dni \u0161ifrator K32+","date":"27. velja\u010de 2018.","format":false,"excerpt":"LED \u0161ifrator za 32 zone (za centrale serije Spectra SP i Magellan) 1 ulaz za zonu, 3 panik tastera","rel":"","context":"Srodne objave","img":{"alt_text":"","src":"https:\/\/i2.wp.com\/astehshop.com\/wp-content\/uploads\/2018\/02\/k32plus.jpg?fit=500%2C459&resize=350%2C200","width":350,"height":200},"classes":[]},{"id":3982,"url":"http:\/\/astehshop.com\/index.php\/product\/zx82-modul-prosirenja-paradox\/","url_meta":{"origin":2518,"position":3},"title":"ZX82 modul pro\u0161irenja PARADOX","date":"18. velja\u010de 2020.","format":false,"excerpt":"Kompatibilan sa Spectra SP, E55\/65, MG5000, MG5050 i EVO 8 adresabilnih zona (16 zona sa ATZ funkcijom dupliranja) Mogu\u0107nost odre\u0111ivanja vremena aktivacije za svaku zonu (do 255 minuta), \u0161to je idealno za primjenu gdje se prati promjena temperature 1 PGM izlaz Koristi ulaz zone kao anti-sabota\u017eni prekida\u010d Status LED za\u2026","rel":"","context":"Srodne objave","img":{"alt_text":"","src":"https:\/\/i1.wp.com\/astehshop.com\/wp-content\/uploads\/2020\/02\/ZX82.jpg?fit=1137%2C1200&resize=350%2C200","width":350,"height":200},"classes":[]},{"id":8867,"url":"http:\/\/astehshop.com\/index.php\/product\/paradox-tastatura-sifrator-k38\/","url_meta":{"origin":2518,"position":4},"title":"Paradox tastatura \u0161ifrator K38","date":"14. sije\u010dnja 2024.","format":false,"excerpt":"ICON \u0161ifrator za 32 zone - be\u017ei\u010dni (za MG6250\/5000\/5050\/5050+\/5075 i za Spectra SP sa RTX3 ili K32LX osim SP4000) ugra\u0111en be\u017ei\u010dni primo-predajnik, 3 panik tastera, sa ugra\u0111enom backup baterijom, napaja se sa 2 AA baterije, preporu\u010deno je da se koristi i dodatno napajanje - ispravlja\u010d 6Vdc - PA6-EU","rel":"","context":"Srodne objave","img":{"alt_text":"","src":"https:\/\/i0.wp.com\/astehshop.com\/wp-content\/uploads\/2024\/01\/k38.jpg?fit=1200%2C1200&resize=350%2C200","width":350,"height":200},"classes":[]},{"id":3985,"url":"http:\/\/astehshop.com\/index.php\/product\/paradox-zx8sp-modul-prosirenja\/","url_meta":{"origin":2518,"position":5},"title":"Paradox ZX8SP modul pro\u0161irenja","date":"18. velja\u010de 2020.","format":false,"excerpt":"8-zonski modul pro\u0161irenja kompatibilan s Spectra SP, MG5000 i MG5050 serijama centrala","rel":"","context":"Srodne objave","img":{"alt_text":"","src":"https:\/\/i0.wp.com\/astehshop.com\/wp-content\/uploads\/2020\/02\/Paradox-ZX8SP-modul-pro\u0161irenja.jpg?fit=389%2C377&resize=350%2C200","width":350,"height":200},"classes":[]}],"_links":{"self":[{"href":"http:\/\/astehshop.com\/index.php\/wp-json\/wp\/v2\/product\/2518"}],"collection":[{"href":"http:\/\/astehshop.com\/index.php\/wp-json\/wp\/v2\/product"}],"about":[{"href":"http:\/\/astehshop.com\/index.php\/wp-json\/wp\/v2\/types\/product"}],"replies":[{"embeddable":true,"href":"http:\/\/astehshop.com\/index.php\/wp-json\/wp\/v2\/comments?post=2518"}],"wp:featuredmedia":[{"embeddable":true,"href":"http:\/\/astehshop.com\/index.php\/wp-json\/wp\/v2\/media\/2519"}],"wp:attachment":[{"href":"http:\/\/astehshop.com\/index.php\/wp-json\/wp\/v2\/media?parent=2518"}],"wp:term":[{"taxonomy":"product_cat","embeddable":true,"href":"http:\/\/astehshop.com\/index.php\/wp-json\/wp\/v2\/product_cat?post=2518"},{"taxonomy":"product_tag","embeddable":true,"href":"http:\/\/astehshop.com\/index.php\/wp-json\/wp\/v2\/product_tag?post=2518"}],"curies":[{"name":"wp","href":"https:\/\/api.w.org\/{rel}","templated":true}]}}