{"id":12259,"date":"2026-02-26T19:37:31","date_gmt":"2026-02-26T18:37:31","guid":{"rendered":"http:\/\/astehshop.com\/?post_type=product&#038;p=12259"},"modified":"2026-02-26T19:37:33","modified_gmt":"2026-02-26T18:37:33","slug":"hikvision-ds-2ce17h0t-it5f","status":"publish","type":"product","link":"http:\/\/astehshop.com\/index.php\/product\/hikvision-ds-2ce17h0t-it5f\/","title":{"rendered":"HikVision DS-2CE17H0T-IT5F"},"content":{"rendered":"<p>Bullet kamera 5MP sa objektivom 3,6mm<\/p>\n<p>DNR, Smart IR, OSD<\/p>\n<p>IR osvjetljenje do 80m<\/p>\n<p>Za vanjsku primjenu, IP66<\/p>\n<p>Napajanje: 12 VDC \u00b1 25%, max. 5 W<\/p>\n<p>Odgovaraju\u0107i nosa\u010d: DS-1280ZJ-XS<\/p>\n","protected":false},"excerpt":{"rendered":"<p>Bullet kamera 5MP sa objektivom 3,6mm<\/p>\n<p>DNR, Smart IR, OSD<\/p>\n<p>IR osvjetljenje do 80m<\/p>\n<p>Za vanjsku primjenu, IP66<\/p>\n<p>Napajanje: 12 VDC \u00b1 25%, max. 5 W<\/p>\n<p>Odgovaraju\u0107i nosa\u010d: DS-1280ZJ-XS<\/p>\n","protected":false},"featured_media":12260,"comment_status":"open","ping_status":"closed","template":"","meta":{"_mi_skip_tracking":false,"_exactmetrics_sitenote_active":false,"_exactmetrics_sitenote_note":"","_exactmetrics_sitenote_category":0,"spay_email":""},"product_cat":[132],"product_tag":[435,3035,377,548,8868,474,4859],"brands":[{"id":2044,"name":"HikVision","slug":"hikvision"}],"df_price":119,"df_sale_price":"","df_regular_price":119,"df_image_link":"https:\/\/i0.wp.com\/astehshop.com\/wp-content\/uploads\/2026\/02\/DS-2CE17H0T-IT5F.jpg?fit=450%2C253","jetpack_publicize_connections":[],"jetpack_sharing_enabled":true,"jetpack_likes_enabled":true,"jetpack-related-posts":[{"id":12264,"url":"http:\/\/astehshop.com\/index.php\/product\/ds-2ce76d0t-itmf-hikvision\/","url_meta":{"origin":12259,"position":0},"title":"DS-2CE76D0T-ITMF HikVision","date":"26. velja\u010de 2026.","format":false,"excerpt":"Turret kamera 2MP sa objektivom 2,8 mm ili 3,6 mm IR osvjetljenje do 30m Za vanjsku primjenu, IP67 Napajanje: 12 VDC \u00b1 25%, max. 3.7 W Odgovaraju\u0107i nosa\u010d: DS-1280ZJ-XS","rel":"","context":"Srodne objave","img":{"alt_text":"","src":"https:\/\/i1.wp.com\/astehshop.com\/wp-content\/uploads\/2026\/02\/DS-2CE76D0T-ITMF.jpg?fit=600%2C600&resize=350%2C200","width":350,"height":200},"classes":[]},{"id":12266,"url":"http:\/\/astehshop.com\/index.php\/product\/hikvision-ds-2ce56d0t-it3f\/","url_meta":{"origin":12259,"position":1},"title":"HikVision DS-2CE56D0T-IT3F","date":"26. velja\u010de 2026.","format":false,"excerpt":"Turret kamera 2MP sa objektivom 2,8 mm ili 3,6 mm Dan\/no\u0107, EXIR osvjetljenje do 40m, DNR, Smart IR Za vanjsku primjenu, IP67 Napajanje: 12 VDC \u00b1 25%, max. 3 W Odgovaraju\u0107i nosa\u010d: DS-1280ZJ-S","rel":"","context":"Srodne objave","img":{"alt_text":"","src":"https:\/\/i2.wp.com\/astehshop.com\/wp-content\/uploads\/2026\/02\/DS-2CE56D0T-IT3F.png?fit=754%2C597&resize=350%2C200","width":350,"height":200},"classes":[]},{"id":12278,"url":"http:\/\/astehshop.com\/index.php\/product\/hikvision-ds-2ce76h0t-itmfs\/","url_meta":{"origin":12259,"position":2},"title":"HikVision DS-2CE76H0T-ITMFS","date":"26. velja\u010de 2026.","format":false,"excerpt":"Turret kamera 5MP sa objektivom 2,8 mm ili 3,6 mm EXIR osvjetljenje do 30m Za vanjsku primjenu, IP67 Napajanje: 12 VDC \u00b1 25%, Ugra\u0111en mikrofon Odgovaraju\u0107i nosa\u010d: DS-1280ZJ-XS","rel":"","context":"Srodne objave","img":{"alt_text":"","src":"https:\/\/i2.wp.com\/astehshop.com\/wp-content\/uploads\/2026\/02\/DS-2CE76H0T-ITMFS.png?fit=588%2C493&resize=350%2C200","width":350,"height":200},"classes":[]},{"id":12283,"url":"http:\/\/astehshop.com\/index.php\/product\/hikvision-ds-2ce78h0t-it3fs\/","url_meta":{"origin":12259,"position":3},"title":"HikVision DS-2CE78H0T-IT3FS","date":"26. velja\u010de 2026.","format":false,"excerpt":"Turret kamera 5MP sa objektivom 2,8 mm ili 3,6 mm Za vanjsku primjenu, IP67 Napajanje: 12 VDC \u00b1 25% Ugra\u0111en mikrofon Odgovaraju\u0107i nosa\u010d: DS-1280ZJ-S","rel":"","context":"Srodne objave","img":{"alt_text":"","src":"https:\/\/i2.wp.com\/astehshop.com\/wp-content\/uploads\/2026\/02\/DS-2CE78H0T-IT3FS-1.jpg?fit=231%2C218&resize=350%2C200","width":350,"height":200},"classes":[]},{"id":3858,"url":"http:\/\/astehshop.com\/index.php\/product\/kamera-za-video-nadzor-8-mpx-4k-hikvision-ds-2ce17u8t-it\/","url_meta":{"origin":12259,"position":4},"title":"Kamera za video nadzor 8 MPX 4K HikVision DS-2CE17U8T-IT","date":"15. velja\u010de 2020.","format":false,"excerpt":"Rezolucija 8 Mpix (3840x2160) Objektiv 3,6mm Mogu\u0107nosti HDTVI Tehnologija, OSD izbornik, DNR, Dan\/no\u0107,\u00a0WDR 120 dB, Izlazi HDTVI + CVBS IR osvjetljenje do 40m, EXIR tehnologija Stupanj IP za\u0161tite Za vanjsku primjenu, IP67 Napajanje 12 V DC Odgovaraju\u0107i nosa\u010d DS-1280ZJ-XS \u00a0","rel":"","context":"Srodne objave","img":{"alt_text":"","src":"https:\/\/i1.wp.com\/astehshop.com\/wp-content\/uploads\/2020\/02\/DS-2CE17U8T-IT.jpeg?fit=946%2C726&resize=350%2C200","width":350,"height":200},"classes":[]},{"id":12327,"url":"http:\/\/astehshop.com\/index.php\/product\/ip-kamera-hikvision-ds-2cd1021g2-liu\/","url_meta":{"origin":12259,"position":5},"title":"IP kamera HikVision DS-2CD1021G2-LIU","date":"28. velja\u010de 2026.","format":false,"excerpt":"Bullet kamera 2MP s objektivom 2,8mm IR osvjetljenje do 20m, bijelo svjetlo do 15m Ugra\u0111en mikrofon Za vanjsku primjenu, IP67 Napajanje: 12V DC ili PoE (Power over Ethernet) Odgovaraju\u0107i nosa\u010d: DS-1280ZJ-XS","rel":"","context":"Srodne objave","img":{"alt_text":"","src":"https:\/\/i1.wp.com\/astehshop.com\/wp-content\/uploads\/2026\/02\/DS-2CD1021G2-LIU.jpg?fit=800%2C800&resize=350%2C200","width":350,"height":200},"classes":[]}],"_links":{"self":[{"href":"http:\/\/astehshop.com\/index.php\/wp-json\/wp\/v2\/product\/12259"}],"collection":[{"href":"http:\/\/astehshop.com\/index.php\/wp-json\/wp\/v2\/product"}],"about":[{"href":"http:\/\/astehshop.com\/index.php\/wp-json\/wp\/v2\/types\/product"}],"replies":[{"embeddable":true,"href":"http:\/\/astehshop.com\/index.php\/wp-json\/wp\/v2\/comments?post=12259"}],"wp:featuredmedia":[{"embeddable":true,"href":"http:\/\/astehshop.com\/index.php\/wp-json\/wp\/v2\/media\/12260"}],"wp:attachment":[{"href":"http:\/\/astehshop.com\/index.php\/wp-json\/wp\/v2\/media?parent=12259"}],"wp:term":[{"taxonomy":"product_cat","embeddable":true,"href":"http:\/\/astehshop.com\/index.php\/wp-json\/wp\/v2\/product_cat?post=12259"},{"taxonomy":"product_tag","embeddable":true,"href":"http:\/\/astehshop.com\/index.php\/wp-json\/wp\/v2\/product_tag?post=12259"}],"curies":[{"name":"wp","href":"https:\/\/api.w.org\/{rel}","templated":true}]}}