{"id":12081,"date":"2026-01-03T16:32:13","date_gmt":"2026-01-03T15:32:13","guid":{"rendered":"http:\/\/astehshop.com\/?post_type=product&#038;p=12081"},"modified":"2026-01-03T16:32:15","modified_gmt":"2026-01-03T15:32:15","slug":"laptop-asus-vivobook-15","status":"publish","type":"product","link":"http:\/\/astehshop.com\/index.php\/product\/laptop-asus-vivobook-15\/","title":{"rendered":"LAPTOP ASUS VivoBook 15"},"content":{"rendered":"<p>\u2022 <strong data-start=\"228\" data-end=\"248\">Veli\u010dina ekrana:<\/strong> 15.6&#8243; Full HD (1920 \u00d7 1080)<br data-start=\"276\" data-end=\"279\" \/>\u2022 <strong data-start=\"281\" data-end=\"294\">Procesor:<\/strong> Intel Core i7-1355U (1.7 \u2013 5.0 GHz), 10 jezgri \/ 12 threadova, 12 MB cache<br data-start=\"369\" data-end=\"372\" \/>\u2022 <strong data-start=\"374\" data-end=\"387\">Memorija:<\/strong> 16 GB DDR4<br data-start=\"398\" data-end=\"401\" \/>\u2022 <strong data-start=\"403\" data-end=\"417\">Hard disk:<\/strong> 512 GB SSD<br data-start=\"428\" data-end=\"431\" \/>\u2022 <strong data-start=\"433\" data-end=\"452\">Grafi\u010dka karta:<\/strong> Intel Iris Xe Graphics (integrisana)<br data-start=\"489\" data-end=\"492\" \/>\u2022 <strong data-start=\"494\" data-end=\"516\">Operativni sistem:<\/strong> Windows 11 + MS Office 2019<br data-start=\"544\" data-end=\"547\" \/>\u2022 <strong data-start=\"549\" data-end=\"563\">Tastatura:<\/strong> BiH lokalizacija, jednobojno pozadinsko osvjetljenje<br data-start=\"616\" data-end=\"619\" \/>\u2022 <strong data-start=\"621\" data-end=\"635\">Garancija:<\/strong> 24 mjeseca<br data-start=\"646\" data-end=\"649\" \/>\u2022 <strong data-start=\"651\" data-end=\"662\">Te\u017eina:<\/strong> 1.7 kg<br data-start=\"669\" data-end=\"672\" \/>\u2022 <strong data-start=\"674\" data-end=\"683\">Boja:<\/strong> Plava<br data-start=\"689\" data-end=\"692\" \/>\u2022 <strong data-start=\"694\" data-end=\"705\">Ostalo:<\/strong> WebCam, Wi-Fi 6E, Bluetooth 5.3, HDMI, USB 2.0, 2\u00d7 USB 3.2 Type-A, USB Type-C, baterija 42 Wh<\/p>\n<p>&nbsp;<\/p>\n<p>Za sve dodatne informacije mozete nas kontaktirati na\u00a0<strong>OLX poruke, 065824333 ili Viber<\/strong><\/p>\n<p>NUDIMO KUPOVINU NOVE ROBE NA RATE:<\/p>\n<p>-DO 18 RATA PREKO MIKROFIN KREDITNA ORGANIZACIJA<\/p>\n<p>-DO 12 RATA PREKO \u0160OPING KARTICE UNICREDIT BANK<\/p>\n<p>&nbsp;<\/p>\n<p>Trgovinska Radnja TECHNO SHOP BN<\/p>\n<p>Nikole Tesle 31a, Bijeljina<\/p>\n<p>(izme\u0111u Moja Apoteka i picerije Park Ne\u0161kovi\u0107)<\/p>\n<p>055\/422-599;\u00a0<strong><u>065\/824-333<\/u><\/strong><\/p>\n<p>Radnim danima 09-19h<\/p>\n<p>Subotom 09-16h<\/p>\n<p>www.technoshopbn.com<\/p>\n<p><a href=\"https:\/\/olx.ba\/artikal\/51187537\/gaming-racunar-pc-i5-10400f-16gb-gtx-1660-ti\">info@technoshopbn.com<\/a><\/p>\n","protected":false},"excerpt":{"rendered":"<p>\u2022 <strong data-start=\"228\" data-end=\"248\">Veli\u010dina ekrana:<\/strong> 15.6&#8243; Full HD (1920 \u00d7 1080)<br data-start=\"276\" data-end=\"279\" \/>\u2022 <strong data-start=\"281\" data-end=\"294\">Procesor:<\/strong> Intel Core i7-1355U (1.7 \u2013 5.0 GHz), 10 jezgri \/ 12 threadova, 12 MB cache<br data-start=\"369\" data-end=\"372\" \/>\u2022 <strong data-start=\"374\" data-end=\"387\">Memorija:<\/strong> 16 GB DDR4<br data-start=\"398\" data-end=\"401\" \/>\u2022 <strong data-start=\"403\" data-end=\"417\">Hard disk:<\/strong> 512 GB SSD<br data-start=\"428\" data-end=\"431\" \/>\u2022 <strong data-start=\"433\" data-end=\"452\">Grafi\u010dka karta:<\/strong> Intel Iris Xe Graphics (integrisana)<br data-start=\"489\" data-end=\"492\" \/>\u2022 <strong data-start=\"494\" data-end=\"516\">Operativni sistem:<\/strong> Windows 11 + MS Office 2019<\/p>\n","protected":false},"featured_media":12082,"comment_status":"open","ping_status":"closed","template":"","meta":{"_mi_skip_tracking":false,"_exactmetrics_sitenote_active":false,"_exactmetrics_sitenote_note":"","_exactmetrics_sitenote_category":0,"spay_email":""},"product_cat":[5138],"product_tag":[],"brands":[{"id":5147,"name":"ASUS","slug":"asus"}],"df_price":1329,"df_sale_price":"","df_regular_price":1329,"df_image_link":"https:\/\/i2.wp.com\/astehshop.com\/wp-content\/uploads\/2026\/01\/39511-ASUS-VivoBook-15-laptop-X1504VA-BQ1148-1.webp?fit=450%2C450","jetpack_publicize_connections":[],"jetpack_sharing_enabled":true,"jetpack_likes_enabled":true,"jetpack-related-posts":[{"id":12104,"url":"http:\/\/astehshop.com\/index.php\/product\/laptop-asus-vivobook-15-x1504va-bq1358w\/","url_meta":{"origin":12081,"position":0},"title":"LAPTOP ASUS VivoBook 15 X1504VA-BQ1358W","date":"8. sije\u010dnja 2026.","format":false,"excerpt":"Veli\u010dina ekrana: 15.6\" (1920 \u00d7 1080), Full HD Procesor: Intel Core i7-1355U (1.7 \u2013 5.0 GHz), 10 jezgri \/ 12 threadova, 12 MB cache Memorija: 16 GB DDR4 Hard disk: 1 TB SSD Grafi\u010dka karta: Intel Iris Xe Graphics (integrisana) Operativni sistem: Windows 11 + MS Office 2019","rel":"","context":"Srodne objave","img":{"alt_text":"","src":"https:\/\/i1.wp.com\/astehshop.com\/wp-content\/uploads\/2026\/01\/39371-ASUS-VivoBook-15-laptop-X1504VA-BQ1358-6.webp?fit=450%2C450&resize=350%2C200","width":350,"height":200},"classes":[]},{"id":12002,"url":"http:\/\/astehshop.com\/index.php\/product\/laptop-hp-250-g10-b3aa2at-16gb\/","url_meta":{"origin":12081,"position":1},"title":"LAPTOP HP 250 G10 B3AA2AT\/16GB","date":"26. prosinca 2025.","format":false,"excerpt":"Veli\u010dina ekrana: 15.6\" 1920 \u00d7 1080 px Procesor: Intel Core i3-1315U (1.2 \u2013 4.5 GHz), 6 jezgri \/ 8 threadova, 10 MB cache Memorija: 16 GB DDR4 Hard disk: 512 GB SSD Grafi\u010dka karta: Intel Iris Xe Graphics (integrisana) Operativni sistem: Windows 11, MS Office 2019","rel":"","context":"Srodne objave","img":{"alt_text":"","src":"https:\/\/i2.wp.com\/astehshop.com\/wp-content\/uploads\/2025\/12\/39573-HP-250-G10-laptop-B3AA2AT-3.webp?fit=450%2C450&resize=350%2C200","width":350,"height":200},"classes":[]},{"id":12101,"url":"http:\/\/astehshop.com\/index.php\/product\/laptop-asus-vivobook-16-f1605va-ws74\/","url_meta":{"origin":12081,"position":2},"title":"LAPTOP ASUS Vivobook 16 F1605VA-WS74","date":"8. sije\u010dnja 2026.","format":false,"excerpt":"Veli\u010dina ekrana: 16\" WUXGA (1920 \u00d7 1200), IPS-level, 16:10, anti-glare, 300 nits, 60 Hz Procesor: Intel Core i7-1355U (3.7 \u2013 5.0 GHz), 10 jezgri \/ 12 threadova, 12 MB cache Memorija: 16 GB DDR4 Hard disk: 512 GB SSD Grafi\u010dka karta: Intel Iris Xe Graphics (integrisana) Operativni sistem: Windows 11\u2026","rel":"","context":"Srodne objave","img":{"alt_text":"","src":"https:\/\/i1.wp.com\/astehshop.com\/wp-content\/uploads\/2026\/01\/40020-ASUS-Vivobook-16-laptop-F1605VA-WS74-4.webp?fit=450%2C450&resize=350%2C200","width":350,"height":200},"classes":[]},{"id":12098,"url":"http:\/\/astehshop.com\/index.php\/product\/laptop-hp-probook-450-g10-ak9r0atw\/","url_meta":{"origin":12081,"position":3},"title":"LAPTOP HP ProBook 450 G10 AK9R0ATW","date":"8. sije\u010dnja 2026.","format":false,"excerpt":"Veli\u010dina ekrana: 15.6\" FHD (1920 \u00d7 1080), IPS, narrow bezel, anti-glare, 250 nits, 45% NTSC Procesor: Intel Core i5-1334U (1.3 \u2013 4.6 GHz), 10 jezgri \/ 12 threadova, 12 MB cache Memorija: 16 GB DDR4 Hard disk: 512 GB SSD Grafi\u010dka karta: Intel Iris Xe Graphics (integrisana) Operativni sistem: Windows\u2026","rel":"","context":"Srodne objave","img":{"alt_text":"","src":"https:\/\/i2.wp.com\/astehshop.com\/wp-content\/uploads\/2026\/01\/39690-HP-ProBook-4-G1iR-16-laptop-B39ZHAT-3-1.webp?fit=450%2C450&resize=350%2C200","width":350,"height":200},"classes":[]},{"id":11998,"url":"http:\/\/astehshop.com\/index.php\/product\/laptop-lenovo-v15-g4-iru\/","url_meta":{"origin":12081,"position":4},"title":"LAPTOP LENOVO V15 G4 IRU","date":"26. prosinca 2025.","format":false,"excerpt":"Veli\u010dina ekrana: 15.6\" 1920 \u00d7 1080 px, FHD TN, 250 nits, anti-glare, 45% NTSC Procesor: Intel Core i3-1315U (3.3 \u2013 4.5 GHz), 6 jezgri \/ 8 threadova, 10 MB cache Memorija: 16 GB DDR4 Hard disk: 512 GB SSD Grafi\u010dka karta: Intel UHD Graphics (integrisana) Operativni sistem: Windows 11, MS\u2026","rel":"","context":"Srodne objave","img":{"alt_text":"","src":"https:\/\/i2.wp.com\/astehshop.com\/wp-content\/uploads\/2025\/12\/37652-LENOVO-V15-G4-IRU-laptop-83A100P4PB-2.webp?fit=450%2C450&resize=350%2C200","width":350,"height":200},"classes":[]},{"id":12009,"url":"http:\/\/astehshop.com\/index.php\/product\/laptop-lenovo-v15-g4-iru-83a100p4pbw\/","url_meta":{"origin":12081,"position":5},"title":"LAPTOP LENOVO V15 G4 IRU 83A100P4PBW","date":"26. prosinca 2025.","format":false,"excerpt":"Veli\u010dina ekrana: 15.6\" 1920 \u00d7 1080 px, FHD TN, 250 nits, anti-glare, 45% NTSC Procesor: Intel Core i3-1315U (3.3 \u2013 4.5 GHz), 6 jezgri \/ 8 threadova, 10 MB cache Memorija: 16 GB DDR4 Hard disk: 512 GB SSD Grafi\u010dka karta: Intel UHD Graphics (integrisana) Operativni sistem: Windows 11, MS\u2026","rel":"","context":"Srodne objave","img":{"alt_text":"","src":"https:\/\/i0.wp.com\/astehshop.com\/wp-content\/uploads\/2025\/12\/39085-LENOVO-V15-G4-IRU-laptop-83A100P4PBW-1.webp?fit=450%2C450&resize=350%2C200","width":350,"height":200},"classes":[]}],"_links":{"self":[{"href":"http:\/\/astehshop.com\/index.php\/wp-json\/wp\/v2\/product\/12081"}],"collection":[{"href":"http:\/\/astehshop.com\/index.php\/wp-json\/wp\/v2\/product"}],"about":[{"href":"http:\/\/astehshop.com\/index.php\/wp-json\/wp\/v2\/types\/product"}],"replies":[{"embeddable":true,"href":"http:\/\/astehshop.com\/index.php\/wp-json\/wp\/v2\/comments?post=12081"}],"wp:featuredmedia":[{"embeddable":true,"href":"http:\/\/astehshop.com\/index.php\/wp-json\/wp\/v2\/media\/12082"}],"wp:attachment":[{"href":"http:\/\/astehshop.com\/index.php\/wp-json\/wp\/v2\/media?parent=12081"}],"wp:term":[{"taxonomy":"product_cat","embeddable":true,"href":"http:\/\/astehshop.com\/index.php\/wp-json\/wp\/v2\/product_cat?post=12081"},{"taxonomy":"product_tag","embeddable":true,"href":"http:\/\/astehshop.com\/index.php\/wp-json\/wp\/v2\/product_tag?post=12081"}],"curies":[{"name":"wp","href":"https:\/\/api.w.org\/{rel}","templated":true}]}}