{"id":12073,"date":"2025-12-30T16:57:36","date_gmt":"2025-12-30T15:57:36","guid":{"rendered":"http:\/\/astehshop.com\/?post_type=product&#038;p=12073"},"modified":"2025-12-30T16:57:37","modified_gmt":"2025-12-30T15:57:37","slug":"laptop-asus-vivobook-x1504va-bq582","status":"publish","type":"product","link":"http:\/\/astehshop.com\/index.php\/product\/laptop-asus-vivobook-x1504va-bq582\/","title":{"rendered":"LAPTOP ASUS Vivobook X1504VA-BQ582"},"content":{"rendered":"<p>\u2022 <strong data-start=\"212\" data-end=\"232\">Veli\u010dina ekrana:<\/strong> 15.6&#8243; Full HD (1920 \u00d7 1080), mat \/ anti-glare<br data-start=\"278\" data-end=\"281\" \/>\u2022 <strong data-start=\"283\" data-end=\"296\">Procesor:<\/strong> Intel Core 7 150U (1.8 \u2013 5.4 GHz), 10 jezgri \/ 12 threadova, 12 MB cache<br data-start=\"369\" data-end=\"372\" \/>\u2022 <strong data-start=\"374\" data-end=\"387\">Memorija:<\/strong> 16 GB DDR4<br data-start=\"398\" data-end=\"401\" \/>\u2022 <strong data-start=\"403\" data-end=\"417\">Hard disk:<\/strong> 1 TB SSD<br data-start=\"426\" data-end=\"429\" \/>\u2022 <strong data-start=\"431\" data-end=\"450\">Grafi\u010dka karta:<\/strong> Intel UHD Graphics (integrisana)<br data-start=\"483\" data-end=\"486\" \/>\u2022 <strong data-start=\"488\" data-end=\"510\">Operativni sistem:<\/strong> Windows 11 + MS Office 2019<br data-start=\"538\" data-end=\"541\" \/>\u2022 <strong data-start=\"543\" data-end=\"557\">Tastatura:<\/strong> BiH lokalizacija, jednobojno pozadinsko osvjetljenje<br data-start=\"610\" data-end=\"613\" \/>\u2022 <strong data-start=\"615\" data-end=\"629\">Garancija:<\/strong> 24 mjeseca<br data-start=\"640\" data-end=\"643\" \/>\u2022 <strong data-start=\"645\" data-end=\"656\">Te\u017eina:<\/strong> 1.7 kg<br data-start=\"663\" data-end=\"666\" \/>\u2022 <strong data-start=\"668\" data-end=\"677\">Boja:<\/strong> Siva<br data-start=\"682\" data-end=\"685\" \/>\u2022 <strong data-start=\"687\" data-end=\"698\">Ostalo:<\/strong> 720p HD kamera, Wi-Fi 6E (2\u00d72), Bluetooth 5.3, USB-C 3.2 Gen 1, USB-A 3.2 Gen 1, USB 2.0, HDMI 1.4, stereo headphone\/microphone combo jack, fingerprint \u010dita\u010d, baterija 42 Wh Li-ion<\/p>\n<p>&nbsp;<\/p>\n<p>&nbsp;<\/p>\n<p>&#x1f4cd; Li\u010dno preuzimanje ili slanje brzom po\u0161tom<\/p>\n<p><strong>Za sve dodatne informacije mozete nas kontaktirati na OLX poruke, 065824333 ili Viber<\/strong><\/p>\n<p><strong>\u00a0NUDIMO KUPOVINU NOVE ROBE NA RATE:<\/strong><\/p>\n<p><strong>-DO 18 RATA PREKO MIKROFIN KREDITNA ORGANIZACIJA<\/strong><\/p>\n<p><strong>-DO 12 RATA PREKO \u0160OPING KARTICE UNICREDIT BANK<\/strong><\/p>\n<p><strong>Trgovinska Radnja<\/strong><\/p>\n<p><strong>TECHNO SHOP BN<\/strong><\/p>\n<p><strong>Nikole Tesle 31a, Bijeljina<\/strong><\/p>\n<p><strong>(izme\u0111u Moja Apoteka i picerije Park Ne\u0161kovi\u0107)<\/strong><\/p>\n<p><strong>055\/422-599<\/strong><\/p>\n<p><strong>065\/824-333<\/strong><\/p>\n<p><strong>Radnim danima 09-19h<\/strong><\/p>\n<p><strong>Subotom 09-16h<\/strong><\/p>\n<p><strong>www.technoshopbn.com<\/strong><\/p>\n<p><strong>info@technoshopbn.com<\/strong><\/p>\n","protected":false},"excerpt":{"rendered":"<p>\u2022 <strong data-start=\"212\" data-end=\"232\">Veli\u010dina ekrana:<\/strong> 15.6&#8243; Full HD (1920 \u00d7 1080), mat \/ anti-glare<br data-start=\"278\" data-end=\"281\" \/>\u2022 <strong data-start=\"283\" data-end=\"296\">Procesor:<\/strong> Intel Core 7 150U (1.8 \u2013 5.4 GHz), 10 jezgri \/ 12 threadova, 12 MB cache<br data-start=\"369\" data-end=\"372\" \/>\u2022 <strong data-start=\"374\" data-end=\"387\">Memorija:<\/strong> 16 GB DDR4<br data-start=\"398\" data-end=\"401\" \/>\u2022 <strong data-start=\"403\" data-end=\"417\">Hard disk:<\/strong> 1 TB SSD<br data-start=\"426\" data-end=\"429\" \/>\u2022 <strong data-start=\"431\" data-end=\"450\">Grafi\u010dka karta:<\/strong> Intel UHD Graphics (integrisana)<br data-start=\"483\" data-end=\"486\" \/>\u2022 <strong data-start=\"488\" data-end=\"510\">Operativni sistem:<\/strong> Windows 11 + MS Office 2019<\/p>\n","protected":false},"featured_media":12074,"comment_status":"open","ping_status":"closed","template":"","meta":{"_mi_skip_tracking":false,"_exactmetrics_sitenote_active":false,"_exactmetrics_sitenote_note":"","_exactmetrics_sitenote_category":0,"spay_email":""},"product_cat":[5138],"product_tag":[],"brands":[{"id":5147,"name":"ASUS","slug":"asus"}],"df_price":1299,"df_sale_price":"","df_regular_price":1299,"df_image_link":"https:\/\/i0.wp.com\/astehshop.com\/wp-content\/uploads\/2025\/12\/38314-ASUS-Vivobook-laptop-X1504VA-BQ58215-3.webp?fit=450%2C450","jetpack_publicize_connections":[],"jetpack_sharing_enabled":true,"jetpack_likes_enabled":true,"jetpack-related-posts":[{"id":11998,"url":"http:\/\/astehshop.com\/index.php\/product\/laptop-lenovo-v15-g4-iru\/","url_meta":{"origin":12073,"position":0},"title":"LAPTOP LENOVO V15 G4 IRU","date":"26. prosinca 2025.","format":false,"excerpt":"Veli\u010dina ekrana: 15.6\" 1920 \u00d7 1080 px, FHD TN, 250 nits, anti-glare, 45% NTSC Procesor: Intel Core i3-1315U (3.3 \u2013 4.5 GHz), 6 jezgri \/ 8 threadova, 10 MB cache Memorija: 16 GB DDR4 Hard disk: 512 GB SSD Grafi\u010dka karta: Intel UHD Graphics (integrisana) Operativni sistem: Windows 11, MS\u2026","rel":"","context":"Srodne objave","img":{"alt_text":"","src":"https:\/\/i2.wp.com\/astehshop.com\/wp-content\/uploads\/2025\/12\/37652-LENOVO-V15-G4-IRU-laptop-83A100P4PB-2.webp?fit=450%2C450&resize=350%2C200","width":350,"height":200},"classes":[]},{"id":12009,"url":"http:\/\/astehshop.com\/index.php\/product\/laptop-lenovo-v15-g4-iru-83a100p4pbw\/","url_meta":{"origin":12073,"position":1},"title":"LAPTOP LENOVO V15 G4 IRU 83A100P4PBW","date":"26. prosinca 2025.","format":false,"excerpt":"Veli\u010dina ekrana: 15.6\" 1920 \u00d7 1080 px, FHD TN, 250 nits, anti-glare, 45% NTSC Procesor: Intel Core i3-1315U (3.3 \u2013 4.5 GHz), 6 jezgri \/ 8 threadova, 10 MB cache Memorija: 16 GB DDR4 Hard disk: 512 GB SSD Grafi\u010dka karta: Intel UHD Graphics (integrisana) Operativni sistem: Windows 11, MS\u2026","rel":"","context":"Srodne objave","img":{"alt_text":"","src":"https:\/\/i0.wp.com\/astehshop.com\/wp-content\/uploads\/2025\/12\/39085-LENOVO-V15-G4-IRU-laptop-83A100P4PBW-1.webp?fit=450%2C450&resize=350%2C200","width":350,"height":200},"classes":[]},{"id":12104,"url":"http:\/\/astehshop.com\/index.php\/product\/laptop-asus-vivobook-15-x1504va-bq1358w\/","url_meta":{"origin":12073,"position":2},"title":"LAPTOP ASUS VivoBook 15 X1504VA-BQ1358W","date":"8. sije\u010dnja 2026.","format":false,"excerpt":"Veli\u010dina ekrana: 15.6\" (1920 \u00d7 1080), Full HD Procesor: Intel Core i7-1355U (1.7 \u2013 5.0 GHz), 10 jezgri \/ 12 threadova, 12 MB cache Memorija: 16 GB DDR4 Hard disk: 1 TB SSD Grafi\u010dka karta: Intel Iris Xe Graphics (integrisana) Operativni sistem: Windows 11 + MS Office 2019","rel":"","context":"Srodne objave","img":{"alt_text":"","src":"https:\/\/i1.wp.com\/astehshop.com\/wp-content\/uploads\/2026\/01\/39371-ASUS-VivoBook-15-laptop-X1504VA-BQ1358-6.webp?fit=450%2C450&resize=350%2C200","width":350,"height":200},"classes":[]},{"id":12002,"url":"http:\/\/astehshop.com\/index.php\/product\/laptop-hp-250-g10-b3aa2at-16gb\/","url_meta":{"origin":12073,"position":3},"title":"LAPTOP HP 250 G10 B3AA2AT\/16GB","date":"26. prosinca 2025.","format":false,"excerpt":"Veli\u010dina ekrana: 15.6\" 1920 \u00d7 1080 px Procesor: Intel Core i3-1315U (1.2 \u2013 4.5 GHz), 6 jezgri \/ 8 threadova, 10 MB cache Memorija: 16 GB DDR4 Hard disk: 512 GB SSD Grafi\u010dka karta: Intel Iris Xe Graphics (integrisana) Operativni sistem: Windows 11, MS Office 2019","rel":"","context":"Srodne objave","img":{"alt_text":"","src":"https:\/\/i2.wp.com\/astehshop.com\/wp-content\/uploads\/2025\/12\/39573-HP-250-G10-laptop-B3AA2AT-3.webp?fit=450%2C450&resize=350%2C200","width":350,"height":200},"classes":[]},{"id":12098,"url":"http:\/\/astehshop.com\/index.php\/product\/laptop-hp-probook-450-g10-ak9r0atw\/","url_meta":{"origin":12073,"position":4},"title":"LAPTOP HP ProBook 450 G10 AK9R0ATW","date":"8. sije\u010dnja 2026.","format":false,"excerpt":"Veli\u010dina ekrana: 15.6\" FHD (1920 \u00d7 1080), IPS, narrow bezel, anti-glare, 250 nits, 45% NTSC Procesor: Intel Core i5-1334U (1.3 \u2013 4.6 GHz), 10 jezgri \/ 12 threadova, 12 MB cache Memorija: 16 GB DDR4 Hard disk: 512 GB SSD Grafi\u010dka karta: Intel Iris Xe Graphics (integrisana) Operativni sistem: Windows\u2026","rel":"","context":"Srodne objave","img":{"alt_text":"","src":"https:\/\/i2.wp.com\/astehshop.com\/wp-content\/uploads\/2026\/01\/39690-HP-ProBook-4-G1iR-16-laptop-B39ZHAT-3-1.webp?fit=450%2C450&resize=350%2C200","width":350,"height":200},"classes":[]},{"id":12117,"url":"http:\/\/astehshop.com\/index.php\/product\/laptop-lenovo-slim-5-16iru9\/","url_meta":{"origin":12073,"position":5},"title":"LAPTOP LENOVO Slim 5 16IRU9","date":"8. sije\u010dnja 2026.","format":false,"excerpt":"Veli\u010dina ekrana: 16.0\" 1920 \u00d7 1200 px, IPS, touch touchscreen, 300 nits, anti-glare, 45% NTSC, 60 Hz Procesor: Intel Core i7-150U (4.0 \u2013 5.4 GHz), 10 jezgri \/ 12 threadova, 12 MB cache Memorija: 16 GB DDR5 Hard disk: 1 TB SSD Grafi\u010dka karta: Intel UHD Graphics (integrisana) Operativni sistem:\u2026","rel":"","context":"Srodne objave","img":{"alt_text":"","src":"https:\/\/i2.wp.com\/astehshop.com\/wp-content\/uploads\/2026\/01\/39921-LENOVO-Slim-5-16IRU-laptop-83FW0001US-6.webp?fit=450%2C450&resize=350%2C200","width":350,"height":200},"classes":[]}],"_links":{"self":[{"href":"http:\/\/astehshop.com\/index.php\/wp-json\/wp\/v2\/product\/12073"}],"collection":[{"href":"http:\/\/astehshop.com\/index.php\/wp-json\/wp\/v2\/product"}],"about":[{"href":"http:\/\/astehshop.com\/index.php\/wp-json\/wp\/v2\/types\/product"}],"replies":[{"embeddable":true,"href":"http:\/\/astehshop.com\/index.php\/wp-json\/wp\/v2\/comments?post=12073"}],"wp:featuredmedia":[{"embeddable":true,"href":"http:\/\/astehshop.com\/index.php\/wp-json\/wp\/v2\/media\/12074"}],"wp:attachment":[{"href":"http:\/\/astehshop.com\/index.php\/wp-json\/wp\/v2\/media?parent=12073"}],"wp:term":[{"taxonomy":"product_cat","embeddable":true,"href":"http:\/\/astehshop.com\/index.php\/wp-json\/wp\/v2\/product_cat?post=12073"},{"taxonomy":"product_tag","embeddable":true,"href":"http:\/\/astehshop.com\/index.php\/wp-json\/wp\/v2\/product_tag?post=12073"}],"curies":[{"name":"wp","href":"https:\/\/api.w.org\/{rel}","templated":true}]}}