{"id":12051,"date":"2025-12-30T15:42:54","date_gmt":"2025-12-30T14:42:54","guid":{"rendered":"http:\/\/astehshop.com\/?post_type=product&#038;p=12051"},"modified":"2026-04-11T08:30:22","modified_gmt":"2026-04-11T06:30:22","slug":"laptop-asus-vivobook-16-x1605va-mb1531w","status":"publish","type":"product","link":"http:\/\/astehshop.com\/index.php\/product\/laptop-asus-vivobook-16-x1605va-mb1531w\/","title":{"rendered":"LAPTOP ASUS Vivobook 16 X1605VA-MB1531W"},"content":{"rendered":"<p>\u2022 <strong data-start=\"216\" data-end=\"236\">Veli\u010dina ekrana:<\/strong> 16.0&#8243; WUXGA (1920 \u00d7 1200 px), 16:10, IPS-level panel, LED backlit, anti-glare, 300 nits, 60 Hz<br data-start=\"331\" data-end=\"334\" \/>\u2022 <strong data-start=\"336\" data-end=\"349\">Procesor:<\/strong> Intel Core i5-1334U (3.4 \u2013 4.6 GHz), 10 jezgri \/ 12 threadova, 12 MB cache<br data-start=\"424\" data-end=\"427\" \/>\u2022 <strong data-start=\"429\" data-end=\"442\">Memorija:<\/strong> 16 GB DDR4<br data-start=\"453\" data-end=\"456\" \/>\u2022 <strong data-start=\"458\" data-end=\"472\">Hard disk:<\/strong> 512 GB SSD<br data-start=\"483\" data-end=\"486\" \/>\u2022 <strong data-start=\"488\" data-end=\"507\">Grafi\u010dka karta:<\/strong> Intel Iris Xe Graphics (integrisana)<br data-start=\"544\" data-end=\"547\" \/>\u2022 <strong data-start=\"549\" data-end=\"571\">Operativni sistem:<\/strong> Windows 11 + MS Office 2019<br data-start=\"599\" data-end=\"602\" \/>\u2022 <strong data-start=\"604\" data-end=\"618\">Tastatura:<\/strong> BiH lokalizacija, jednobojno pozadinsko osvjetljenje<br data-start=\"671\" data-end=\"674\" \/>\u2022 <strong data-start=\"676\" data-end=\"690\">Garancija:<\/strong> 24 mjeseca<br data-start=\"701\" data-end=\"704\" \/>\u2022 <strong data-start=\"706\" data-end=\"717\">Te\u017eina:<\/strong> 1.88 kg<br data-start=\"725\" data-end=\"728\" \/>\u2022 <strong data-start=\"730\" data-end=\"739\">Boja:<\/strong> Srebrna<br data-start=\"747\" data-end=\"750\" \/>\u2022 <strong data-start=\"752\" data-end=\"763\">Ostalo:<\/strong> WebCam 720p HD sa privacy shutterom, Wi-Fi 6E, Bluetooth 5.3, 1\u00d7 USB 2.0, 1\u00d7 USB-C 3.2 Gen 1 (Power Delivery), 2\u00d7 USB-A 3.2 Gen 1, HDMI 1.4, audio combo jack, \u010dita\u010d otiska prsta, baterija 42 Wh (3-\u0107elijska)<\/p>\n<p>&nbsp;<\/p>\n<p>&#x1f4cd; Li\u010dno preuzimanje ili slanje brzom po\u0161tom<\/p>\n<p><strong>Za sve dodatne informacije mozete nas kontaktirati na OLX poruke, 065824333 ili Viber<\/strong><\/p>\n<p><strong>\u00a0NUDIMO KUPOVINU NOVE ROBE NA RATE:<\/strong><\/p>\n<p><strong>-DO 18 RATA PREKO MIKROFIN KREDITNA ORGANIZACIJA<\/strong><\/p>\n<p><strong>-DO 12 RATA PREKO \u0160OPING KARTICE UNICREDIT BANK<\/strong><\/p>\n<p><strong>Trgovinska Radnja<\/strong><\/p>\n<p><strong>TECHNO SHOP BN<\/strong><\/p>\n<p><strong>Nikole Tesle 31a, Bijeljina<\/strong><\/p>\n<p><strong>(izme\u0111u Moja Apoteka i picerije Park Ne\u0161kovi\u0107)<\/strong><\/p>\n<p><strong>055\/422-599<\/strong><\/p>\n<p><strong>065\/824-333<\/strong><\/p>\n<p><strong>Radnim danima 09-19h<\/strong><\/p>\n<p><strong>Subotom 09-16h<\/strong><\/p>\n<p><strong>www.technoshopbn.com<\/strong><\/p>\n<p><strong>info@technoshopbn.com<\/strong><\/p>\n<p>&nbsp;<\/p>\n","protected":false},"excerpt":{"rendered":"<p>\u2022 <strong data-start=\"216\" data-end=\"236\">Veli\u010dina ekrana:<\/strong> 16.0&#8243; WUXGA (1920 \u00d7 1200 px), 16:10, IPS-level panel, LED backlit, anti-glare, 300 nits, 60 Hz<br data-start=\"331\" data-end=\"334\" \/>\u2022 <strong data-start=\"336\" data-end=\"349\">Procesor:<\/strong> Intel Core i5-1334U (3.4 \u2013 4.6 GHz), 10 jezgri \/ 12 threadova, 12 MB cache<br data-start=\"424\" data-end=\"427\" \/>\u2022 <strong data-start=\"429\" data-end=\"442\">Memorija:<\/strong> 16 GB DDR4<br data-start=\"453\" data-end=\"456\" \/>\u2022 <strong data-start=\"458\" data-end=\"472\">Hard disk:<\/strong> 512 GB SSD<br data-start=\"483\" data-end=\"486\" \/>\u2022 <strong data-start=\"488\" data-end=\"507\">Grafi\u010dka karta:<\/strong> Intel Iris Xe Graphics (integrisana)<br data-start=\"544\" data-end=\"547\" \/>\u2022 <strong data-start=\"549\" data-end=\"571\">Operativni sistem:<\/strong> Windows 11 + MS Office 2019<\/p>\n","protected":false},"featured_media":12053,"comment_status":"open","ping_status":"closed","template":"","meta":{"_mi_skip_tracking":false,"_exactmetrics_sitenote_active":false,"_exactmetrics_sitenote_note":"","_exactmetrics_sitenote_category":0,"spay_email":""},"product_cat":[5138],"product_tag":[],"brands":[{"id":5147,"name":"ASUS","slug":"asus"}],"df_price":1129,"df_sale_price":1129,"df_regular_price":1159,"df_image_link":"https:\/\/i1.wp.com\/astehshop.com\/wp-content\/uploads\/2025\/12\/39672-ASUS-Vivobook-16-laptop-X1605VA-MB1531-3.webp?fit=450%2C450","jetpack_publicize_connections":[],"jetpack_sharing_enabled":true,"jetpack_likes_enabled":true,"jetpack-related-posts":[{"id":12110,"url":"http:\/\/astehshop.com\/index.php\/product\/laptop-hp-probook-4-g1ir-16-b39zjatw\/","url_meta":{"origin":12051,"position":0},"title":"LAPTOP HP ProBook 4 G1iR 16 B39ZJATW","date":"8. sije\u010dnja 2026.","format":false,"excerpt":"Veli\u010dina ekrana: 16.0\" WUXGA (1920 \u00d7 1200), IPS, anti-glare, 300 nits, 62.5% sRGB Procesor: Intel Core i5-1334U (1.3 \u2013 4.6 GHz), 10 jezgri \/ 12 threadova, 12 MB cache Memorija: 16 GB DDR5 Hard disk: 1 TB SSD Grafi\u010dka karta: Intel Iris Xe Graphics (integrisana) Operativni sistem: Windows 11 +\u2026","rel":"","context":"Srodne objave","img":{"alt_text":"","src":"https:\/\/i1.wp.com\/astehshop.com\/wp-content\/uploads\/2026\/01\/39574-HP-ProBook-4-G1iR-16-laptop-B39ZJAT-1.webp?fit=450%2C450&resize=350%2C200","width":350,"height":200},"classes":[]},{"id":12098,"url":"http:\/\/astehshop.com\/index.php\/product\/laptop-hp-probook-450-g10-ak9r0atw\/","url_meta":{"origin":12051,"position":1},"title":"LAPTOP HP ProBook 450 G10 AK9R0ATW","date":"8. sije\u010dnja 2026.","format":false,"excerpt":"Veli\u010dina ekrana: 15.6\" FHD (1920 \u00d7 1080), IPS, narrow bezel, anti-glare, 250 nits, 45% NTSC Procesor: Intel Core i5-1334U (1.3 \u2013 4.6 GHz), 10 jezgri \/ 12 threadova, 12 MB cache Memorija: 16 GB DDR4 Hard disk: 512 GB SSD Grafi\u010dka karta: Intel Iris Xe Graphics (integrisana) Operativni sistem: Windows\u2026","rel":"","context":"Srodne objave","img":{"alt_text":"","src":"https:\/\/i2.wp.com\/astehshop.com\/wp-content\/uploads\/2026\/01\/39690-HP-ProBook-4-G1iR-16-laptop-B39ZHAT-3-1.webp?fit=450%2C450&resize=350%2C200","width":350,"height":200},"classes":[]},{"id":12101,"url":"http:\/\/astehshop.com\/index.php\/product\/laptop-asus-vivobook-16-f1605va-ws74\/","url_meta":{"origin":12051,"position":2},"title":"LAPTOP ASUS Vivobook 16 F1605VA-WS74","date":"8. sije\u010dnja 2026.","format":false,"excerpt":"Veli\u010dina ekrana: 16\" WUXGA (1920 \u00d7 1200), IPS-level, 16:10, anti-glare, 300 nits, 60 Hz Procesor: Intel Core i7-1355U (3.7 \u2013 5.0 GHz), 10 jezgri \/ 12 threadova, 12 MB cache Memorija: 16 GB DDR4 Hard disk: 512 GB SSD Grafi\u010dka karta: Intel Iris Xe Graphics (integrisana) Operativni sistem: Windows 11\u2026","rel":"","context":"Srodne objave","img":{"alt_text":"","src":"https:\/\/i1.wp.com\/astehshop.com\/wp-content\/uploads\/2026\/01\/40020-ASUS-Vivobook-16-laptop-F1605VA-WS74-4.webp?fit=450%2C450&resize=350%2C200","width":350,"height":200},"classes":[]},{"id":12120,"url":"http:\/\/astehshop.com\/index.php\/product\/laptop-hp-probook-4-g1ir-16-2\/","url_meta":{"origin":12051,"position":3},"title":"LAPTOP HP ProBook 4 G1iR 16","date":"8. sije\u010dnja 2026.","format":false,"excerpt":"Veli\u010dina ekrana: 16.0\" 1920 \u00d7 1200 px, IPS, anti-glare, 300 nita, 62,5% sRGB Procesor: Intel Core i5-120U (1.4 \u2013 5.0 GHz), 10 jezgri \/ 12 threadova, 12 MB cache Memorija: 16 GB DDR5 Hard disk: 512 GB SSD Grafi\u010dka karta: Intel UHD Graphics (integrisana) Operativni sistem: Windows 11 + MS\u2026","rel":"","context":"Srodne objave","img":{"alt_text":"","src":"https:\/\/i1.wp.com\/astehshop.com\/wp-content\/uploads\/2026\/01\/39950-HP-ProBook-4-G1iR-16-laptop-C38L2AT-1.webp?fit=450%2C450&resize=350%2C200","width":350,"height":200},"classes":[]},{"id":12133,"url":"http:\/\/astehshop.com\/index.php\/product\/laptop-hp-probook-460-g11-c14p4etw\/","url_meta":{"origin":12051,"position":4},"title":"LAPTOP HP ProBook 460 G11 C14P4ETW","date":"8. sije\u010dnja 2026.","format":false,"excerpt":"Veli\u010dina ekrana: 16.0\" 1920 \u00d7 1200 px, IPS, anti-glare, 300 nits, 45% NTSC Procesor: Intel Core Ultra 5 125U (1.3 \u2013 4.3 GHz), 12 jezgri \/ 14 threadova, 12 MB cache Memorija: 16 GB DDR5 Hard disk: 512 GB SSD Grafi\u010dka karta: Intel UHD Graphics (integrisana) Operativni sistem: Windows 11\u2026","rel":"","context":"Srodne objave","img":{"alt_text":"","src":"https:\/\/i0.wp.com\/astehshop.com\/wp-content\/uploads\/2026\/01\/39929-HP-ProBook-460-G11-laptop-C14P4ET-2.webp?fit=450%2C450&resize=350%2C200","width":350,"height":200},"classes":[]},{"id":11998,"url":"http:\/\/astehshop.com\/index.php\/product\/laptop-lenovo-v15-g4-iru\/","url_meta":{"origin":12051,"position":5},"title":"LAPTOP LENOVO V15 G4 IRU","date":"26. prosinca 2025.","format":false,"excerpt":"Veli\u010dina ekrana: 15.6\" 1920 \u00d7 1080 px, FHD TN, 250 nits, anti-glare, 45% NTSC Procesor: Intel Core i3-1315U (3.3 \u2013 4.5 GHz), 6 jezgri \/ 8 threadova, 10 MB cache Memorija: 16 GB DDR4 Hard disk: 512 GB SSD Grafi\u010dka karta: Intel UHD Graphics (integrisana) Operativni sistem: Windows 11, MS\u2026","rel":"","context":"Srodne objave","img":{"alt_text":"","src":"https:\/\/i2.wp.com\/astehshop.com\/wp-content\/uploads\/2025\/12\/37652-LENOVO-V15-G4-IRU-laptop-83A100P4PB-2.webp?fit=450%2C450&resize=350%2C200","width":350,"height":200},"classes":[]}],"_links":{"self":[{"href":"http:\/\/astehshop.com\/index.php\/wp-json\/wp\/v2\/product\/12051"}],"collection":[{"href":"http:\/\/astehshop.com\/index.php\/wp-json\/wp\/v2\/product"}],"about":[{"href":"http:\/\/astehshop.com\/index.php\/wp-json\/wp\/v2\/types\/product"}],"replies":[{"embeddable":true,"href":"http:\/\/astehshop.com\/index.php\/wp-json\/wp\/v2\/comments?post=12051"}],"wp:featuredmedia":[{"embeddable":true,"href":"http:\/\/astehshop.com\/index.php\/wp-json\/wp\/v2\/media\/12053"}],"wp:attachment":[{"href":"http:\/\/astehshop.com\/index.php\/wp-json\/wp\/v2\/media?parent=12051"}],"wp:term":[{"taxonomy":"product_cat","embeddable":true,"href":"http:\/\/astehshop.com\/index.php\/wp-json\/wp\/v2\/product_cat?post=12051"},{"taxonomy":"product_tag","embeddable":true,"href":"http:\/\/astehshop.com\/index.php\/wp-json\/wp\/v2\/product_tag?post=12051"}],"curies":[{"name":"wp","href":"https:\/\/api.w.org\/{rel}","templated":true}]}}