{"id":11874,"date":"2025-10-31T19:58:04","date_gmt":"2025-10-31T18:58:04","guid":{"rendered":"http:\/\/astehshop.com\/?post_type=product&#038;p=11874"},"modified":"2025-10-31T19:58:07","modified_gmt":"2025-10-31T18:58:07","slug":"uniview-unv-colorhunter-kamera-ipc2324se-adzk-wl-i0-za-video-nadzor","status":"publish","type":"product","link":"http:\/\/astehshop.com\/index.php\/product\/uniview-unv-colorhunter-kamera-ipc2324se-adzk-wl-i0-za-video-nadzor\/","title":{"rendered":"UniView UNV ColorHunter kamera IPC2324SE-ADZK-WL-I0 za video nadzor"},"content":{"rendered":"<p>\u2022 Visokokvalitetna slika sa 4 MP, 1\/1.8&#8243; CMOS senzorom<br \/>\n\u2022 4 MP (2688 \u00d7 1520)@30\/25 fps; 4 MP (2560 \u00d7 1440)@30\/25 fps; 3 MP (2304 \u00d7 1296)@30\/25 fps; 1080P (1920 \u00d7 1080)@30\/25 fps<br \/>\n\u2022 Ultra 265, H.265, H.264, MJPEG<br \/>\n\u2022 Pametno spre\u010davanje upada, uklju\u010duju\u0107i detekciju prelaska linije, upada, ulaska u podru\u010dje, izlaska iz podru\u010dja<br \/>\n\u2022 Na osnovu klasifikacije cilja, pametno spre\u010davanje upada zna\u010dajno smanjuje la\u017ene alarme uzrokovane li\u0161\u0107em, pticama i svjetlima, precizno fokusiraju\u0107i se na ljude, motorna vozila i nemotorna vozila<br \/>\n\u2022 Inteligentno brojanje protoka ljudi i pra\u0107enje gustine gu\u017eve<br \/>\n\u2022 ColorHunter tehnologija osigurava 24-satne slike u punom koloru<br \/>\n\u2022 120 dB True WDR tehnologija omogu\u0107ava jasnu sliku u sceni sa jakim svjetlom<br \/>\n\u2022 Podr\u017eava 9:16 na\u010din rada za hodnik<br \/>\n\u2022 Alarmni ulaz\/izlaz: 1\/1, audio ulaz\/izlaz: 1\/1<br \/>\n\u2022 MicroSD, do 512 GB<br \/>\n\u2022 IK10 otporan na vandalizam<br \/>\n\u2022 IP67 za\u0161tita<br \/>\n\u2022 Podr\u017eava PoE napajanje<\/p>\n","protected":false},"excerpt":{"rendered":"<p>\u2022 Visokokvalitetna slika sa 4 MP, 1\/1.8&#8243; CMOS senzorom<br \/>\n\u2022 4 MP (2688 \u00d7 1520)@30\/25 fps; 4 MP (2560 \u00d7 1440)@30\/25 fps; 3 MP (2304 \u00d7 1296)@30\/25 fps; 1080P (1920 \u00d7 1080)@30\/25 fps<br \/>\n\u2022 Ultra 265, H.265, H.264, MJPEG<br \/>\n\u2022 Pametno spre\u010davanje upada, uklju\u010duju\u0107i detekciju prelaska linije, upada, ulaska u podru\u010dje, izlaska iz podru\u010dja<br \/>\n\u2022 Na osnovu klasifikacije cilja, pametno spre\u010davanje upada zna\u010dajno smanjuje la\u017ene alarme uzrokovane li\u0161\u0107em, pticama i svjetlima, precizno fokusiraju\u0107i se na ljude, motorna vozila i nemotorna vozila<br \/>\n\u2022 Inteligentno brojanje protoka ljudi i pra\u0107enje gustine gu\u017eve<br \/>\n\u2022 ColorHunter tehnologija osigurava 24-satne slike u punom koloru<br \/>\n\u2022 120 dB True WDR tehnologija omogu\u0107ava jasnu sliku u sceni sa jakim svjetlom<br \/>\n\u2022 Podr\u017eava 9:16 na\u010din rada za hodnik<br \/>\n\u2022 Alarmni ulaz\/izlaz: 1\/1, audio ulaz\/izlaz: 1\/1<br \/>\n\u2022 MicroSD, do 512 GB<br \/>\n\u2022 IK10 otporan na vandalizam<br \/>\n\u2022 IP67 za\u0161tita<br \/>\n\u2022 Podr\u017eava PoE napajanje<\/p>\n","protected":false},"featured_media":11875,"comment_status":"open","ping_status":"closed","template":"","meta":{"_mi_skip_tracking":false,"_exactmetrics_sitenote_active":false,"_exactmetrics_sitenote_note":"","_exactmetrics_sitenote_category":0,"spay_email":""},"product_cat":[1043],"product_tag":[8551,8550,477,8549,6974,6143],"brands":[{"id":6129,"name":"UNV","slug":"unv"}],"df_price":950,"df_sale_price":"","df_regular_price":950,"df_image_link":"https:\/\/i2.wp.com\/astehshop.com\/wp-content\/uploads\/2025\/10\/IPC2324SE-ADZK-WL-I0.png?fit=450%2C254","jetpack_publicize_connections":[],"jetpack_sharing_enabled":true,"jetpack_likes_enabled":true,"jetpack-related-posts":[{"id":11834,"url":"http:\/\/astehshop.com\/index.php\/product\/uniview-dome-vf-kamera-ipc3634se-adzkmc-wp-i1-sa-blinkerima\/","url_meta":{"origin":11874,"position":0},"title":"UniView dome VF kamera IPC3634SE-ADZKMC-WP-I1 sa blinkerima","date":"5. listopada 2025.","format":false,"excerpt":"\u2022 Visokokvalitetna slika sa 4 MP, 1\/1.8\" CMOS senzorom \u2022 Poseduje objektiv sa velikim otvorom blende F1.2 \u2022 4 MP (2688 \u00d7 1520)@30\/25 (zadano) fps; 4 MP (2560 \u00d7 1440)@30\/25 fps; 3 MP (2304 \u00d7 1296)@30\/25 fps; 1080P (1920 \u00d7 1080)@30\/25 fps \u2022 Ultra 265, H.265, H.264, MJPEG \u2022 ColorHunter\u2026","rel":"","context":"Srodne objave","img":{"alt_text":"","src":"https:\/\/i2.wp.com\/astehshop.com\/wp-content\/uploads\/2025\/10\/20251002_2028961_2b1408d9-da28-44f4-a319-d2a5ce984453_1020076_651984_0.png?fit=600%2C338&resize=350%2C200","width":350,"height":200},"classes":[]},{"id":11832,"url":"http:\/\/astehshop.com\/index.php\/product\/unv-ip-kamera-4-mpx-ipc2b14se-adzkmc-wp-i1-mikrofon-i-zvucnik\/","url_meta":{"origin":11874,"position":1},"title":"UNV ip kamera 4 MPX IPC2B14SE-ADZKMC-WP-I1 mikrofon i zvu\u010dnik","date":"5. listopada 2025.","format":false,"excerpt":"\u2022 Visokokvalitetna slika sa 4 MP, 1\/1.8\" CMOS senzorom \u2022 Sadr\u017ei objektiv sa velikim otvorom blende F1.2 \u2022 4 MP (2688 \u00d7 1520)@30\/25 (zadano) fps; 4 MP (2560 \u00d7 1440)@30\/25 fps; 3 MP (2304 \u00d7 1296)@30\/25 fps; 1080P (1920 \u00d7 1080)@30\/25 fps \u2022 Ultra 265, H.265, H.264, MJPEG \u2022 ColorHunter\u2026","rel":"","context":"Srodne objave","img":{"alt_text":"","src":"https:\/\/i1.wp.com\/astehshop.com\/wp-content\/uploads\/2025\/10\/20250927_2028051_20caebac-a36f-449d-a45d-1fb3aa47d00d_1020060_651984_0.png?fit=600%2C338&resize=350%2C200","width":350,"height":200},"classes":[]},{"id":11830,"url":"http:\/\/astehshop.com\/index.php\/product\/dome-ip-kamera-8-mpx-ipc3528le-adf28k-wp-sova-4k-wise\/","url_meta":{"origin":11874,"position":2},"title":"Dome IP kamera 8 MPX IPC3528LE-ADF28K-WP Sova 4K wise","date":"5. listopada 2025.","format":false,"excerpt":"\u2022 Visokokvalitetna slika sa 8 MP, 1\/1.8\" CMOS senzorom i objektivom sa velikim otvorom blende F1.0 \u2022 8 MP (3840 \u00d7 2160)@20 fps; 5 MP (3072 \u00d7 1728)@30\/25 fps; 4 MP (2560 \u00d7 1440)@30\/25 fps; 1080P (1920 \u00d7 1080)@30\/25 fps \u2022 Ultra 265, H.265, H.264, MJPEG \u2022 Inteligentna za\u0161tita perimetra,\u2026","rel":"","context":"Srodne objave","img":{"alt_text":"","src":"https:\/\/i0.wp.com\/astehshop.com\/wp-content\/uploads\/2025\/10\/sova-kamera-uniview.jpg?fit=510%2C348&resize=350%2C200","width":350,"height":200},"classes":[]},{"id":11877,"url":"http:\/\/astehshop.com\/index.php\/product\/uniview-unv-colorhunter-ipc3618le-adf28kc-dl-dual-light-kamera-za-video-nadzor\/","url_meta":{"origin":11874,"position":3},"title":"UniView UNV ColorHunter IPC3618LE-ADF28KC-DL dual light kamera za video nadzor","date":"31. listopada 2025.","format":false,"excerpt":"\u2022 Visokokvalitetna slika sa 8 MP, 1\/2.8\" CMOS senzorom \u2022 8 MP (3840 \u00d7 2160)@20 fps; 5 MP (3072 \u00d7 1728)@30\/25 fps; 4 MP (2560 \u00d7 1440)@30\/25 fps; 1080P (1920 \u00d7 1080)@30\/25 fps \u2022 Ultra 265, H.265, H.264, MJPEG \u2022 120 dB true WDR tehnologija omogu\u0107ava jasnu sliku u sceni\u2026","rel":"","context":"Srodne objave","img":{"alt_text":"","src":"https:\/\/i0.wp.com\/astehshop.com\/wp-content\/uploads\/2025\/10\/IPC3614LE-ADF28KC-DL.png?fit=600%2C338&resize=350%2C200","width":350,"height":200},"classes":[]},{"id":11880,"url":"http:\/\/astehshop.com\/index.php\/product\/uniview-unv-colorhunter-dual-light-kamera-8-megapiksela-ipc2128le-adf28kmc-dl\/","url_meta":{"origin":11874,"position":4},"title":"UniView UNV ColorHunter Dual light kamera 8 megapiksela IPC2128LE-ADF28KMC-DL","date":"31. listopada 2025.","format":false,"excerpt":"\u2022 Visokokvalitetna slika sa 8 MP, 1\/2.8\" CMOS senzorom \u2022 8 MP (3840 \u00d7 2160)@20 fps; 5 MP (3072 \u00d7 1728)@30\/25 fps; 4 MP (2560 \u00d7 1440)@30\/25 fps; 1080P (1920 \u00d7 1080)@30\/25 fps \u2022 Ultra 265, H.265, H.264, MJPEG \u2022 120 dB true WDR tehnologija omogu\u0107ava jasnu sliku u sceni\u2026","rel":"","context":"Srodne objave","img":{"alt_text":"","src":"https:\/\/i2.wp.com\/astehshop.com\/wp-content\/uploads\/2025\/10\/IPC2124LB-AF28K-DL.png?fit=600%2C338&resize=350%2C200","width":350,"height":200},"classes":[]},{"id":11823,"url":"http:\/\/astehshop.com\/index.php\/product\/uniview-kamera-ipc3514le-adf28k-wp-4-mpx-owlview\/","url_meta":{"origin":11874,"position":5},"title":"UniView kamera IPC3514LE-ADF28K-WP 4 MPX OWLView","date":"5. listopada 2025.","format":false,"excerpt":"\u2022 Visokokvalitetna slika sa 4 MP, 1\/1.8\" CMOS senzorom i objektivom sa velikim otvorom blende F1.0 \u2022 4 MP (2688 \u00d7 1520)@25\/20 fps; 4 MP (2560 \u00d7 1440)@25\/20 fps; 3 MP (2304 \u00d7 1296)@30\/25 fps; 1080P (1920 \u00d7 1080)@30\/25 fps \u2022 Ultra 265, H.265, H.264, MJPEG \u2022 Podr\u017eava ColorHunter sa\u2026","rel":"","context":"Srodne objave","img":{"alt_text":"","src":"https:\/\/i0.wp.com\/astehshop.com\/wp-content\/uploads\/2025\/10\/sova-kamera-uniview.jpg?fit=510%2C348&resize=350%2C200","width":350,"height":200},"classes":[]}],"_links":{"self":[{"href":"http:\/\/astehshop.com\/index.php\/wp-json\/wp\/v2\/product\/11874"}],"collection":[{"href":"http:\/\/astehshop.com\/index.php\/wp-json\/wp\/v2\/product"}],"about":[{"href":"http:\/\/astehshop.com\/index.php\/wp-json\/wp\/v2\/types\/product"}],"replies":[{"embeddable":true,"href":"http:\/\/astehshop.com\/index.php\/wp-json\/wp\/v2\/comments?post=11874"}],"wp:featuredmedia":[{"embeddable":true,"href":"http:\/\/astehshop.com\/index.php\/wp-json\/wp\/v2\/media\/11875"}],"wp:attachment":[{"href":"http:\/\/astehshop.com\/index.php\/wp-json\/wp\/v2\/media?parent=11874"}],"wp:term":[{"taxonomy":"product_cat","embeddable":true,"href":"http:\/\/astehshop.com\/index.php\/wp-json\/wp\/v2\/product_cat?post=11874"},{"taxonomy":"product_tag","embeddable":true,"href":"http:\/\/astehshop.com\/index.php\/wp-json\/wp\/v2\/product_tag?post=11874"}],"curies":[{"name":"wp","href":"https:\/\/api.w.org\/{rel}","templated":true}]}}