{"id":11867,"date":"2025-10-31T19:37:57","date_gmt":"2025-10-31T18:37:57","guid":{"rendered":"http:\/\/astehshop.com\/?post_type=product&#038;p=11867"},"modified":"2025-10-31T19:38:00","modified_gmt":"2025-10-31T18:38:00","slug":"uniview-unv-4-mpx-dual-light-ip-kamera-ipc3614le-adf28kc-dl","status":"publish","type":"product","link":"http:\/\/astehshop.com\/index.php\/product\/uniview-unv-4-mpx-dual-light-ip-kamera-ipc3614le-adf28kc-dl\/","title":{"rendered":"UniView UNV 4 MPX Dual Light ip kamera IPC3614LE-ADF28KC-DL"},"content":{"rendered":"<p>Visokokvalitetna slika sa 4 MP, 1\/3.0&#8243; CMOS senzorom<br \/>\n\u2022 4 MP (2688 \u00d7 1520)@25\/20 fps; 4 MP (2560 \u00d7 1440)@25\/20 fps; 3 MP (2304 \u00d7 1296)@30\/25 fps; 1080P (1920 \u00d7 1080)@30\/25 fps<br \/>\n\u2022 Ultra 265, H.265, H.264, MJPEG<br \/>\n\u2022 120 dB True WDR tehnologija omogu\u0107ava jasnu sliku u sceni sa jakim svjetlom<br \/>\n\u2022 Podr\u017eava 9:16 koridorski re\u017eim<br \/>\n\u2022 Ugra\u0111eni mikrofon i zvu\u010dnik<br \/>\n\u2022 Pametni IR, do 30 m (98,4 ft) IR dometa<br \/>\n\u2022 Bijelo svjetlo, do 30 m (98,4 ft) dometa toplog svjetla<br \/>\n\u2022 MicroSD, do 512 GB<br \/>\n\u2022 IP67 za\u0161tita<br \/>\n\u2022 Podr\u017eava PoE napajanje napajanje<br \/>\n\u2022 3-osni<\/p>\n","protected":false},"excerpt":{"rendered":"<p>Visokokvalitetna slika sa 4 MP, 1\/3.0&#8243; CMOS senzorom<br \/>\n\u2022 4 MP (2688 \u00d7 1520)@25\/20 fps; 4 MP (2560 \u00d7 1440)@25\/20 fps; 3 MP (2304 \u00d7 1296)@30\/25 fps; 1080P (1920 \u00d7 1080)@30\/25 fps<br \/>\n\u2022 Ultra 265, H.265, H.264, MJPEG<br \/>\n\u2022 120 dB True WDR tehnologija omogu\u0107ava jasnu sliku u sceni sa jakim svjetlom<br \/>\n\u2022 Podr\u017eava 9:16 koridorski re\u017eim<br \/>\n\u2022 Ugra\u0111eni mikrofon i zvu\u010dnik<br \/>\n\u2022 Pametni IR, do 30 m (98,4 ft) IR dometa<br \/>\n\u2022 Bijelo svjetlo, do 30 m (98,4 ft) dometa toplog svjetla<br \/>\n\u2022 MicroSD, do 512 GB<br \/>\n\u2022 IP67 za\u0161tita<br \/>\n\u2022 Podr\u017eava PoE napajanje napajanje<br \/>\n\u2022 3-osni<\/p>\n","protected":false},"featured_media":11868,"comment_status":"open","ping_status":"closed","template":"","meta":{"_mi_skip_tracking":false,"_exactmetrics_sitenote_active":false,"_exactmetrics_sitenote_note":"","_exactmetrics_sitenote_category":0,"spay_email":""},"product_cat":[1037],"product_tag":[8546,8543,8545,8544,6132,6272,6130,6136],"brands":[{"id":6129,"name":"UNV","slug":"unv"}],"df_price":219,"df_sale_price":"","df_regular_price":219,"df_image_link":"https:\/\/i0.wp.com\/astehshop.com\/wp-content\/uploads\/2025\/10\/IPC3614LE-ADF28KC-DL.png?fit=450%2C254","jetpack_publicize_connections":[],"jetpack_sharing_enabled":true,"jetpack_likes_enabled":true,"jetpack-related-posts":[{"id":11877,"url":"http:\/\/astehshop.com\/index.php\/product\/uniview-unv-colorhunter-ipc3618le-adf28kc-dl-dual-light-kamera-za-video-nadzor\/","url_meta":{"origin":11867,"position":0},"title":"UniView UNV ColorHunter IPC3618LE-ADF28KC-DL dual light kamera za video nadzor","date":"31. listopada 2025.","format":false,"excerpt":"\u2022 Visokokvalitetna slika sa 8 MP, 1\/2.8\" CMOS senzorom \u2022 8 MP (3840 \u00d7 2160)@20 fps; 5 MP (3072 \u00d7 1728)@30\/25 fps; 4 MP (2560 \u00d7 1440)@30\/25 fps; 1080P (1920 \u00d7 1080)@30\/25 fps \u2022 Ultra 265, H.265, H.264, MJPEG \u2022 120 dB true WDR tehnologija omogu\u0107ava jasnu sliku u sceni\u2026","rel":"","context":"Srodne objave","img":{"alt_text":"","src":"https:\/\/i0.wp.com\/astehshop.com\/wp-content\/uploads\/2025\/10\/IPC3614LE-ADF28KC-DL.png?fit=600%2C338&resize=350%2C200","width":350,"height":200},"classes":[]},{"id":11880,"url":"http:\/\/astehshop.com\/index.php\/product\/uniview-unv-colorhunter-dual-light-kamera-8-megapiksela-ipc2128le-adf28kmc-dl\/","url_meta":{"origin":11867,"position":1},"title":"UniView UNV ColorHunter Dual light kamera 8 megapiksela IPC2128LE-ADF28KMC-DL","date":"31. listopada 2025.","format":false,"excerpt":"\u2022 Visokokvalitetna slika sa 8 MP, 1\/2.8\" CMOS senzorom \u2022 8 MP (3840 \u00d7 2160)@20 fps; 5 MP (3072 \u00d7 1728)@30\/25 fps; 4 MP (2560 \u00d7 1440)@30\/25 fps; 1080P (1920 \u00d7 1080)@30\/25 fps \u2022 Ultra 265, H.265, H.264, MJPEG \u2022 120 dB true WDR tehnologija omogu\u0107ava jasnu sliku u sceni\u2026","rel":"","context":"Srodne objave","img":{"alt_text":"","src":"https:\/\/i2.wp.com\/astehshop.com\/wp-content\/uploads\/2025\/10\/IPC2124LB-AF28K-DL.png?fit=600%2C338&resize=350%2C200","width":350,"height":200},"classes":[]},{"id":11823,"url":"http:\/\/astehshop.com\/index.php\/product\/uniview-kamera-ipc3514le-adf28k-wp-4-mpx-owlview\/","url_meta":{"origin":11867,"position":2},"title":"UniView kamera IPC3514LE-ADF28K-WP 4 MPX OWLView","date":"5. listopada 2025.","format":false,"excerpt":"\u2022 Visokokvalitetna slika sa 4 MP, 1\/1.8\" CMOS senzorom i objektivom sa velikim otvorom blende F1.0 \u2022 4 MP (2688 \u00d7 1520)@25\/20 fps; 4 MP (2560 \u00d7 1440)@25\/20 fps; 3 MP (2304 \u00d7 1296)@30\/25 fps; 1080P (1920 \u00d7 1080)@30\/25 fps \u2022 Ultra 265, H.265, H.264, MJPEG \u2022 Podr\u017eava ColorHunter sa\u2026","rel":"","context":"Srodne objave","img":{"alt_text":"","src":"https:\/\/i0.wp.com\/astehshop.com\/wp-content\/uploads\/2025\/10\/sova-kamera-uniview.jpg?fit=510%2C348&resize=350%2C200","width":350,"height":200},"classes":[]},{"id":11879,"url":"http:\/\/astehshop.com\/index.php\/product\/uniview-unv-ipc2128lb-adf28k-g-8-megapiksela-kamera-za-video-nadzor\/","url_meta":{"origin":11867,"position":3},"title":"UniView UNV IPC2128LB-ADF28K-G 8 megapiksela kamera za video nadzor","date":"31. listopada 2025.","format":false,"excerpt":"\u2022 Visokokvalitetna slika sa 8 MP, 1\/2.7\" CMOS senzorom \u2022 8 MP (3840 \u00d7 2160)@15 fps; 5 MP (2880 \u00d7 1620)@25\/20 fps; 4 MP (2560 \u00d7 1440)@25\/20 fps; 3 MP (2304 \u00d7 1296)@30\/25 fps; 1080P (1920 \u00d7 1080)@30\/25 fps \u2022 Ultra 265, H.265, H.264, MJPEG \u2022 Ugra\u0111eni mikrofon \u2022 Pametni\u2026","rel":"","context":"Srodne objave","img":{"alt_text":"","src":"https:\/\/i1.wp.com\/astehshop.com\/wp-content\/uploads\/2025\/10\/IPC2122LB-AF28-A2.png?fit=600%2C338&resize=350%2C200","width":350,"height":200},"classes":[]},{"id":11874,"url":"http:\/\/astehshop.com\/index.php\/product\/uniview-unv-colorhunter-kamera-ipc2324se-adzk-wl-i0-za-video-nadzor\/","url_meta":{"origin":11867,"position":4},"title":"UniView UNV ColorHunter kamera IPC2324SE-ADZK-WL-I0 za video nadzor","date":"31. listopada 2025.","format":false,"excerpt":"\u2022 Visokokvalitetna slika sa 4 MP, 1\/1.8\" CMOS senzorom \u2022 4 MP (2688 \u00d7 1520)@30\/25 fps; 4 MP (2560 \u00d7 1440)@30\/25 fps; 3 MP (2304 \u00d7 1296)@30\/25 fps; 1080P (1920 \u00d7 1080)@30\/25 fps \u2022 Ultra 265, H.265, H.264, MJPEG \u2022 Pametno spre\u010davanje upada, uklju\u010duju\u0107i detekciju prelaska linije, upada, ulaska u\u2026","rel":"","context":"Srodne objave","img":{"alt_text":"","src":"https:\/\/i2.wp.com\/astehshop.com\/wp-content\/uploads\/2025\/10\/IPC2324SE-ADZK-WL-I0.png?fit=600%2C338&resize=350%2C200","width":350,"height":200},"classes":[]},{"id":11834,"url":"http:\/\/astehshop.com\/index.php\/product\/uniview-dome-vf-kamera-ipc3634se-adzkmc-wp-i1-sa-blinkerima\/","url_meta":{"origin":11867,"position":5},"title":"UniView dome VF kamera IPC3634SE-ADZKMC-WP-I1 sa blinkerima","date":"5. listopada 2025.","format":false,"excerpt":"\u2022 Visokokvalitetna slika sa 4 MP, 1\/1.8\" CMOS senzorom \u2022 Poseduje objektiv sa velikim otvorom blende F1.2 \u2022 4 MP (2688 \u00d7 1520)@30\/25 (zadano) fps; 4 MP (2560 \u00d7 1440)@30\/25 fps; 3 MP (2304 \u00d7 1296)@30\/25 fps; 1080P (1920 \u00d7 1080)@30\/25 fps \u2022 Ultra 265, H.265, H.264, MJPEG \u2022 ColorHunter\u2026","rel":"","context":"Srodne objave","img":{"alt_text":"","src":"https:\/\/i2.wp.com\/astehshop.com\/wp-content\/uploads\/2025\/10\/20251002_2028961_2b1408d9-da28-44f4-a319-d2a5ce984453_1020076_651984_0.png?fit=600%2C338&resize=350%2C200","width":350,"height":200},"classes":[]}],"_links":{"self":[{"href":"http:\/\/astehshop.com\/index.php\/wp-json\/wp\/v2\/product\/11867"}],"collection":[{"href":"http:\/\/astehshop.com\/index.php\/wp-json\/wp\/v2\/product"}],"about":[{"href":"http:\/\/astehshop.com\/index.php\/wp-json\/wp\/v2\/types\/product"}],"replies":[{"embeddable":true,"href":"http:\/\/astehshop.com\/index.php\/wp-json\/wp\/v2\/comments?post=11867"}],"wp:featuredmedia":[{"embeddable":true,"href":"http:\/\/astehshop.com\/index.php\/wp-json\/wp\/v2\/media\/11868"}],"wp:attachment":[{"href":"http:\/\/astehshop.com\/index.php\/wp-json\/wp\/v2\/media?parent=11867"}],"wp:term":[{"taxonomy":"product_cat","embeddable":true,"href":"http:\/\/astehshop.com\/index.php\/wp-json\/wp\/v2\/product_cat?post=11867"},{"taxonomy":"product_tag","embeddable":true,"href":"http:\/\/astehshop.com\/index.php\/wp-json\/wp\/v2\/product_tag?post=11867"}],"curies":[{"name":"wp","href":"https:\/\/api.w.org\/{rel}","templated":true}]}}