{"id":11850,"date":"2025-10-12T10:02:25","date_gmt":"2025-10-12T08:02:25","guid":{"rendered":"http:\/\/astehshop.com\/?post_type=product&#038;p=11850"},"modified":"2025-10-12T10:02:27","modified_gmt":"2025-10-12T08:02:27","slug":"lande-pandora-serija-12u","status":"publish","type":"product","link":"http:\/\/astehshop.com\/index.php\/product\/lande-pandora-serija-12u\/","title":{"rendered":"Lande Pandora serija 12U"},"content":{"rendered":"<p>540 x 400 x 595<\/p>\n","protected":false},"excerpt":{"rendered":"<p>540 x 400 x 595<\/p>\n","protected":false},"featured_media":11851,"comment_status":"open","ping_status":"closed","template":"","meta":{"_mi_skip_tracking":false,"_exactmetrics_sitenote_active":false,"_exactmetrics_sitenote_note":"","_exactmetrics_sitenote_category":0,"spay_email":""},"product_cat":[3090],"product_tag":[8523,8535,8534,3092,3096,3094],"brands":[],"df_price":170,"df_sale_price":"","df_regular_price":170,"df_image_link":"https:\/\/i2.wp.com\/astehshop.com\/wp-content\/uploads\/2025\/10\/LN-STB12U5440LG.jpeg?fit=300%2C300","jetpack_publicize_connections":[],"jetpack_sharing_enabled":true,"jetpack_likes_enabled":true,"jetpack-related-posts":[{"id":11848,"url":"http:\/\/astehshop.com\/index.php\/product\/lande-pandora-serija-9u\/","url_meta":{"origin":11850,"position":0},"title":"Lande Pandora serija 9U","date":"12. listopada 2025.","format":false,"excerpt":"540 x 400 x 460","rel":"","context":"Srodne objave","img":{"alt_text":"","src":"https:\/\/i2.wp.com\/astehshop.com\/wp-content\/uploads\/2025\/10\/LN-STB09U5440LG.jpeg?fit=300%2C300&resize=350%2C200","width":350,"height":200},"classes":[]},{"id":11844,"url":"http:\/\/astehshop.com\/index.php\/product\/lande-pandora-serija-4u\/","url_meta":{"origin":11850,"position":1},"title":"Lande Pandora serija 4U","date":"12. listopada 2025.","format":false,"excerpt":"PANDORA SOHO serija je predvi\u0111ena za zidnu monta\u017eu\u00a0 540 x 400 mm. Dostupan u be\u017e boji","rel":"","context":"Srodne objave","img":{"alt_text":"","src":"https:\/\/i2.wp.com\/astehshop.com\/wp-content\/uploads\/2025\/10\/lande-4u-i-7u.jpeg?fit=225%2C225&resize=350%2C200","width":350,"height":200},"classes":[]},{"id":11846,"url":"http:\/\/astehshop.com\/index.php\/product\/lande-pandora-serija-7u\/","url_meta":{"origin":11850,"position":2},"title":"Lande Pandora serija 7U","date":"12. listopada 2025.","format":false,"excerpt":"Lande 7U 19\" Sigurnosni rek ormar predvi\u0111en za zidno postavljanje 542 mm x\u00a0 400 mm","rel":"","context":"Srodne objave","img":{"alt_text":"","src":"https:\/\/i2.wp.com\/astehshop.com\/wp-content\/uploads\/2025\/10\/LN-SH07U5440-LG-F0.jpeg?fit=300%2C300&resize=350%2C200","width":350,"height":200},"classes":[]},{"id":4880,"url":"http:\/\/astehshop.com\/index.php\/product\/nosac-za-tv-prijemnike-60-100-75-kg-1d\/","url_meta":{"origin":11850,"position":3},"title":"Nosa\u010d za TV prijemnike 60&#8243;-100&#8243;, 75 kg, 1D","date":"29. rujna 2020.","format":false,"excerpt":"Zidni nosa\u010d za TV prijemnike 60\" - 100\", maximalno optere\u0107enja 75 kg, VESA 200 x 200, 300 x 200, 300 x 300, 400 x 200, 400 x 300, 400 x 400, 600 x 400, 600 x 600, 800 x 600, 900 x 600 mm, jednostavna monta\u017ea, fiksno pozicioniranje. Pakiranje: set\u2026","rel":"","context":"Srodne objave","img":{"alt_text":"","src":"https:\/\/i0.wp.com\/astehshop.com\/wp-content\/uploads\/2020\/09\/LCDH-30.png?fit=1200%2C1200&resize=350%2C200","width":350,"height":200},"classes":[]},{"id":4876,"url":"http:\/\/astehshop.com\/index.php\/product\/nosac-za-tv-prijemnike-37-70-40-kg-2d\/","url_meta":{"origin":11850,"position":4},"title":"Nosa\u010d za TV prijemnike 37&#8243;-70&#8243;, 40 kg, 2D","date":"29. rujna 2020.","format":false,"excerpt":"Zidni nosa\u010d za TV prijemnike 37\" - 70\", maximalno optere\u0107enja 40 kg, VESA 200 x 200, 400 x 200, 300 x 300, 400 x 400, 600 x 400 mm, nagib +\/-12\u00b0, jednostavna monta\u017ea, fiksno pozicioniranje, zaklju\u010davanje i brzo otpu\u0161tanje. Pakiranje: set vijaka za monta\u017eu, libela i upute za uporabu. Boja\u2026","rel":"","context":"Srodne objave","img":{"alt_text":"","src":"https:\/\/i2.wp.com\/astehshop.com\/wp-content\/uploads\/2020\/09\/LCDH-19.png?fit=1200%2C1200&resize=350%2C200","width":350,"height":200},"classes":[]},{"id":4872,"url":"http:\/\/astehshop.com\/index.php\/product\/nosac-za-tv-prijemnike-32-55-40-kg-1d\/","url_meta":{"origin":11850,"position":5},"title":"Nosa\u010d za TV prijemnike 32&#8243;-55&#8243;, 40 kg, 1D","date":"29. rujna 2020.","format":false,"excerpt":"Zidni nosa\u010d za TV prijemnike 23\" - 42\", maximalno optere\u0107enja 40 kg, VESA 200 x 200, 400 x 200, 300 x 300, 400 x 400 mm, jednostavna monta\u017ea, fiksno pozicioniranje, zaklju\u010davanje i brzo otpu\u0161tanje. Pakiranje: set vijaka za monta\u017eu, libela i upute za uporabu. Boja crna","rel":"","context":"Srodne objave","img":{"alt_text":"","src":"https:\/\/i1.wp.com\/astehshop.com\/wp-content\/uploads\/2020\/09\/LCDH-08.png?fit=1200%2C1200&resize=350%2C200","width":350,"height":200},"classes":[]}],"_links":{"self":[{"href":"http:\/\/astehshop.com\/index.php\/wp-json\/wp\/v2\/product\/11850"}],"collection":[{"href":"http:\/\/astehshop.com\/index.php\/wp-json\/wp\/v2\/product"}],"about":[{"href":"http:\/\/astehshop.com\/index.php\/wp-json\/wp\/v2\/types\/product"}],"replies":[{"embeddable":true,"href":"http:\/\/astehshop.com\/index.php\/wp-json\/wp\/v2\/comments?post=11850"}],"wp:featuredmedia":[{"embeddable":true,"href":"http:\/\/astehshop.com\/index.php\/wp-json\/wp\/v2\/media\/11851"}],"wp:attachment":[{"href":"http:\/\/astehshop.com\/index.php\/wp-json\/wp\/v2\/media?parent=11850"}],"wp:term":[{"taxonomy":"product_cat","embeddable":true,"href":"http:\/\/astehshop.com\/index.php\/wp-json\/wp\/v2\/product_cat?post=11850"},{"taxonomy":"product_tag","embeddable":true,"href":"http:\/\/astehshop.com\/index.php\/wp-json\/wp\/v2\/product_tag?post=11850"}],"curies":[{"name":"wp","href":"https:\/\/api.w.org\/{rel}","templated":true}]}}