{"id":11786,"date":"2025-09-28T09:33:59","date_gmt":"2025-09-28T07:33:59","guid":{"rendered":"http:\/\/astehshop.com\/?post_type=product&#038;p=11786"},"modified":"2025-09-28T09:34:01","modified_gmt":"2025-09-28T07:34:01","slug":"2mp-ip-autofocus-camera-ipo-vf2rp-anpr-af-starlight-sh-80m-nocni-domet","status":"publish","type":"product","link":"http:\/\/astehshop.com\/index.php\/product\/2mp-ip-autofocus-camera-ipo-vf2rp-anpr-af-starlight-sh-80m-nocni-domet\/","title":{"rendered":"2Mp IP autofocus camera IPO-VF2RP ANPR AF Starlight SH 80M no\u0107ni domet"},"content":{"rendered":"<p>To je mo\u0107na video kamera za vanjski video nadzor, savr\u0161eno pogodna za rad no\u0107u. Ovaj ure\u0111aj je napravljen na bazi visokotehnolo\u0161kog 1\/2,8&#8243; CMOS senzora sa rezolucijom od 2Mp. Generisana FullHD slika omogu\u0107ava vam da jasno vidite lica i registarske tablice automobila. Va\u017eno je spomenuti i varifokalni objektiv sa podesivom \u017ei\u017enom daljinom od 5,0 \u2013 50 mm koji omogu\u0107ava pode\u0161avanje \u0161irokog i uskog ugla gledanja. Pored toga, kamera je opremljena infracrvenim sistemom osvjetljenja za pra\u0107enje na maksimalnoj udaljenosti do 80 metara u potpunom mraku. Dizajn kamere omogu\u0107ava napajanje putem mre\u017enog kabla, \u0161to znatno pojednostavljuje monta\u017eu ove opreme. Kamera je napravljena od metala otpornog na udarce i ima IP66 klasu za\u0161tite, \u0161to ure\u0111aj \u010dini otpornim na pra\u0161inu i vlagu. Mo\u017ee raditi u ekstremnim vremenskim uslovima na temperaturama od -40 do 60\u00b0 C, tako da se mo\u017ee montirati na otvorenom ili u industrijskim negrijanim prostorijama.<\/p>\n<p>Glavne karakteristike<br \/>\nSenzor slike:<br \/>\n1\/2,8&#8243; CMOS<br \/>\nRezolucija:<br \/>\n2Mp (Full HD 1080p). Pobolj\u0161an nadzor razli\u010ditih prostora, lica i registarske tablice automobila su jasno prepoznatljive<br \/>\nObjektiv:<br \/>\nMotorizirani varifokalni, f=5,0-50 mm. Podesivi ugao gledanja<br \/>\nNo\u0107ni vid:<br \/>\nDo 80 metara<br \/>\nVeli\u010dina:<br \/>\n90x90x172,5 mm<br \/>\nTe\u017eina:<br \/>\n1900 g<br \/>\nNapajanje:<br \/>\nPOE (prijenos video signala i napajanja jednim kablom) ili DC 12V, 0,8A<br \/>\nMaterijal ku\u0107i\u0161ta:<br \/>\n\u010cvrsti metal<br \/>\nZa\u0161tita ku\u0107i\u0161ta:<br \/>\nIP66. Potpuna za\u0161tita od pra\u0161ine i vlage. Za vanjsku ili industrijsku upotrebu<br \/>\nRadna temperatura:<br \/>\n-40 &#8211; 60 \u00b0C<br \/>\nDodatne prednosti:<br \/>\n\u2014 Prilago\u0111eno za LPR sisteme &#8211; sistem prepoznavanja registarskih tablica \u2014 WDR (Wide Dynamic Range) &#8211; tehnologija koja omogu\u0107ava dobijanje visokokvalitetnih slika sa bilo kojom razlikom u nivou osvjetljenja \u2014 Visoka osjetljivost \u2014 Podr\u017eava pametne funkcije: Detekcija upada u perimetar, Detekcija prelaska linije, Detekcija stacionarnih objekata, Detekcija pje\u0161aka, Detekcija lica, Unakrsno brojanje, Prepoznavanje lica \u2014 Varifokalni motorizovani objektiv sa autofokusom. Pode\u0161avanje ugla gledanja i o\u0161trine \u2014 Podr\u0161ka za SD karticu \u2014 Ulaz\/izlaz za alarm i audio \u2014 Podr\u0161ka za ONVIF 2.6 protokol \u2014 Podr\u0161ka za mobilnu aplikaciju Beograd \u2014 Mogu\u0107nost rada sa Partizant Cloud Storage \u2014 Udaljeni pristup ure\u0111aju sa Partizant MAC \u2014 3 godine garancije<\/p>\n","protected":false},"excerpt":{"rendered":"<p>To je mo\u0107na video kamera za vanjski video nadzor, savr\u0161eno pogodna za rad no\u0107u. Ovaj ure\u0111aj je napravljen na bazi visokotehnolo\u0161kog 1\/2,8&#8243; CMOS senzora sa rezolucijom od 2Mp. Generisana FullHD slika omogu\u0107ava vam da jasno vidite lica i registarske tablice automobila. Va\u017eno je spomenuti i varifokalni objektiv sa podesivom \u017ei\u017enom daljinom od 5,0 \u2013 50 mm koji omogu\u0107ava pode\u0161avanje \u0161irokog i uskog ugla gledanja. Pored toga, kamera je opremljena infracrvenim sistemom osvjetljenja za pra\u0107enje na maksimalnoj udaljenosti do 80 metara u potpunom mraku. Dizajn kamere omogu\u0107ava napajanje putem mre\u017enog kabla, \u0161to znatno pojednostavljuje monta\u017eu ove opreme. Kamera je napravljena od metala otpornog na udarce i ima IP66 klasu za\u0161tite, \u0161to ure\u0111aj \u010dini otpornim na pra\u0161inu i vlagu. Mo\u017ee raditi u ekstremnim vremenskim uslovima na temperaturama od -40 do 60\u00b0 C, tako da se mo\u017ee montirati na otvorenom ili u industrijskim negrijanim prostorijama.<\/p>\n<p>Glavne karakteristike<br \/>\nSenzor slike:<br \/>\n1\/2,8&#8243; CMOS<br \/>\nRezolucija:<br \/>\n2Mp (Full HD 1080p). Pobolj\u0161an nadzor razli\u010ditih prostora, lica i registarske tablice automobila su jasno prepoznatljive<br \/>\nObjektiv:<br \/>\nMotorizirani varifokalni, f=5,0-50 mm. Podesivi ugao gledanja<br \/>\nNo\u0107ni vid:<br \/>\nDo 80 metara<br \/>\nVeli\u010dina:<br \/>\n90x90x172,5 mm<br \/>\nTe\u017eina:<br \/>\n1900 g<br \/>\nNapajanje:<br \/>\nPOE (prijenos video signala i napajanja jednim kablom) ili DC 12V, 0,8A<br \/>\nMaterijal ku\u0107i\u0161ta:<br \/>\n\u010cvrsti metal<br \/>\nZa\u0161tita ku\u0107i\u0161ta:<br \/>\nIP66. Potpuna za\u0161tita od pra\u0161ine i vlage. Za vanjsku ili industrijsku upotrebu<br \/>\nRadna temperatura:<br \/>\n-40 &#8211; 60 \u00b0C<br \/>\nDodatne prednosti:<br \/>\n\u2014 Prilago\u0111eno za LPR sisteme &#8211; sistem prepoznavanja registarskih tablica \u2014 WDR (Wide Dynamic Range) &#8211; tehnologija koja omogu\u0107ava dobijanje visokokvalitetnih slika sa bilo kojom razlikom u nivou osvjetljenja \u2014 Visoka osjetljivost \u2014 Podr\u017eava pametne funkcije: Detekcija upada u perimetar, Detekcija prelaska linije, Detekcija stacionarnih objekata, Detekcija pje\u0161aka, Detekcija lica, Unakrsno brojanje, Prepoznavanje lica \u2014 Varifokalni motorizovani objektiv sa autofokusom. Pode\u0161avanje ugla gledanja i o\u0161trine \u2014 Podr\u0161ka za SD karticu \u2014 Ulaz\/izlaz za alarm i audio \u2014 Podr\u0161ka za ONVIF 2.6 protokol \u2014 Podr\u0161ka za mobilnu aplikaciju Beograd \u2014 Mogu\u0107nost rada sa Partizant Cloud Storage \u2014 Udaljeni pristup ure\u0111aju sa Partizant MAC \u2014 3 godine garancije<\/p>\n","protected":false},"featured_media":11787,"comment_status":"open","ping_status":"closed","template":"","meta":{"_mi_skip_tracking":false,"_exactmetrics_sitenote_active":false,"_exactmetrics_sitenote_note":"","_exactmetrics_sitenote_category":0,"spay_email":""},"product_cat":[1043],"product_tag":[8386,8391,8390,8389,8387,8388],"brands":[{"id":5157,"name":"Myers","slug":"myers"}],"df_price":"","df_sale_price":"","df_regular_price":"","df_image_link":"https:\/\/i1.wp.com\/astehshop.com\/wp-content\/uploads\/2025\/09\/motorizovani-zoom-myers-kamera.png?fit=450%2C409","jetpack_publicize_connections":[],"jetpack_sharing_enabled":true,"jetpack_likes_enabled":true,"jetpack-related-posts":[{"id":9173,"url":"http:\/\/astehshop.com\/index.php\/product\/poe-bullet-ip-kamera-longse-2mp-2-8mm-25m-ir-25m-mic-bpscfc2r-28pm\/","url_meta":{"origin":11786,"position":0},"title":"POE Bullet IP Kamera Longse 2MP 2.8mm 25m IR 25m + MIC BPSCFC2R-28PM","date":"10. o\u017eujka 2024.","format":false,"excerpt":"Ovaj model kamere iz Longse ECO Serije dolazi u plasti\u010dnom ku\u0107i\u0161tu sa objektivom 2.8mm i rezolucijom 2MP. Podr\u017eava komplresiju H.264 i H.265. Za\u0161ti\u0107ena je od ulaza vode i pra\u0161ine IP66 standardom. Posjeduje integrisani mikrofon. Istu je jednostavno povezati na va\u0161 ruter i putem Bitvision aplikacije kameru pratiti putem interneta. Isto\u2026","rel":"","context":"Srodne objave","img":{"alt_text":"","src":"https:\/\/i1.wp.com\/astehshop.com\/wp-content\/uploads\/2024\/03\/BPSCFC2R-28PM.jpg?fit=510%2C348&resize=350%2C200","width":350,"height":200},"classes":[]},{"id":8494,"url":"http:\/\/astehshop.com\/index.php\/product\/ip-kamera-dome-2mp-2-8mm-25m-ir-poe-mic-sd-slot-cmsdfg200\/","url_meta":{"origin":11786,"position":1},"title":"IP Kamera Dome 2MP 2.8mm 25m IR POE + Mic + SD Slot CMSDFG200","date":"2. studenoga 2023.","format":false,"excerpt":"Model: CMSDFG200 Ovaj model kamere dolazi u plasti\u010dno \/ metalnom ku\u0107i\u0161tu sa objektivom 2.8mm i rezolucijom 2MP@30fps. \u0160irokim objektivom od 2.8mm i ista \u0107e pokriti \u0161irok dio prostora sa jasnom i kvalitetnom slikom ili videom. No\u0107ni IR domet 25m. Koristi externi POE. Posjeduje integrirani mikrofon i utor za Micro SD\u2026","rel":"","context":"Srodne objave","img":{"alt_text":"","src":"https:\/\/i0.wp.com\/astehshop.com\/wp-content\/uploads\/2023\/11\/CMSDFG200.jpg?fit=329%2C248&resize=350%2C200","width":350,"height":200},"classes":[]},{"id":7111,"url":"http:\/\/astehshop.com\/index.php\/product\/partizan-security-kamera-full-hd-cod-331s\/","url_meta":{"origin":11786,"position":2},"title":"Partizan Security kamera FULL HD COD-331S","date":"27. prosinca 2022.","format":false,"excerpt":"Ova FullHD spoljna kamera ima sve \u0161to vam je potrebno za video nadzor visokog kvaliteta. Rezolucija od 2,0 MP omogu\u0107ava vam da dobijete jasnu sliku osoba ili automobila. Objektiv kamere ima fiksnu du\u017einu fokusa od 2,8 mm. Kamera se automatski prebacuje u no\u0107ni re\u017eim no\u0107u i osigurava kvalitetnu sliku na\u2026","rel":"","context":"Srodne objave","img":{"alt_text":"","src":"https:\/\/i0.wp.com\/astehshop.com\/wp-content\/uploads\/2022\/12\/COD-331S-FullHD-Plastic-1.jpg?fit=1200%2C1126&resize=350%2C200","width":350,"height":200},"classes":[]},{"id":9166,"url":"http:\/\/astehshop.com\/index.php\/product\/poe-dome-ip-kamera-longse-2mp-2-8mm-25m-ir-mic-cpsbfc2r-28pm\/","url_meta":{"origin":11786,"position":3},"title":"POE Dome IP Kamera Longse 2MP 2.8mm 25m IR + MIC CPSBFC2R-28PM","date":"10. o\u017eujka 2024.","format":false,"excerpt":"Ovaj model kamere iz Longse ECO Serije dolazi u plasti\u010dnom ku\u0107i\u0161tu sa objektivom 2.8mm i rezolucijom 2MP. Podr\u017eava komplresiju H.264 i H.265. Za\u0161ti\u0107ena je od ulaza vode i pra\u0161ine IP66 standardom. Posjeduje integrisani mikrofon. Istu je jednostavno povezati na va\u0161 ruter i putem Bitvision aplikacije kameru pratiti putem interneta. Isto\u2026","rel":"","context":"Srodne objave","img":{"alt_text":"","src":"https:\/\/i2.wp.com\/astehshop.com\/wp-content\/uploads\/2024\/03\/CPSBFC2R-28PM-2.jpg?fit=602%2C460&resize=350%2C200","width":350,"height":200},"classes":[]},{"id":7113,"url":"http:\/\/astehshop.com\/index.php\/product\/partizan-security-2-mp-full-hd-kamera-cod-331s-metalno-kuciste\/","url_meta":{"origin":11786,"position":4},"title":"Partizan Security 2 MP FULL HD kamera COD-331S metalno ku\u0107i\u0161te","date":"27. prosinca 2022.","format":false,"excerpt":"Ova FullHD spoljna kamera ima sve \u0161to vam je potrebno za video nadzor visokog kvaliteta. Rezolucija od 2,0 MP omogu\u0107ava vam da dobijete jasnu sliku osoba ili automobila. Objektiv kamere ima fiksnu du\u017einu fokusa od 2,8 mm i osigurava maksimalan kvalitet slike na udaljenosti od oko 3 metra. Kamera se\u2026","rel":"","context":"Srodne objave","img":{"alt_text":"","src":"https:\/\/i1.wp.com\/astehshop.com\/wp-content\/uploads\/2022\/12\/IPO-2SP-SE-v4.1-Cloud-1.jpg?fit=1179%2C1200&resize=350%2C200","width":350,"height":200},"classes":[]},{"id":5406,"url":"http:\/\/astehshop.com\/index.php\/product\/bullet-ip-kamera-2mp-3-6mm-poe-super-starlight-60m-ir-bmlasp200\/","url_meta":{"origin":11786,"position":5},"title":"BULLET IP KAMERA 2MP 3.6MM POE SUPER STARLIGHT 60M IR BMLASP200","date":"13. listopada 2021.","format":false,"excerpt":"Ova IP Kamera mo\u017ee raditi ne ovisno od snima\u010da, jer posjeduje mjesto za momorijsku karticu do 512 GB. Isto tako mo\u017ee se podesiti da prilikom uo\u010denja kretanja kamera \u0161alje sliku na va\u0161 mobitel i o istom Vas obavjesti. Ovaj model kamere dolazi u robusnom metalnom ku\u0107i\u0161tu sa objektivom 3.6mm i\u2026","rel":"","context":"Srodne objave","img":{"alt_text":"","src":"https:\/\/i0.wp.com\/astehshop.com\/wp-content\/uploads\/2021\/10\/BMLASP200-1.jpg?fit=1200%2C900&resize=350%2C200","width":350,"height":200},"classes":[]}],"_links":{"self":[{"href":"http:\/\/astehshop.com\/index.php\/wp-json\/wp\/v2\/product\/11786"}],"collection":[{"href":"http:\/\/astehshop.com\/index.php\/wp-json\/wp\/v2\/product"}],"about":[{"href":"http:\/\/astehshop.com\/index.php\/wp-json\/wp\/v2\/types\/product"}],"replies":[{"embeddable":true,"href":"http:\/\/astehshop.com\/index.php\/wp-json\/wp\/v2\/comments?post=11786"}],"wp:featuredmedia":[{"embeddable":true,"href":"http:\/\/astehshop.com\/index.php\/wp-json\/wp\/v2\/media\/11787"}],"wp:attachment":[{"href":"http:\/\/astehshop.com\/index.php\/wp-json\/wp\/v2\/media?parent=11786"}],"wp:term":[{"taxonomy":"product_cat","embeddable":true,"href":"http:\/\/astehshop.com\/index.php\/wp-json\/wp\/v2\/product_cat?post=11786"},{"taxonomy":"product_tag","embeddable":true,"href":"http:\/\/astehshop.com\/index.php\/wp-json\/wp\/v2\/product_tag?post=11786"}],"curies":[{"name":"wp","href":"https:\/\/api.w.org\/{rel}","templated":true}]}}