{"id":11780,"date":"2025-09-28T09:20:20","date_gmt":"2025-09-28T07:20:20","guid":{"rendered":"http:\/\/astehshop.com\/?post_type=product&#038;p=11780"},"modified":"2026-01-14T17:57:05","modified_gmt":"2026-01-14T16:57:05","slug":"myers-kompletan-set-uradi-sam-5-mpx-slika-nocu-u-boji","status":"publish","type":"product","link":"http:\/\/astehshop.com\/index.php\/product\/myers-kompletan-set-uradi-sam-5-mpx-slika-nocu-u-boji\/","title":{"rendered":"Myers kompletan set uradi sam 5 MPX slika no\u0107u u boji"},"content":{"rendered":"<p><span class=\"HwtZe\" lang=\"bs\"><span class=\"jCAhz ChMk0b\"><span class=\"ryNqvb\">Pristupa\u010dan i visokokvalitetan IP komplet za video nadzor sa kamerama od 5 megapiksela i be\u017ei\u010dnim prijenosom podataka.<\/span><\/span> <\/span><\/p>\n<p><span class=\"HwtZe\" lang=\"bs\"><span class=\"jCAhz ChMk0b\"><span class=\"ryNqvb\">Komplet je dizajniran za vanjsku instalaciju, \u0161to ga \u010dini odli\u010dnim izborom za privatne domove, urede, skladi\u0161ta i male komercijalne prostore gdje su visoki kvalitet slike i jednostavnost instalacije va\u017eni.<\/span><\/span> <\/span><\/p>\n<p><span class=\"HwtZe\" lang=\"bs\"><span class=\"jCAhz ChMk0b\"><span class=\"ryNqvb\">Komplet uklju\u010duje \u010detiri be\u017ei\u010dne IP kamere od 5 megapiksela i 8-kanalni Wi-Fi NVR, koji osiguravaju stabilan i efikasan rad sistema za nadzor bez potrebe za slo\u017eenim o\u017ei\u010denjem.<\/span><\/span> <\/span><\/p>\n<p><span class=\"HwtZe\" lang=\"bs\"><span class=\"jCAhz\"><span class=\"ryNqvb\">Kamere su opremljene infracrvenim osvjetljenjem i bijelom LED diodom sa Smart Detection tehnologijom, koja vam omogu\u0107ava snimanje videa u punoj boji 24\/7 \u010dak i pri slabom osvjetljenju.<\/span><\/span> <\/span><\/p>\n<p><span class=\"HwtZe\" lang=\"bs\"><span class=\"jCAhz\"><span class=\"ryNqvb\">Zahvaljuju\u0107i be\u017ei\u010dnoj vezi, instalacija je znatno pojednostavljena, a odsustvo nepotrebnih kablova smanjuje rizik od vanjskih faktora.<\/span><\/span><span class=\"jCAhz ChMk0b\"><span class=\"ryNqvb\"> Ovaj Wi-Fi komplet za video nadzor je pouzdano i prakti\u010dno rje\u0161enje kako za profesionalnu upotrebu, tako i za kreiranje modernog sistema ku\u0107ne sigurnosti.<\/span><\/span> <\/span><\/p>\n<p><span class=\"HwtZe\" lang=\"bs\"><span class=\"jCAhz ChMk0b\"><span class=\"ryNqvb\">Klju\u010dne karakteristike kompleta: 5.0 MP IP kamere sa fiksnim fokusom (f=3.6 mm) i \u0161irokim uglom gledanja IP67 ku\u0107i\u0161te, koje pru\u017ea za\u0161titu od pra\u0161ine i vlage, pogodno za upotrebu na otvorenom ili u negrijanim zgradama IR + bijelo pozadinsko osvjetljenje sa pametnom detekcijom za 24\/7 video nadzor u punoj boji Mogu\u0107nost 24\/7 kontinuiranog video nadzora 8-kanalni Wi-Fi NVR sa H.265\/H.264 video kompresijom za efikasno pohranjivanje ONVIF 2.4 podr\u0161ka, koja osigurava kompatibilnost sa softverom tre\u0107ih strana Mobilni nadzor pomo\u0107u aplikacija za iOS i Android Detekcija pokreta i obavje\u0161tenje o alarmu <\/span><\/span><\/span><\/p>\n<p><span class=\"HwtZe\" lang=\"bs\"><span class=\"jCAhz ChMk0b\"><span class=\"ryNqvb\">Ugra\u0111ena Wi-Fi antena za be\u017ei\u010dnu vezu sa dometom prijenosa do 100 metara na otvorenom prostoru <\/span><\/span><\/span><\/p>\n<p><span class=\"HwtZe\" lang=\"bs\"><span class=\"jCAhz ChMk0b\"><span class=\"ryNqvb\">Kompletan komplet za instalaciju: komplet za monta\u017eu, napajanje i Ethernet kabl &#8211; sve \u0161to vam je potrebno ve\u0107 je u kutiji!<\/span><\/span> <\/span><\/p>\n<p><span class=\"HwtZe\" lang=\"bs\"><span class=\"jCAhz\"><span class=\"ryNqvb\">Sadr\u017eaj kompleta: Wi-Fi IP kamera &#8211; 4 kom.<\/span><\/span> <\/span><\/p>\n<p><span class=\"HwtZe\" lang=\"bs\"><span class=\"jCAhz\"><span class=\"ryNqvb\">Wi-Fi NVR (video snima\u010d) &#8211; 1 kom.<\/span><\/span> <\/span><\/p>\n<p><span class=\"HwtZe\" lang=\"bs\"><span class=\"jCAhz\"><span class=\"ryNqvb\">Napajanje &#8211; 5 kom.<\/span><\/span> <\/span><\/p>\n<p><span class=\"HwtZe\" lang=\"bs\"><span class=\"jCAhz\"><span class=\"ryNqvb\">Mi\u0161 &#8211; 1 kom.<\/span><\/span> <\/span><\/p>\n<p><span class=\"HwtZe\" lang=\"bs\"><span class=\"jCAhz\"><span class=\"ryNqvb\">Patch kabel cat5e UTP (1 m) &#8211; 1 kom.<\/span><\/span> <\/span><\/p>\n<p><span class=\"HwtZe\" lang=\"bs\"><span class=\"jCAhz\"><span class=\"ryNqvb\">Wi-Fi antena &#8211; 4 kom.<\/span><\/span> <\/span><\/p>\n<p><span class=\"HwtZe\" lang=\"bs\"><span class=\"jCAhz\"><span class=\"ryNqvb\">Set za monta\u017eu &#8211; 1 kom.<\/span><\/span><\/span><\/p>\n<p>066 123 234<\/p>\n","protected":false},"excerpt":{"rendered":"<p><span class=\"HwtZe\" lang=\"bs\"><span class=\"jCAhz ChMk0b\"><span class=\"ryNqvb\">Pristupa\u010dan i visokokvalitetan IP komplet za video nadzor sa kamerama od 5 megapiksela i be\u017ei\u010dnim prijenosom podataka.<\/span><\/span> <\/span><\/p>\n<p><span class=\"HwtZe\" lang=\"bs\"><span class=\"jCAhz ChMk0b\"><span class=\"ryNqvb\">Komplet je dizajniran za vanjsku instalaciju, \u0161to ga \u010dini odli\u010dnim izborom za privatne domove, urede, skladi\u0161ta i male komercijalne prostore gdje su visoki kvalitet slike i jednostavnost instalacije va\u017eni.<\/span><\/span> <\/span><\/p>\n<p><span class=\"HwtZe\" lang=\"bs\"><span class=\"jCAhz ChMk0b\"><span class=\"ryNqvb\">Komplet uklju\u010duje \u010detiri be\u017ei\u010dne IP kamere od 5 megapiksela i 8-kanalni Wi-Fi NVR, koji osiguravaju stabilan i efikasan rad sistema za nadzor bez potrebe za slo\u017eenim o\u017ei\u010denjem.<\/span><\/span> <\/span><\/p>\n<p><span class=\"HwtZe\" lang=\"bs\"><span class=\"jCAhz\"><span class=\"ryNqvb\">Kamere su opremljene infracrvenim osvjetljenjem i bijelom LED diodom sa Smart Detection tehnologijom, koja vam omogu\u0107ava snimanje videa u punoj boji 24\/7 \u010dak i pri slabom osvjetljenju.<\/span><\/span> <\/span><\/p>\n<p><span class=\"HwtZe\" lang=\"bs\"><span class=\"jCAhz\"><span class=\"ryNqvb\">Zahvaljuju\u0107i be\u017ei\u010dnoj vezi, instalacija je znatno pojednostavljena, a odsustvo nepotrebnih kablova smanjuje rizik od vanjskih faktora.<\/span><\/span><span class=\"jCAhz ChMk0b\"><span class=\"ryNqvb\"> Ovaj Wi-Fi komplet za video nadzor je pouzdano i prakti\u010dno rje\u0161enje kako za profesionalnu upotrebu, tako i za kreiranje modernog sistema ku\u0107ne sigurnosti.<\/span><\/span> <\/span><\/p>\n<p><span class=\"HwtZe\" lang=\"bs\"><span class=\"jCAhz ChMk0b\"><span class=\"ryNqvb\">Klju\u010dne karakteristike kompleta: 5.0 MP IP kamere sa fiksnim fokusom (f=3.6 mm) i \u0161irokim uglom gledanja IP67 ku\u0107i\u0161te, koje pru\u017ea za\u0161titu od pra\u0161ine i vlage, pogodno za upotrebu na otvorenom ili u negrijanim zgradama IR + bijelo pozadinsko osvjetljenje sa pametnom detekcijom za 24\/7 video nadzor u punoj boji Mogu\u0107nost 24\/7 kontinuiranog video nadzora 8-kanalni Wi-Fi NVR sa H.265\/H.264 video kompresijom za efikasno pohranjivanje ONVIF 2.4 podr\u0161ka, koja osigurava kompatibilnost sa softverom tre\u0107ih strana Mobilni nadzor pomo\u0107u aplikacija za iOS i Android Detekcija pokreta i obavje\u0161tenje o alarmu <\/span><\/span><\/span><\/p>\n<p><span class=\"HwtZe\" lang=\"bs\"><span class=\"jCAhz ChMk0b\"><span class=\"ryNqvb\">Ugra\u0111ena Wi-Fi antena za be\u017ei\u010dnu vezu sa dometom prijenosa do 100 metara na otvorenom prostoru <\/span><\/span><\/span><\/p>\n<p><span class=\"HwtZe\" lang=\"bs\"><span class=\"jCAhz ChMk0b\"><span class=\"ryNqvb\">Kompletan komplet za instalaciju: komplet za monta\u017eu, napajanje i Ethernet kabl &#8211; sve \u0161to vam je potrebno ve\u0107 je u kutiji!<\/span><\/span> <\/span><\/p>\n<p><span class=\"HwtZe\" lang=\"bs\"><span class=\"jCAhz\"><span class=\"ryNqvb\">Sadr\u017eaj kompleta: Wi-Fi IP kamera &#8211; 4 kom.<\/span><\/span> <\/span><\/p>\n<p><span class=\"HwtZe\" lang=\"bs\"><span class=\"jCAhz\"><span class=\"ryNqvb\">Wi-Fi NVR (video snima\u010d) &#8211; 1 kom.<\/span><\/span> <\/span><\/p>\n<p><span class=\"HwtZe\" lang=\"bs\"><span class=\"jCAhz\"><span class=\"ryNqvb\">Napajanje &#8211; 5 kom.<\/span><\/span> <\/span><\/p>\n<p><span class=\"HwtZe\" lang=\"bs\"><span class=\"jCAhz\"><span class=\"ryNqvb\">Mi\u0161 &#8211; 1 kom.<\/span><\/span> <\/span><\/p>\n<p><span class=\"HwtZe\" lang=\"bs\"><span class=\"jCAhz\"><span class=\"ryNqvb\">Patch kabel cat5e UTP (1 m) &#8211; 1 kom.<\/span><\/span> <\/span><\/p>\n<p><span class=\"HwtZe\" lang=\"bs\"><span class=\"jCAhz\"><span class=\"ryNqvb\">Wi-Fi antena &#8211; 4 kom.<\/span><\/span> <\/span><\/p>\n<p><span class=\"HwtZe\" lang=\"bs\"><span class=\"jCAhz\"><span class=\"ryNqvb\">Set za monta\u017eu &#8211; 1 kom.<\/span><\/span><\/span><\/p>\n<p>066 123 234<\/p>\n","protected":false},"featured_media":11744,"comment_status":"open","ping_status":"closed","template":"","meta":{"_mi_skip_tracking":false,"_exactmetrics_sitenote_active":false,"_exactmetrics_sitenote_note":"","_exactmetrics_sitenote_category":0,"spay_email":""},"product_cat":[134,2294],"product_tag":[8374,6305,8372,8373,2303,2594,3086],"brands":[{"id":5157,"name":"Myers","slug":"myers"}],"df_price":"","df_sale_price":"","df_regular_price":"","df_image_link":"https:\/\/i0.wp.com\/astehshop.com\/wp-content\/uploads\/2025\/09\/myers-kamere-wifi.jpg?fit=450%2C348","jetpack_publicize_connections":[],"jetpack_sharing_enabled":true,"jetpack_likes_enabled":true,"jetpack-related-posts":[{"id":11743,"url":"http:\/\/astehshop.com\/index.php\/product\/myers-kompletan-bezicni-set-4-kamere-3-mpx-slika-u-boji\/","url_meta":{"origin":11780,"position":0},"title":"Myers kompletan be\u017ei\u010dni set 4 kamere 3 MPX Slika u boji","date":"27. rujna 2025.","format":false,"excerpt":"Detaljan opis proizvoda Ovo je komplet pristupa\u010dnog i visokokvalitetnog 3-megapikselnog IP sistema za video nadzor s tehnologijom be\u017ei\u010dnog prijenosa podataka putem Wi-Fi mre\u017ee. Wi-Fi komplet je dizajniran za vanjsku instalaciju, \u0161to ga \u010dini odli\u010dnim izborom za privatne ku\u0107e, urede, skladi\u0161ta i male komercijalne prostore gdje su visok kvalitet slike i\u2026","rel":"","context":"Srodne objave","img":{"alt_text":"","src":"https:\/\/i0.wp.com\/astehshop.com\/wp-content\/uploads\/2025\/09\/myers-kamere-wifi.jpg?fit=855%2C662&resize=350%2C200","width":350,"height":200},"classes":[]},{"id":7146,"url":"http:\/\/astehshop.com\/index.php\/product\/video-nadzor-longse-komplet-sa-3-kamere-2-mpx-full-color-ip-sistem\/","url_meta":{"origin":11780,"position":1},"title":"Video nadzor Longse komplet sa 3 kamere 2 MPX FULL Color IP sistem","date":"20. sije\u010dnja 2023.","format":false,"excerpt":"Longse video nadzor SET za poslovne prostore, dvori\u0161ta, gara\u017ee, ku\u0107e, stanove. 1 x Longse 4 kanalni snima\u010d sa 4 POE izlaza ( novi model NVR 6 ) 3 x Longse bullet kamera 2 MPX BMSDFG200WH Full color slika u boji uvijek H.265+ ( integrisan mikrofon ) 1 x disk 1\u2026","rel":"","context":"Srodne objave","img":{"alt_text":"","src":"https:\/\/i0.wp.com\/astehshop.com\/wp-content\/uploads\/2023\/01\/longse-full-color-ip-sa-3-kamere.jpg?fit=1200%2C954&resize=350%2C200","width":350,"height":200},"classes":[]},{"id":7148,"url":"http:\/\/astehshop.com\/index.php\/product\/video-nadzor-longse-komplet-sa-4-kamere-2-mpx-full-color-ip-sistem\/","url_meta":{"origin":11780,"position":2},"title":"Video nadzor Longse komplet sa 4 kamere 2 MPX FULL Color IP sistem","date":"20. sije\u010dnja 2023.","format":false,"excerpt":"Longse video nadzor SET za poslovne prostore, dvori\u0161ta, gara\u017ee, ku\u0107e, stanove. 1 x Longse 4 kanalni snima\u010d sa 4 POE izlaza ( novi model NVR 6 ) 4 x Longse bullet kamera 2 MPX BMSDFG200WH Full color slika u boji uvijek H.265+ ( integrisan mikrofon ) 1 x disk 1\u2026","rel":"","context":"Srodne objave","img":{"alt_text":"","src":"https:\/\/i1.wp.com\/astehshop.com\/wp-content\/uploads\/2023\/01\/komplet-ip-longse-sa-4-kamere-full-color.jpg?fit=1200%2C954&resize=350%2C200","width":350,"height":200},"classes":[]},{"id":7144,"url":"http:\/\/astehshop.com\/index.php\/product\/video-nadzor-longse-komplet-sa-2-kamere-2-mpx-full-color-ip-sistem\/","url_meta":{"origin":11780,"position":3},"title":"Video nadzor Longse komplet sa 2 kamere 2 MPX FULL Color IP sistem","date":"20. sije\u010dnja 2023.","format":false,"excerpt":"Longse video nadzor SET za poslovne prostore, dvori\u0161ta, gara\u017ee, ku\u0107e, stanove. 1 x Longse 4 kanalni snima\u010d sa 4 POE izlaza ( novi model NVR 6 ) 2 x Longse bullet kamera 2 MPX BMSDFG200WH Full color slika u boji uvijek H.265+ ( integrisan mikrofon ) 1 x disk 500\u2026","rel":"","context":"Srodne objave","img":{"alt_text":"","src":"https:\/\/i0.wp.com\/astehshop.com\/wp-content\/uploads\/2023\/01\/komplet-full-color-2-mp-sa-2-kamere.jpg?fit=1200%2C954&resize=350%2C200","width":350,"height":200},"classes":[]},{"id":7083,"url":"http:\/\/astehshop.com\/index.php\/product\/video-nadzor-longse-komplet-sa-3-kamere-2-mpx-full-color\/","url_meta":{"origin":11780,"position":4},"title":"Video nadzor Longse komplet sa 3 kamere 2 MPX Full Color","date":"16. prosinca 2022.","format":false,"excerpt":"Longse video nadzor SET za poslovne prostore, dvori\u0161ta, gara\u017ee, ku\u0107e, stanove. 1 x Longse 4 kanalni snima\u010d 3 x Longse bullet kamera 2 MPX FULL COLOR 1 x disk 500 GB 1 x naljepnica Objekat je pod video nadzorom 3 x RBOX za za\u0161titu kablova i kutija za kameru Longse\u2026","rel":"","context":"Srodne objave","img":{"alt_text":"","src":"https:\/\/i0.wp.com\/astehshop.com\/wp-content\/uploads\/2022\/12\/longse-set-3-kamere.jpg?fit=1200%2C953&resize=350%2C200","width":350,"height":200},"classes":[]},{"id":7079,"url":"http:\/\/astehshop.com\/index.php\/product\/video-nadzor-longse-komplet-sa-jednom-kamerom-2-mpx-full-color\/","url_meta":{"origin":11780,"position":5},"title":"Video nadzor Longse komplet sa jednom kamerom 2 MPX FULL Color","date":"16. prosinca 2022.","format":false,"excerpt":"Longse video nadzor SET za poslovne prostore, dvori\u0161ta, gara\u017ee, ku\u0107e, stanove. 1 x Longse 4 kanalni snima\u010d 1 x Longse bullet kamera 2 MPX BPSCHTC200FPEW-2 Full color slika u boji uvijek 1 x disk 500 GB 1 x naljepnica Objekat je pod video nadzorom 1 x RBOX kutija za kablove\u2026","rel":"","context":"Srodne objave","img":{"alt_text":"","src":"https:\/\/i1.wp.com\/astehshop.com\/wp-content\/uploads\/2022\/12\/BPSCHTC200FPEW-2-set-1-kam.jpg?fit=1200%2C953&resize=350%2C200","width":350,"height":200},"classes":[]}],"_links":{"self":[{"href":"http:\/\/astehshop.com\/index.php\/wp-json\/wp\/v2\/product\/11780"}],"collection":[{"href":"http:\/\/astehshop.com\/index.php\/wp-json\/wp\/v2\/product"}],"about":[{"href":"http:\/\/astehshop.com\/index.php\/wp-json\/wp\/v2\/types\/product"}],"replies":[{"embeddable":true,"href":"http:\/\/astehshop.com\/index.php\/wp-json\/wp\/v2\/comments?post=11780"}],"wp:featuredmedia":[{"embeddable":true,"href":"http:\/\/astehshop.com\/index.php\/wp-json\/wp\/v2\/media\/11744"}],"wp:attachment":[{"href":"http:\/\/astehshop.com\/index.php\/wp-json\/wp\/v2\/media?parent=11780"}],"wp:term":[{"taxonomy":"product_cat","embeddable":true,"href":"http:\/\/astehshop.com\/index.php\/wp-json\/wp\/v2\/product_cat?post=11780"},{"taxonomy":"product_tag","embeddable":true,"href":"http:\/\/astehshop.com\/index.php\/wp-json\/wp\/v2\/product_tag?post=11780"}],"curies":[{"name":"wp","href":"https:\/\/api.w.org\/{rel}","templated":true}]}}