{"id":11777,"date":"2025-09-28T09:00:14","date_gmt":"2025-09-28T07:00:14","guid":{"rendered":"http:\/\/astehshop.com\/?post_type=product&#038;p=11777"},"modified":"2026-01-14T17:57:06","modified_gmt":"2026-01-14T16:57:06","slug":"kamin-elektricni-1900-w-zln2051","status":"publish","type":"product","link":"http:\/\/astehshop.com\/index.php\/product\/kamin-elektricni-1900-w-zln2051\/","title":{"rendered":"Kamin, elektri\u010dni, 1900 W zln2051"},"content":{"rendered":"<p>Do\u017eivite ugodnu toplinu i ugodnu atmosferu kamina &#8211; bez vatre i dima.<\/p>\n<p>Na\u0161a visokokvalitetna grijalica s ventilatorom i iluzijom kamina kombinira atraktivan dizajn s najnovijom tehnologijom grijanja i donosi stilsku toplinu u va\u0161 dom.<\/p>\n<p>Sa 1900 W i u\u010dinkovitim PTC grija\u0107im elementom, ovaj ure\u0111aj nije samo sna\u017ean, ve\u0107 je i energetski u\u010dinkovit i siguran za kori\u0161tenje.<\/p>\n<p>&#8211; Sna\u017eni PTC grija\u0107i element<br \/>\nModerni PTC grija\u0107i element (pozitivni temperaturni koeficijent) nudi maksimalan u\u010dinak grijanja uz minimalnu potro\u0161nju energije. Za razliku od konvencionalnih grija\u0107ih elemenata, PTC element se automatski prilago\u0111ava temperaturi okoline kako bi se osigurala ravnomjerna raspodjela topline. Ova inteligentna tehnologija sprje\u010dava pregrijavanje i osigurava dug radni vijek.<\/p>\n<p>&#8211; Realna iluzija kamina<br \/>\nUgra\u0111ena iluzija kamina s treperavim LED plamenom stvara ugodnu i opu\u0161taju\u0107u atmosferu &#8211; gotovo kao pravi kamin, ali bez rizika otvorene vatre. Iluzija plamena mo\u017ee se koristiti neovisno o funkciji grijanja, tako da mo\u017eete u\u017eivati \u200b\u200bu atmosferskom svjetlu \u010dak iu ljetnim mjesecima.<\/p>\n<p>&#8211; Dvije postavke topline<br \/>\nVentilatorska grijalica nudi dvije postavke topline (950 watta i 1900 watta), tako da mo\u017eete fleksibilno prilagoditi snagu topline svojim potrebama i veli\u010dini prostorije. Ni\u017ea postavka je idealna za blagu pozadinsku toplinu, dok vi\u0161a postavka brzo \u0161iri ugodnu toplinu, idealnu za hladne zimske dane.<\/p>\n<p>&#8211; Podesivi termostat za optimalnu kontrolu<br \/>\nS podesivim termostatom zadr\u017eavate potpunu kontrolu nad sobnom temperaturom. Odaberite \u017eeljenu temperaturu i pustite grija\u010d s ventilatorom da automatski prilagodi snagu topline kako bi prostorija bila stalno topla. To \u0161tedi energiju i istovremeno osigurava maksimalnu udobnost.<\/p>\n<p>&#8211; Hladno vanjsko ku\u0107i\u0161te za maksimalnu sigurnost<br \/>\nSigurnost je na\u0161 glavni prioritet. Zbog toga je vanjsko ku\u0107i\u0161te ventilatorske grijalice opremljeno posebnom tehnologijom cool-touch koja ostaje hladna \u010dak i kada je ure\u0111aj u uporabi dulje vrijeme. To smanjuje rizik od opeklina i \u010dini grija\u010d s ventilatorom posebno sigurnim, \u010dak i u ku\u0107anstvima s djecom i ku\u0107nim ljubimcima.<\/p>\n<p>&#8211; Samostoje\u0107i i prijenosni za fleksibilnu upotrebu<br \/>\nKompaktan i samostoje\u0107i dizajn zna\u010di da se ventilatorska grijalica mo\u017ee postaviti bilo gdje u prostoriji. Lagan je i ima prakti\u010dnu ru\u010dku za no\u0161enje koja vam omogu\u0107uje udobno kori\u0161tenje u razli\u010ditim prostorijama. Idealan za dnevne sobe, spava\u0107e sobe, urede ili \u010dak za zimski vrt.<\/p>\n<p>Na\u0161a grijalica s ventilatorom i iluzijom kamina savr\u0161ena je kombinacija u\u010dinkovitosti, sigurnosti i dizajna. Bilo za ugodne ve\u010deri sami ili za dru\u017eenje s prijateljima &#8211; ovaj ure\u0111aj ne samo da unosi toplinu, ve\u0107 i doma\u0107u atmosferu u va\u0161 dom.<\/p>\n<p>\u2022 Sna\u017ean u\u010dinak grijanja od 1900 W<br \/>\n\u2022 PTC grija\u0107i element koji \u0161tedi energiju za sigurnu i u\u010dinkovitu distribuciju topline<br \/>\n\u2022 Realisti\u010dna iluzija kamina s neovisnom funkcijom plamena<br \/>\n\u2022 Dvije postavke topline i podesivi termostat za fleksibilno grijanje<br \/>\n\u2022 Cool-Touch vanjsko ku\u0107i\u0161te za ve\u0107u sigurnost<br \/>\n\u2022 Kompaktan, samostoje\u0107i i jednostavan za transport<br \/>\n\u2022 Dimenzije: 380 x 420 x 210 mm<br \/>\n\u2022 Kabel za napajanje 140 cm<\/p>\n","protected":false},"excerpt":{"rendered":"<p>Do\u017eivite ugodnu toplinu i ugodnu atmosferu kamina &#8211; bez vatre i dima.<\/p>\n<p>Na\u0161a visokokvalitetna grijalica s ventilatorom i iluzijom kamina kombinira atraktivan dizajn s najnovijom tehnologijom grijanja i donosi stilsku toplinu u va\u0161 dom.<\/p>\n<p>Sa 1900 W i u\u010dinkovitim PTC grija\u0107im elementom, ovaj ure\u0111aj nije samo sna\u017ean, ve\u0107 je i energetski u\u010dinkovit i siguran za kori\u0161tenje.<\/p>\n<p>&#8211; Sna\u017eni PTC grija\u0107i element<br \/>\nModerni PTC grija\u0107i element (pozitivni temperaturni koeficijent) nudi maksimalan u\u010dinak grijanja uz minimalnu potro\u0161nju energije. Za razliku od konvencionalnih grija\u0107ih elemenata, PTC element se automatski prilago\u0111ava temperaturi okoline kako bi se osigurala ravnomjerna raspodjela topline. Ova inteligentna tehnologija sprje\u010dava pregrijavanje i osigurava dug radni vijek.<\/p>\n<p>&#8211; Realna iluzija kamina<br \/>\nUgra\u0111ena iluzija kamina s treperavim LED plamenom stvara ugodnu i opu\u0161taju\u0107u atmosferu &#8211; gotovo kao pravi kamin, ali bez rizika otvorene vatre. Iluzija plamena mo\u017ee se koristiti neovisno o funkciji grijanja, tako da mo\u017eete u\u017eivati \u200b\u200bu atmosferskom svjetlu \u010dak iu ljetnim mjesecima.<\/p>\n<p>&#8211; Dvije postavke topline<br \/>\nVentilatorska grijalica nudi dvije postavke topline (950 watta i 1900 watta), tako da mo\u017eete fleksibilno prilagoditi snagu topline svojim potrebama i veli\u010dini prostorije. Ni\u017ea postavka je idealna za blagu pozadinsku toplinu, dok vi\u0161a postavka brzo \u0161iri ugodnu toplinu, idealnu za hladne zimske dane.<\/p>\n<p>&#8211; Podesivi termostat za optimalnu kontrolu<br \/>\nS podesivim termostatom zadr\u017eavate potpunu kontrolu nad sobnom temperaturom. Odaberite \u017eeljenu temperaturu i pustite grija\u010d s ventilatorom da automatski prilagodi snagu topline kako bi prostorija bila stalno topla. To \u0161tedi energiju i istovremeno osigurava maksimalnu udobnost.<\/p>\n<p>&#8211; Hladno vanjsko ku\u0107i\u0161te za maksimalnu sigurnost<br \/>\nSigurnost je na\u0161 glavni prioritet. Zbog toga je vanjsko ku\u0107i\u0161te ventilatorske grijalice opremljeno posebnom tehnologijom cool-touch koja ostaje hladna \u010dak i kada je ure\u0111aj u uporabi dulje vrijeme. To smanjuje rizik od opeklina i \u010dini grija\u010d s ventilatorom posebno sigurnim, \u010dak i u ku\u0107anstvima s djecom i ku\u0107nim ljubimcima.<\/p>\n<p>&#8211; Samostoje\u0107i i prijenosni za fleksibilnu upotrebu<br \/>\nKompaktan i samostoje\u0107i dizajn zna\u010di da se ventilatorska grijalica mo\u017ee postaviti bilo gdje u prostoriji. Lagan je i ima prakti\u010dnu ru\u010dku za no\u0161enje koja vam omogu\u0107uje udobno kori\u0161tenje u razli\u010ditim prostorijama. Idealan za dnevne sobe, spava\u0107e sobe, urede ili \u010dak za zimski vrt.<\/p>\n<p>Na\u0161a grijalica s ventilatorom i iluzijom kamina savr\u0161ena je kombinacija u\u010dinkovitosti, sigurnosti i dizajna. Bilo za ugodne ve\u010deri sami ili za dru\u017eenje s prijateljima &#8211; ovaj ure\u0111aj ne samo da unosi toplinu, ve\u0107 i doma\u0107u atmosferu u va\u0161 dom.<\/p>\n<p>\u2022 Sna\u017ean u\u010dinak grijanja od 1900 W<br \/>\n\u2022 PTC grija\u0107i element koji \u0161tedi energiju za sigurnu i u\u010dinkovitu distribuciju topline<br \/>\n\u2022 Realisti\u010dna iluzija kamina s neovisnom funkcijom plamena<br \/>\n\u2022 Dvije postavke topline i podesivi termostat za fleksibilno grijanje<br \/>\n\u2022 Cool-Touch vanjsko ku\u0107i\u0161te za ve\u0107u sigurnost<br \/>\n\u2022 Kompaktan, samostoje\u0107i i jednostavan za transport<br \/>\n\u2022 Dimenzije: 380 x 420 x 210 mm<br \/>\n\u2022 Kabel za napajanje 140 cm<\/p>\n","protected":false},"featured_media":11778,"comment_status":"open","ping_status":"closed","template":"","meta":{"_mi_skip_tracking":false,"_exactmetrics_sitenote_active":false,"_exactmetrics_sitenote_note":"","_exactmetrics_sitenote_category":0,"spay_email":""},"product_cat":[8325],"product_tag":[8363,4274,8367,658,8368,1855,8365,8366,8364,8370,8369,8371],"brands":[],"df_price":199,"df_sale_price":"","df_regular_price":199,"df_image_link":"https:\/\/i1.wp.com\/astehshop.com\/wp-content\/uploads\/2025\/09\/kamin-199-km.png?fit=450%2C450","jetpack_publicize_connections":[],"jetpack_sharing_enabled":true,"jetpack_likes_enabled":true,"jetpack-related-posts":[{"id":9807,"url":"http:\/\/astehshop.com\/index.php\/product\/cesma-za-brzo-zagrijavanje-vode-3-0-kw\/","url_meta":{"origin":11777,"position":0},"title":"\u010cesma za brzo zagrijavanje vode, 3.0 kW","date":"15. prosinca 2024.","format":false,"excerpt":"\u010cesma \/ slavina za brzo zagrijavanje vode, snaga 3.0 kW, vodeni mlaz pod pritiskom, grija\u0107i element od nehr\u0111aju\u0107eg \u010delika, ergonomska jednostruka ru\u010dka indikatorska lampica grijanja, trenutno zagrijavanje","rel":"","context":"Srodne objave","img":{"alt_text":"","src":"https:\/\/i0.wp.com\/astehshop.com\/wp-content\/uploads\/2024\/12\/19438_1686255469d4um9pxam0.png?fit=1200%2C1112&resize=350%2C200","width":350,"height":200},"classes":[]},{"id":6500,"url":"http:\/\/astehshop.com\/index.php\/product\/cesma-za-brzo-zagrijavanje-vode-3-0-kw-zln5480\/","url_meta":{"origin":11777,"position":1},"title":"\u010cesma za brzo zagrijavanje vode, 3.0 kW ZLN5480","date":"12. studenoga 2022.","format":false,"excerpt":"\u010cesma \/ slavina za brzo zagrijavanje vode, snaga 3.0 kW, vodeni mlaz pod pritiskom, grija\u0107i element od nehr\u0111aju\u0107eg \u010delika, ergonomska jednostruka ru\u010dka indikator grijanja, trenutno zagrijavanje","rel":"","context":"Srodne objave","img":{"alt_text":"","src":"https:\/\/i0.wp.com\/astehshop.com\/wp-content\/uploads\/2022\/11\/ZLN5480.png?fit=1200%2C1200&resize=350%2C200","width":350,"height":200},"classes":[]},{"id":11764,"url":"http:\/\/astehshop.com\/index.php\/product\/kamin-elektricni-2000w-led-svjetlost-wifi\/","url_meta":{"origin":11777,"position":2},"title":"Kamin, elektri\u010dni, 2000W, LED svjetlost, WiFi","date":"28. rujna 2025.","format":false,"excerpt":"Elektri\u010dni kamin je odli\u010dan izvor primarnog grijanja domova. Smanjuje pritisak po\u010detkom sezone grijanja, kada jo\u0161 nije toliko hladno i uz pomo\u0107 termostata odr\u017eat \u0107e Va\u0161 dom ugodno toplim. Elektri\u010dni kamin mo\u017eda nema \u0161arm tradicionalnog kamina, ali je puno zahvalniji za odr\u017eavanje i jednostavniji za upotrebu. Elektri\u010dni kamin se mo\u017ee postaviti\u2026","rel":"","context":"Srodne objave","img":{"alt_text":"","src":"https:\/\/i1.wp.com\/astehshop.com\/wp-content\/uploads\/2025\/09\/Kamin-elektricni-2000W-LED-svjetlost-WiFi.jpg?fit=1200%2C1071&resize=350%2C200","width":350,"height":200},"classes":[]},{"id":6502,"url":"http:\/\/astehshop.com\/index.php\/product\/kamin-elektricni-1200w-led-svjetlo-ventilator-fkk-07\/","url_meta":{"origin":11777,"position":3},"title":"Kamin, elektri\u010dni, 1200W, LED svjetlo, ventilator FKK 07","date":"12. studenoga 2022.","format":false,"excerpt":"Elektri\u010dni kamin je odli\u010dan izvor primarnog grijanja domova. Smanjuje pritisak po\u010detkom sezone grijanja, kada jo\u0161 nije toliko hladno i uz pomo\u0107 termostata odr\u017eat \u0107e Va\u0161 dom ugodno toplim. Elektri\u010dni kamin mo\u017eda nema \u0161arm tradicionalnog kamina, ali je puno zahvalniji za odr\u017eavanje i jednostavniji za upotrebu. U usporedbi s tradicionalnim kaminima\u2026","rel":"","context":"Srodne objave","img":{"alt_text":"","src":"https:\/\/i2.wp.com\/astehshop.com\/wp-content\/uploads\/2022\/11\/FKK-07.png?fit=1200%2C1158&resize=350%2C200","width":350,"height":200},"classes":[]},{"id":6504,"url":"http:\/\/astehshop.com\/index.php\/product\/kamin-elektricni-2000w-led-svjetlo-daljinski-upravljac-fkk-10\/","url_meta":{"origin":11777,"position":4},"title":"Kamin, elektri\u010dni, 2000W, LED svjetlo, daljinski upravlja\u010d FKK 10","date":"12. studenoga 2022.","format":false,"excerpt":"Elektri\u010dni kamin je odli\u010dan izvor primarnog grijanja domova. Smanjuje pritisak po\u010detkom sezone grijanja, kada jo\u0161 nije toliko hladno i uz pomo\u0107 termostata odr\u017eat \u0107e Va\u0161 dom ugodno toplim. Elektri\u010dni kamin mo\u017eda nema \u0161arm tradicionalnog kamina, ali je puno zahvalniji za odr\u017eavanje i jednostavniji za upotrebu. U usporedbi s tradicionalnim kaminima\u2026","rel":"","context":"Srodne objave","img":{"alt_text":"","src":"https:\/\/i2.wp.com\/astehshop.com\/wp-content\/uploads\/2022\/11\/FKK-10.png?fit=1200%2C1138&resize=350%2C200","width":350,"height":200},"classes":[]},{"id":11766,"url":"http:\/\/astehshop.com\/index.php\/product\/kamin-elektricni-2000w-led-svjetlo-daljinski-upravljac\/","url_meta":{"origin":11777,"position":5},"title":"Kamin, elektri\u010dni, 2000W, LED svjetlo, daljinski upravlja\u010d","date":"28. rujna 2025.","format":false,"excerpt":"Elektri\u010dni kamin je odli\u010dan izvor primarnog grijanja domova. Smanjuje pritisak po\u010detkom sezone grijanja, kada jo\u0161 nije toliko hladno i uz pomo\u0107 termostata odr\u017eat \u0107e Va\u0161 dom ugodno toplim. Elektri\u010dni kamin mo\u017eda nema \u0161arm tradicionalnog kamina, ali je puno zahvalniji za odr\u017eavanje i jednostavniji za upotrebu. U usporedbi s tradicionalnim kaminima\u2026","rel":"","context":"Srodne objave","img":{"alt_text":"","src":"https:\/\/i1.wp.com\/astehshop.com\/wp-content\/uploads\/2025\/09\/kamin-fk10.png?fit=1200%2C1059&resize=350%2C200","width":350,"height":200},"classes":[]}],"_links":{"self":[{"href":"http:\/\/astehshop.com\/index.php\/wp-json\/wp\/v2\/product\/11777"}],"collection":[{"href":"http:\/\/astehshop.com\/index.php\/wp-json\/wp\/v2\/product"}],"about":[{"href":"http:\/\/astehshop.com\/index.php\/wp-json\/wp\/v2\/types\/product"}],"replies":[{"embeddable":true,"href":"http:\/\/astehshop.com\/index.php\/wp-json\/wp\/v2\/comments?post=11777"}],"wp:featuredmedia":[{"embeddable":true,"href":"http:\/\/astehshop.com\/index.php\/wp-json\/wp\/v2\/media\/11778"}],"wp:attachment":[{"href":"http:\/\/astehshop.com\/index.php\/wp-json\/wp\/v2\/media?parent=11777"}],"wp:term":[{"taxonomy":"product_cat","embeddable":true,"href":"http:\/\/astehshop.com\/index.php\/wp-json\/wp\/v2\/product_cat?post=11777"},{"taxonomy":"product_tag","embeddable":true,"href":"http:\/\/astehshop.com\/index.php\/wp-json\/wp\/v2\/product_tag?post=11777"}],"curies":[{"name":"wp","href":"https:\/\/api.w.org\/{rel}","templated":true}]}}