{"id":11764,"date":"2025-09-28T08:46:17","date_gmt":"2025-09-28T06:46:17","guid":{"rendered":"http:\/\/astehshop.com\/?post_type=product&#038;p=11764"},"modified":"2026-01-14T18:00:49","modified_gmt":"2026-01-14T17:00:49","slug":"kamin-elektricni-2000w-led-svjetlost-wifi","status":"publish","type":"product","link":"http:\/\/astehshop.com\/index.php\/product\/kamin-elektricni-2000w-led-svjetlost-wifi\/","title":{"rendered":"Kamin, elektri\u010dni, 2000W, LED svjetlost, WiFi"},"content":{"rendered":"<p>Elektri\u010dni kamin je odli\u010dan izvor primarnog grijanja domova. Smanjuje pritisak po\u010detkom sezone grijanja, kada jo\u0161 nije toliko hladno i uz pomo\u0107 termostata odr\u017eat \u0107e Va\u0161 dom ugodno toplim. Elektri\u010dni kamin mo\u017eda nema \u0161arm tradicionalnog kamina, ali je puno zahvalniji za odr\u017eavanje i jednostavniji za upotrebu. Elektri\u010dni kamin se mo\u017ee postaviti na zid poput slike. U usporedbi s tradicionalnim kaminima na drva, karakteriziraju ih mnogobrojne prednosti: nestaje potreba za dimnjakom, \u010di\u0161\u0107enjem i odr\u017eavanjem lo\u017ei\u0161ta, lagano se premje\u0161taju, sadr\u017ee mogu\u0107nost efekt plamena u razli\u010ditim bojama, kao i mogu\u0107nost rukovanja na daljinu.<br \/>\nElektri\u010dni kamin FKK 3000, grijalica podesive snage 1000W \/ 2000W, monta\u017ea na zid, ugra\u0111en WiFi, upravljanje preko aplikacije pametnog telefona i preko daljinskog upravlja\u010da,realan efekt plamena, u\u010dinak plamena se mo\u017ee koristiti zasebno, termostat, dimenzije: 100 x 13 x 50 cm, napajanje 230VAC \/ 50Hz<\/p>\n","protected":false},"excerpt":{"rendered":"<p>Elektri\u010dni kamin je odli\u010dan izvor primarnog grijanja domova. Smanjuje pritisak po\u010detkom sezone grijanja, kada jo\u0161 nije toliko hladno i uz pomo\u0107 termostata odr\u017eat \u0107e Va\u0161 dom ugodno toplim. Elektri\u010dni kamin mo\u017eda nema \u0161arm tradicionalnog kamina, ali je puno zahvalniji za odr\u017eavanje i jednostavniji za upotrebu. Elektri\u010dni kamin se mo\u017ee postaviti na zid poput slike. U usporedbi s tradicionalnim kaminima na drva, karakteriziraju ih mnogobrojne prednosti: nestaje potreba za dimnjakom, \u010di\u0161\u0107enjem i odr\u017eavanjem lo\u017ei\u0161ta, lagano se premje\u0161taju, sadr\u017ee mogu\u0107nost efekt plamena u razli\u010ditim bojama, kao i mogu\u0107nost rukovanja na daljinu.<br \/>\nElektri\u010dni kamin FKK 3000, grijalica podesive snage 1000W \/ 2000W, monta\u017ea na zid, ugra\u0111en WiFi, upravljanje preko aplikacije pametnog telefona i preko daljinskog upravlja\u010da,realan efekt plamena, u\u010dinak plamena se mo\u017ee koristiti zasebno, termostat, dimenzije: 100 x 13 x 50 cm, napajanje 230VAC \/ 50Hz<\/p>\n","protected":false},"featured_media":11765,"comment_status":"open","ping_status":"closed","template":"","meta":{"_mi_skip_tracking":false,"_exactmetrics_sitenote_active":false,"_exactmetrics_sitenote_note":"","_exactmetrics_sitenote_category":0,"spay_email":""},"product_cat":[8325],"product_tag":[1865,8336,4274,660,1855,8332,8335,8337,8334,8339,8338,4489],"brands":[],"df_price":599,"df_sale_price":"","df_regular_price":599,"df_image_link":"https:\/\/i1.wp.com\/astehshop.com\/wp-content\/uploads\/2025\/09\/Kamin-elektricni-2000W-LED-svjetlost-WiFi.jpg?fit=450%2C402","jetpack_publicize_connections":[],"jetpack_sharing_enabled":true,"jetpack_likes_enabled":true,"jetpack-related-posts":[{"id":11766,"url":"http:\/\/astehshop.com\/index.php\/product\/kamin-elektricni-2000w-led-svjetlo-daljinski-upravljac\/","url_meta":{"origin":11764,"position":0},"title":"Kamin, elektri\u010dni, 2000W, LED svjetlo, daljinski upravlja\u010d","date":"28. rujna 2025.","format":false,"excerpt":"Elektri\u010dni kamin je odli\u010dan izvor primarnog grijanja domova. Smanjuje pritisak po\u010detkom sezone grijanja, kada jo\u0161 nije toliko hladno i uz pomo\u0107 termostata odr\u017eat \u0107e Va\u0161 dom ugodno toplim. Elektri\u010dni kamin mo\u017eda nema \u0161arm tradicionalnog kamina, ali je puno zahvalniji za odr\u017eavanje i jednostavniji za upotrebu. U usporedbi s tradicionalnim kaminima\u2026","rel":"","context":"Srodne objave","img":{"alt_text":"","src":"https:\/\/i1.wp.com\/astehshop.com\/wp-content\/uploads\/2025\/09\/kamin-fk10.png?fit=1200%2C1059&resize=350%2C200","width":350,"height":200},"classes":[]},{"id":11768,"url":"http:\/\/astehshop.com\/index.php\/product\/kamin-elektricni-2000w-daljinski-upravljac\/","url_meta":{"origin":11764,"position":1},"title":"Kamin, elektri\u010dni, 2000W, daljinski upravlja\u010d","date":"28. rujna 2025.","format":false,"excerpt":"Elekti\u010dni kamin (grijalica) sa ventilatorom, ugradbeni, snaga grija\u010da 1000W \/ 2000W, realan efekt sagorijevanja drveta, efekt plamena i grijanje se mo\u017ee koristiti odvojeno, ru\u010dno i upravljanje preko daljinskog upravlja\u010da, LED izvor svjetlosti, 5 brzina svjetlosnih efekata, tjedni program, detekcija otvorenog prozora, dimenzije 600 x 440 x 200 mm, ugradbene dimenzije\u2026","rel":"","context":"Srodne objave","img":{"alt_text":"","src":"https:\/\/i2.wp.com\/astehshop.com\/wp-content\/uploads\/2025\/09\/fki03.jpg?fit=1200%2C1072&resize=350%2C200","width":350,"height":200},"classes":[]},{"id":11774,"url":"http:\/\/astehshop.com\/index.php\/product\/kamin-elektricni-2000w-fkk15\/","url_meta":{"origin":11764,"position":2},"title":"Kamin, elektri\u010dni, 2000W FKK15","date":"28. rujna 2025.","format":false,"excerpt":"Elektri\u010dni kamin ( grijalica ), samostoje\u0107a, podesiva snaga 1000W \/ 2000W, ugra\u0111en izvor svjetlost 10W, podesiva svjetlina, realan efekt plamena, termostat, za\u0161tita od pregrijavanja, du\u017eina napojnog kabela 1.6 met., nivo buke 50dB, napajanje 230VAC \/ 50Hz","rel":"","context":"Srodne objave","img":{"alt_text":"","src":"https:\/\/i1.wp.com\/astehshop.com\/wp-content\/uploads\/2025\/09\/elektricni-kamin-fkk15.png?fit=1200%2C1156&resize=350%2C200","width":350,"height":200},"classes":[]},{"id":6504,"url":"http:\/\/astehshop.com\/index.php\/product\/kamin-elektricni-2000w-led-svjetlo-daljinski-upravljac-fkk-10\/","url_meta":{"origin":11764,"position":3},"title":"Kamin, elektri\u010dni, 2000W, LED svjetlo, daljinski upravlja\u010d FKK 10","date":"12. studenoga 2022.","format":false,"excerpt":"Elektri\u010dni kamin je odli\u010dan izvor primarnog grijanja domova. Smanjuje pritisak po\u010detkom sezone grijanja, kada jo\u0161 nije toliko hladno i uz pomo\u0107 termostata odr\u017eat \u0107e Va\u0161 dom ugodno toplim. Elektri\u010dni kamin mo\u017eda nema \u0161arm tradicionalnog kamina, ali je puno zahvalniji za odr\u017eavanje i jednostavniji za upotrebu. U usporedbi s tradicionalnim kaminima\u2026","rel":"","context":"Srodne objave","img":{"alt_text":"","src":"https:\/\/i2.wp.com\/astehshop.com\/wp-content\/uploads\/2022\/11\/FKK-10.png?fit=1200%2C1138&resize=350%2C200","width":350,"height":200},"classes":[]},{"id":6502,"url":"http:\/\/astehshop.com\/index.php\/product\/kamin-elektricni-1200w-led-svjetlo-ventilator-fkk-07\/","url_meta":{"origin":11764,"position":4},"title":"Kamin, elektri\u010dni, 1200W, LED svjetlo, ventilator FKK 07","date":"12. studenoga 2022.","format":false,"excerpt":"Elektri\u010dni kamin je odli\u010dan izvor primarnog grijanja domova. Smanjuje pritisak po\u010detkom sezone grijanja, kada jo\u0161 nije toliko hladno i uz pomo\u0107 termostata odr\u017eat \u0107e Va\u0161 dom ugodno toplim. Elektri\u010dni kamin mo\u017eda nema \u0161arm tradicionalnog kamina, ali je puno zahvalniji za odr\u017eavanje i jednostavniji za upotrebu. U usporedbi s tradicionalnim kaminima\u2026","rel":"","context":"Srodne objave","img":{"alt_text":"","src":"https:\/\/i2.wp.com\/astehshop.com\/wp-content\/uploads\/2022\/11\/FKK-07.png?fit=1200%2C1158&resize=350%2C200","width":350,"height":200},"classes":[]},{"id":6506,"url":"http:\/\/astehshop.com\/index.php\/product\/fkk-24\/","url_meta":{"origin":11764,"position":5},"title":"FKK 24","date":"12. studenoga 2022.","format":false,"excerpt":"Elektri\u010dni kamin je odli\u010dan izvor primarnog grijanja domova. Smanjuje pritisak po\u010detkom sezone grijanja, kada jo\u0161 nije toliko hladno i uz pomo\u0107 termostata odr\u017eat \u0107e Va\u0161 dom ugodno toplim. Elektri\u010dni kamin mo\u017eda nema \u0161arm tradicionalnog kamina, ali je puno zahvalniji za odr\u017eavanje i jednostavniji za upotrebu. U usporedbi s tradicionalnim kaminima\u2026","rel":"","context":"Srodne objave","img":{"alt_text":"","src":"https:\/\/i2.wp.com\/astehshop.com\/wp-content\/uploads\/2022\/11\/FKK-24.png?fit=1200%2C1124&resize=350%2C200","width":350,"height":200},"classes":[]}],"_links":{"self":[{"href":"http:\/\/astehshop.com\/index.php\/wp-json\/wp\/v2\/product\/11764"}],"collection":[{"href":"http:\/\/astehshop.com\/index.php\/wp-json\/wp\/v2\/product"}],"about":[{"href":"http:\/\/astehshop.com\/index.php\/wp-json\/wp\/v2\/types\/product"}],"replies":[{"embeddable":true,"href":"http:\/\/astehshop.com\/index.php\/wp-json\/wp\/v2\/comments?post=11764"}],"wp:featuredmedia":[{"embeddable":true,"href":"http:\/\/astehshop.com\/index.php\/wp-json\/wp\/v2\/media\/11765"}],"wp:attachment":[{"href":"http:\/\/astehshop.com\/index.php\/wp-json\/wp\/v2\/media?parent=11764"}],"wp:term":[{"taxonomy":"product_cat","embeddable":true,"href":"http:\/\/astehshop.com\/index.php\/wp-json\/wp\/v2\/product_cat?post=11764"},{"taxonomy":"product_tag","embeddable":true,"href":"http:\/\/astehshop.com\/index.php\/wp-json\/wp\/v2\/product_tag?post=11764"}],"curies":[{"name":"wp","href":"https:\/\/api.w.org\/{rel}","templated":true}]}}