{"id":11749,"date":"2025-09-27T15:20:45","date_gmt":"2025-09-27T13:20:45","guid":{"rendered":"http:\/\/astehshop.com\/?post_type=product&#038;p=11749"},"modified":"2026-01-14T18:00:53","modified_gmt":"2026-01-14T17:00:53","slug":"pametni-televizor-max-50mt504-50","status":"publish","type":"product","link":"http:\/\/astehshop.com\/index.php\/product\/pametni-televizor-max-50mt504-50\/","title":{"rendered":"Pametni televizor MAX 50MT504 50&#8221;"},"content":{"rendered":"<ul>\n<li class=\"tw-data-text tw-text-large tw-ta\" dir=\"ltr\" data-placeholder=\"Prijevod\"><span class=\"Y2IQFc\" lang=\"bs\">Veli\u010dina ekrana<strong> 50\u201d\u00a0<\/strong><\/span><\/li>\n<li class=\"tw-data-text tw-text-large tw-ta\" dir=\"ltr\" data-placeholder=\"Prijevod\"><span class=\"Y2IQFc\" lang=\"bs\">Tip ekrana<strong> UHD 4K <\/strong><\/span><\/li>\n<li class=\"tw-data-text tw-text-large tw-ta\" dir=\"ltr\" data-placeholder=\"Prijevod\"><span class=\"Y2IQFc\" lang=\"bs\">Rezolucija <strong>3840\u00d72160 <\/strong><\/span><\/li>\n<li class=\"tw-data-text tw-text-large tw-ta\" dir=\"ltr\" data-placeholder=\"Prijevod\"><span class=\"Y2IQFc\" lang=\"bs\">Boje za prikazivanje <strong>1.07B <\/strong><\/span><\/li>\n<li class=\"tw-data-text tw-text-large tw-ta\" dir=\"ltr\" data-placeholder=\"Prijevod\"><span class=\"Y2IQFc\" lang=\"bs\">Ugao gledanja <strong>178\u00ba <\/strong><\/span><\/li>\n<li class=\"tw-data-text tw-text-large tw-ta\" dir=\"ltr\" data-placeholder=\"Prijevod\"><span class=\"Y2IQFc\" lang=\"bs\">Savjet tjunera DVB-T\/C\/T2 <\/span><\/li>\n<li class=\"tw-data-text tw-text-large tw-ta\" dir=\"ltr\" data-placeholder=\"Prijevod\"><strong><span class=\"Y2IQFc\" lang=\"bs\">Smart OS Android 9.0 <\/span><\/strong><\/li>\n<li class=\"tw-data-text tw-text-large tw-ta\" dir=\"ltr\" data-placeholder=\"Prijevod\"><span class=\"Y2IQFc\" lang=\"bs\">CPU okvir ARM Cortex-A53\/1.5GHz\/\u010cetiri jezgra GPU G52MP2\/Dual core <\/span><\/li>\n<li class=\"tw-data-text tw-text-large tw-ta\" dir=\"ltr\" data-placeholder=\"Prijevod\"><span class=\"Y2IQFc\" lang=\"bs\">Memorija 8GB, RAM 1.5GB DDR3 <\/span><\/li>\n<li class=\"tw-data-text tw-text-large tw-ta\" dir=\"ltr\" data-placeholder=\"Prijevod\"><span class=\"Y2IQFc\" lang=\"bs\">Miracast Da<\/span><\/li>\n<li class=\"tw-data-text tw-text-large tw-ta\" dir=\"ltr\" data-placeholder=\"Prijevod\"><span class=\"Y2IQFc\" lang=\"bs\">Mod za sliku Standardni\/Svijetli\/Mekani\/Korisni\u010dki <\/span><\/li>\n<li class=\"tw-data-text tw-text-large tw-ta\" dir=\"ltr\" data-placeholder=\"Prijevod\"><span class=\"Y2IQFc\" lang=\"bs\">Mod za zvuk Standard\/Muzika\/Film\/Korisnik <\/span><\/li>\n<li class=\"tw-data-text tw-text-large tw-ta\" dir=\"ltr\" data-placeholder=\"Prijevod\"><span class=\"Y2IQFc\" lang=\"bs\">Audio snaga (izlaz) 8W + 8W<\/span><\/li>\n<li class=\"tw-data-text tw-text-large tw-ta\" dir=\"ltr\" data-placeholder=\"Prijevod\"><span class=\"Y2IQFc\" lang=\"bs\">Konekcije HDMI2.0 x 3, USB 2.0 x 2, AV ulaz x 1, CI x 1, RJ-45 x 1,<\/span><span class=\"Y2IQFc\" lang=\"bs\"> Audio x 1, SPDIFx 1 (opti\u010dki) <\/span><\/li>\n<li class=\"tw-data-text tw-text-large tw-ta\" dir=\"ltr\" data-placeholder=\"Prijevod\"><span class=\"Y2IQFc\" lang=\"bs\">Dolby <strong>Da<\/strong><\/span><\/li>\n<li class=\"tw-data-text tw-text-large tw-ta\" dir=\"ltr\" data-placeholder=\"Prijevod\"><span class=\"Y2IQFc\" lang=\"bs\">Teletekst<strong> Da <\/strong><\/span><\/li>\n<li class=\"tw-data-text tw-text-large tw-ta\" dir=\"ltr\" data-placeholder=\"Prijevod\"><span class=\"Y2IQFc\" lang=\"bs\">Hotelski mod <strong>Da <\/strong><\/span><\/li>\n<li class=\"tw-data-text tw-text-large tw-ta\" dir=\"ltr\" data-placeholder=\"Prijevod\"><span class=\"Y2IQFc\" lang=\"bs\">PVR \u2013 funkcija za snimanje video materijala Da <\/span><\/li>\n<li class=\"tw-data-text tw-text-large tw-ta\" dir=\"ltr\" data-placeholder=\"Prijevod\"><span class=\"Y2IQFc\" lang=\"bs\">V<\/span><span class=\"Y2IQFc\" lang=\"bs\">i\u0161e jezika OSD Da <\/span><\/li>\n<li class=\"tw-data-text tw-text-large tw-ta\" dir=\"ltr\" data-placeholder=\"Prijevod\"><span class=\"Y2IQFc\" lang=\"bs\">Srpski OSD Da <\/span><\/li>\n<li class=\"tw-data-text tw-text-large tw-ta\" dir=\"ltr\" data-placeholder=\"Prijevod\"><span class=\"Y2IQFc\" lang=\"bs\">Vesa 300x200mm<\/span><\/li>\n<li class=\"tw-data-text tw-text-large tw-ta\" dir=\"ltr\" data-placeholder=\"Prijevod\"><span class=\"Y2IQFc\" lang=\"bs\">Veli\u010dina: D x \u0160 x V sa postoljem 1228x285x747mm, bez postolja 1228\u00d773\u00d7711mm <\/span><\/li>\n<li class=\"tw-data-text tw-text-large tw-ta\" dir=\"ltr\" data-placeholder=\"Prijevod\"><span class=\"Y2IQFc\" lang=\"bs\">Te\u017eina sa postoljem 13,2 kg, bez postolja 12,9 kg <\/span><\/li>\n<li class=\"tw-data-text tw-text-large tw-ta\" dir=\"ltr\" data-placeholder=\"Prijevod\"><span class=\"Y2IQFc\" lang=\"bs\">Ulazna snaga 100-240VAc<\/span><\/li>\n<li class=\"tw-data-text tw-text-large tw-ta\" dir=\"ltr\" data-placeholder=\"Prijevod\"><span class=\"Y2IQFc\" lang=\"bs\">Nazivna snaga 130W <\/span><\/li>\n<li class=\"tw-data-text tw-text-large tw-ta\" dir=\"ltr\" data-placeholder=\"Prijevod\"><span class=\"Y2IQFc\" lang=\"bs\">Snaga u stanju pripravnosti \u22640,5W<\/span><\/li>\n<li class=\"tw-data-text tw-text-large tw-ta\" dir=\"ltr\" data-placeholder=\"Prijevod\"><span class=\"Y2IQFc\" lang=\"bs\">Du\u017eina kabla za napajanje 1.5M<\/span><\/li>\n<li class=\"tw-data-text tw-text-large tw-ta\" dir=\"ltr\" data-placeholder=\"Prijevod\"><strong><span class=\"Y2IQFc\" lang=\"bs\">Garancija 3 godine <\/span><\/strong><\/li>\n<\/ul>\n","protected":false},"excerpt":{"rendered":"<ul>\n<li class=\"tw-data-text tw-text-large tw-ta\" dir=\"ltr\" data-placeholder=\"Prijevod\"><span class=\"Y2IQFc\" lang=\"bs\">Veli\u010dina ekrana<strong> 50\u201d\u00a0<\/strong><\/span><\/li>\n<li class=\"tw-data-text tw-text-large tw-ta\" dir=\"ltr\" data-placeholder=\"Prijevod\"><span class=\"Y2IQFc\" lang=\"bs\">Tip ekrana<strong> UHD 4K <\/strong><\/span><\/li>\n<li class=\"tw-data-text tw-text-large tw-ta\" dir=\"ltr\" data-placeholder=\"Prijevod\"><span class=\"Y2IQFc\" lang=\"bs\">Rezolucija <strong>3840\u00d72160 <\/strong><\/span><\/li>\n<li class=\"tw-data-text tw-text-large tw-ta\" dir=\"ltr\" data-placeholder=\"Prijevod\"><span class=\"Y2IQFc\" lang=\"bs\">Boje za prikazivanje <strong>1.07B <\/strong><\/span><\/li>\n<li class=\"tw-data-text tw-text-large tw-ta\" dir=\"ltr\" data-placeholder=\"Prijevod\"><span class=\"Y2IQFc\" lang=\"bs\">Ugao gledanja <strong>178\u00ba <\/strong><\/span><\/li>\n<li class=\"tw-data-text tw-text-large tw-ta\" dir=\"ltr\" data-placeholder=\"Prijevod\"><span class=\"Y2IQFc\" lang=\"bs\">Savjet tjunera DVB-T\/C\/T2 <\/span><\/li>\n<li class=\"tw-data-text tw-text-large tw-ta\" dir=\"ltr\" data-placeholder=\"Prijevod\"><strong><span class=\"Y2IQFc\" lang=\"bs\">Smart OS Android 9.0 <\/span><\/strong><\/li>\n<li class=\"tw-data-text tw-text-large tw-ta\" dir=\"ltr\" data-placeholder=\"Prijevod\"><span class=\"Y2IQFc\" lang=\"bs\">CPU okvir ARM Cortex-A53\/1.5GHz\/\u010cetiri jezgra GPU G52MP2\/Dual core <\/span><\/li>\n<li class=\"tw-data-text tw-text-large tw-ta\" dir=\"ltr\" data-placeholder=\"Prijevod\"><span class=\"Y2IQFc\" lang=\"bs\">Memorija 8GB, RAM 1.5GB DDR3 <\/span><\/li>\n<li class=\"tw-data-text tw-text-large tw-ta\" dir=\"ltr\" data-placeholder=\"Prijevod\"><span class=\"Y2IQFc\" lang=\"bs\">Miracast Da<\/span><\/li>\n<li class=\"tw-data-text tw-text-large tw-ta\" dir=\"ltr\" data-placeholder=\"Prijevod\"><span class=\"Y2IQFc\" lang=\"bs\">Mod za sliku Standardni\/Svijetli\/Mekani\/Korisni\u010dki <\/span><\/li>\n<li class=\"tw-data-text tw-text-large tw-ta\" dir=\"ltr\" data-placeholder=\"Prijevod\"><span class=\"Y2IQFc\" lang=\"bs\">Mod za zvuk Standard\/Muzika\/Film\/Korisnik <\/span><\/li>\n<li class=\"tw-data-text tw-text-large tw-ta\" dir=\"ltr\" data-placeholder=\"Prijevod\"><span class=\"Y2IQFc\" lang=\"bs\">Audio snaga (izlaz) 8W + 8W<\/span><\/li>\n<li class=\"tw-data-text tw-text-large tw-ta\" dir=\"ltr\" data-placeholder=\"Prijevod\"><span class=\"Y2IQFc\" lang=\"bs\">Konekcije HDMI2.0 x 3, USB 2.0 x 2, AV ulaz x 1, CI x 1, RJ-45 x 1,<\/span><span class=\"Y2IQFc\" lang=\"bs\"> Audio x 1, SPDIFx 1 (opti\u010dki) <\/span><\/li>\n<li class=\"tw-data-text tw-text-large tw-ta\" dir=\"ltr\" data-placeholder=\"Prijevod\"><span class=\"Y2IQFc\" lang=\"bs\">Dolby <strong>Da<\/strong><\/span><\/li>\n<li class=\"tw-data-text tw-text-large tw-ta\" dir=\"ltr\" data-placeholder=\"Prijevod\"><span class=\"Y2IQFc\" lang=\"bs\">Teletekst<strong> Da <\/strong><\/span><\/li>\n<li class=\"tw-data-text tw-text-large tw-ta\" dir=\"ltr\" data-placeholder=\"Prijevod\"><span class=\"Y2IQFc\" lang=\"bs\">Hotelski mod <strong>Da <\/strong><\/span><\/li>\n<li class=\"tw-data-text tw-text-large tw-ta\" dir=\"ltr\" data-placeholder=\"Prijevod\"><span class=\"Y2IQFc\" lang=\"bs\">PVR \u2013 funkcija za snimanje video materijala Da <\/span><\/li>\n<li class=\"tw-data-text tw-text-large tw-ta\" dir=\"ltr\" data-placeholder=\"Prijevod\"><span class=\"Y2IQFc\" lang=\"bs\">V<\/span><span class=\"Y2IQFc\" lang=\"bs\">i\u0161e jezika OSD Da <\/span><\/li>\n<li class=\"tw-data-text tw-text-large tw-ta\" dir=\"ltr\" data-placeholder=\"Prijevod\"><span class=\"Y2IQFc\" lang=\"bs\">Srpski OSD Da <\/span><\/li>\n<li class=\"tw-data-text tw-text-large tw-ta\" dir=\"ltr\" data-placeholder=\"Prijevod\"><span class=\"Y2IQFc\" lang=\"bs\">Vesa 300x200mm<\/span><\/li>\n<li class=\"tw-data-text tw-text-large tw-ta\" dir=\"ltr\" data-placeholder=\"Prijevod\"><span class=\"Y2IQFc\" lang=\"bs\">Veli\u010dina: D x \u0160 x V sa postoljem 1228x285x747mm, bez postolja 1228\u00d773\u00d7711mm <\/span><\/li>\n<li class=\"tw-data-text tw-text-large tw-ta\" dir=\"ltr\" data-placeholder=\"Prijevod\"><span class=\"Y2IQFc\" lang=\"bs\">Te\u017eina sa postoljem 13,2 kg, bez postolja 12,9 kg <\/span><\/li>\n<li class=\"tw-data-text tw-text-large tw-ta\" dir=\"ltr\" data-placeholder=\"Prijevod\"><span class=\"Y2IQFc\" lang=\"bs\">Ulazna snaga 100-240VAc<\/span><\/li>\n<li class=\"tw-data-text tw-text-large tw-ta\" dir=\"ltr\" data-placeholder=\"Prijevod\"><span class=\"Y2IQFc\" lang=\"bs\">Nazivna snaga 130W <\/span><\/li>\n<li class=\"tw-data-text tw-text-large tw-ta\" dir=\"ltr\" data-placeholder=\"Prijevod\"><span class=\"Y2IQFc\" lang=\"bs\">Snaga u stanju pripravnosti \u22640,5W<\/span><\/li>\n<li class=\"tw-data-text tw-text-large tw-ta\" dir=\"ltr\" data-placeholder=\"Prijevod\"><span class=\"Y2IQFc\" lang=\"bs\">Du\u017eina kabla za napajanje 1.5M<\/span><\/li>\n<li class=\"tw-data-text tw-text-large tw-ta\" dir=\"ltr\" data-placeholder=\"Prijevod\"><strong><span class=\"Y2IQFc\" lang=\"bs\">Garancija 3 godine <\/span><\/strong><\/li>\n<\/ul>\n","protected":false},"featured_media":11750,"comment_status":"open","ping_status":"closed","template":"","meta":{"_mi_skip_tracking":false,"_exactmetrics_sitenote_active":false,"_exactmetrics_sitenote_note":"","_exactmetrics_sitenote_category":0,"spay_email":""},"product_cat":[2011],"product_tag":[8289,8294,8288,3799,8273,8293,2761,8292,8291,8290],"brands":[{"id":8262,"name":"MAX","slug":"max"}],"df_price":559,"df_sale_price":559,"df_regular_price":650,"df_image_link":"https:\/\/i1.wp.com\/astehshop.com\/wp-content\/uploads\/2025\/09\/max-50-incha-smart.jpg?fit=450%2C323","jetpack_publicize_connections":[],"jetpack_sharing_enabled":true,"jetpack_likes_enabled":true,"jetpack-related-posts":[{"id":6369,"url":"http:\/\/astehshop.com\/index.php\/product\/tesla-tv-43k625bus-uhd\/","url_meta":{"origin":11749,"position":0},"title":"Tesla TV 43K625BUS UHD","date":"30. rujna 2022.","format":false,"excerpt":"Veli\u010dina Ekrana 43'' Rezolucija Ekrana 4K Ultra HD (3840 x 2160) Vrsta Ekrana LED Smart Da Internet Da 3D Ne Zakrivljenost Ravni","rel":"","context":"Srodne objave","img":{"alt_text":"","src":"https:\/\/i1.wp.com\/astehshop.com\/wp-content\/uploads\/2022\/09\/0112965_tesla-tv-43k625bus-uhd-webos-tv-magic-remote-43k625bus.jpeg?fit=900%2C900&resize=350%2C200","width":350,"height":200},"classes":[]},{"id":11751,"url":"http:\/\/astehshop.com\/index.php\/product\/max-televizor-165-cm-65mt501-65\/","url_meta":{"origin":11749,"position":1},"title":"Max Smart televizor 165 CM 65MT501 65&#8221;","date":"27. rujna 2025.","format":false,"excerpt":"Velicina ekrana 65\u2033 (165 cm) Tip ekrana \u2013 UHD 4K\/A+ GRADE\/ Rezolucija \u2013 3840\u00d72160 Boje za prikazivanje \u2013 1.07B Ugao gledanja \u2013 178* Tip tjunera \u2013 DVB-T\/C\/T2 Smart OS \u2013 Android 9.0 FRAMLESS\/ BEZ RAMA\/ \u2013 ARM Cortex A9\/1.2GHz\/dual-core GPU- Mali-400MP2\/Dual core Memorija \u2013 8GB, RAM 1.5GB DDR3 Miracast Mod\u2026","rel":"","context":"Srodne objave","img":{"alt_text":"","src":"https:\/\/i1.wp.com\/astehshop.com\/wp-content\/uploads\/2025\/09\/max-65-inca.jpg?fit=1058%2C669&resize=350%2C200","width":350,"height":200},"classes":[]},{"id":11745,"url":"http:\/\/astehshop.com\/index.php\/product\/televizor-max-32mt104-32-inca-81-cm\/","url_meta":{"origin":11749,"position":2},"title":"Televizor MAX 32MT104 32 in\u010da 81 CM","date":"27. rujna 2025.","format":false,"excerpt":"Velil\u010dina ekrana 32\u2033 (81 cm) Tip ekrana \u2013 Direct LED Rezolucija \u2013 1360\u00d7768 HD Ready Boje za prikazivanje \u2013 16.7 Miliona Ugao gledanja \u2013 178* Tip tjunera \u2013 DVB-T\/C\/T2 Mod za sliku \u2013 Standard\/Bright\/Soft\/User Mod za zvuk \u2013 Standard\/Music\/Movie\/User Audio snaga (output) \u2013 6W + 6W Konekcije \u2013 HDMIx2, USB\u2026","rel":"","context":"Srodne objave","img":{"alt_text":"","src":"https:\/\/i0.wp.com\/astehshop.com\/wp-content\/uploads\/2025\/09\/max_32-removebg-preview.png?fit=502%2C497&resize=350%2C200","width":350,"height":200},"classes":[]},{"id":11748,"url":"http:\/\/astehshop.com\/index.php\/product\/pametni-televizor-max-32-81cm-32mt104\/","url_meta":{"origin":11749,"position":3},"title":"Pametni televizor MAX 32&#8221; 81cm 32MT104","date":"27. rujna 2025.","format":false,"excerpt":"Velicina ekrana 32\u2033 (81 cm) Tip ekrana \u2013 DLED Direct Type Rezolucija \u2013 1360\u00d7768 HD Ready Boje za prikazivanje \u2013 16.7M Ugao gledanja \u2013 178* Tip tjunera \u2013 DVB-T\/C\/T2 Smart OS \u2013 Android 9.0 CPU Frame \u2013 ARM Cortex A35\/1.6GHz\/Quad core TRIPLE CORE 470MP3 Memorija \u2013 8GB, RAM 1GB DDR3\u2026","rel":"","context":"Srodne objave","img":{"alt_text":"","src":"https:\/\/i0.wp.com\/astehshop.com\/wp-content\/uploads\/2025\/09\/max_32-removebg-preview.png?fit=502%2C497&resize=350%2C200","width":350,"height":200},"classes":[]},{"id":11754,"url":"http:\/\/astehshop.com\/index.php\/product\/max-pametni-televizor-43mt304-105cm\/","url_meta":{"origin":11749,"position":4},"title":"Max pametni televizor 43MT304 105CM","date":"27. rujna 2025.","format":false,"excerpt":"Veli\u010dina ekrana 43\u201d (105cm) Tip ekrana Direct LED Rezolucija 1920\u00d71080 Full HD\/A+GRADE\/ Boje za prikazivanje 16.7M Ugao gledanja 178\u00ba Tip tjunera DVB-T\/C\/T2 Smart OS Android 9.0 FRAMLESS\/ BEZ RAMA\/ ARM Cortex A35\/1.6GHz\/Quad core GPU TRIPLE CORE 470MP3 Memorija 8GB, RAM 1GB DDR3 Miracast Yes Mod za sliku Standard\/Bright\/Soft\/User Mod za\u2026","rel":"","context":"Srodne objave","img":{"alt_text":"","src":"https:\/\/i1.wp.com\/astehshop.com\/wp-content\/uploads\/2025\/09\/max-65-inca.jpg?fit=1058%2C669&resize=350%2C200","width":350,"height":200},"classes":[]},{"id":9373,"url":"http:\/\/astehshop.com\/index.php\/product\/dahua-50-ltv50-sd400-uhd-android-tv\/","url_meta":{"origin":11749,"position":5},"title":"DAHUA 50&#8243; LTV50-SD400 UHD Android TV","date":"11. lipnja 2024.","format":false,"excerpt":"Karakteristike Energetska klasa G Ekran Veli\u010dina ekrana 50 in\u010da (127cm) Rezolucija 4K Ultra HD (3.840 x 2.160) Tip ekrana LED Pozadinsko osvetljenje Direct LED Nativni kontrast 5.000:1 Osve\u017eavanje 60Hz Osvetljenje 300 nita Odnos stranica 16:9 Uglovi gledanja 178 stepeni horizontalni, 178 stepeni vertikalni Paleta boja 1.07 milijardi boja Ostalo Odziv\u2026","rel":"","context":"Srodne objave","img":{"alt_text":"","src":"https:\/\/i1.wp.com\/astehshop.com\/wp-content\/uploads\/2024\/06\/LTV32-SD100_1_1701345107.jpg?fit=1200%2C832&resize=350%2C200","width":350,"height":200},"classes":[]}],"_links":{"self":[{"href":"http:\/\/astehshop.com\/index.php\/wp-json\/wp\/v2\/product\/11749"}],"collection":[{"href":"http:\/\/astehshop.com\/index.php\/wp-json\/wp\/v2\/product"}],"about":[{"href":"http:\/\/astehshop.com\/index.php\/wp-json\/wp\/v2\/types\/product"}],"replies":[{"embeddable":true,"href":"http:\/\/astehshop.com\/index.php\/wp-json\/wp\/v2\/comments?post=11749"}],"wp:featuredmedia":[{"embeddable":true,"href":"http:\/\/astehshop.com\/index.php\/wp-json\/wp\/v2\/media\/11750"}],"wp:attachment":[{"href":"http:\/\/astehshop.com\/index.php\/wp-json\/wp\/v2\/media?parent=11749"}],"wp:term":[{"taxonomy":"product_cat","embeddable":true,"href":"http:\/\/astehshop.com\/index.php\/wp-json\/wp\/v2\/product_cat?post=11749"},{"taxonomy":"product_tag","embeddable":true,"href":"http:\/\/astehshop.com\/index.php\/wp-json\/wp\/v2\/product_tag?post=11749"}],"curies":[{"name":"wp","href":"https:\/\/api.w.org\/{rel}","templated":true}]}}