{"id":11687,"date":"2025-08-24T14:13:03","date_gmt":"2025-08-24T12:13:03","guid":{"rendered":"http:\/\/astehshop.com\/?post_type=product&#038;p=11687"},"modified":"2025-08-24T14:13:05","modified_gmt":"2025-08-24T12:13:05","slug":"kingston-usb-c-dt70-256gb-3-2","status":"publish","type":"product","link":"http:\/\/astehshop.com\/index.php\/product\/kingston-usb-c-dt70-256gb-3-2\/","title":{"rendered":"Kingston USB-C DT70 256GB 3.2"},"content":{"rendered":"<ul>\n<li><strong>Interfejs:<\/strong>\u00a0USB 3.2 Gen 1<\/li>\n<li><strong>Kapacitet:<\/strong>\u00a0256GB<\/li>\n<li><strong>Dizajn:<\/strong>\u00a0Kompaktan, prenosiv<\/li>\n<li><strong>Kompatibilnost:<\/strong>\u00a0Windows, Mac OS, Linux, Chrome OS<\/li>\n<\/ul>\n<p>Za sve dodatne informacije mozete nas kontaktirati na\u00a0<strong>OLX poruke, 065824333 ili Viber<\/strong><\/p>\n<p>NUDIMO KUPOVINU NOVE ROBE NA RATE:<\/p>\n<p>-DO 18 RATA PREKO MIKROFIN KREDITNA ORGANIZACIJA<\/p>\n<p>-DO 12 RATA PREKO \u0160OPING KARTICE UNICREDIT BANK<\/p>\n<p>&nbsp;<\/p>\n<p>Trgovinska Radnja TECHNO SHOP BN<\/p>\n<p>Nikole Tesle 31a, Bijeljina<\/p>\n<p>(izme\u0111u Moja Apoteka i picerije Park Ne\u0161kovi\u0107)<\/p>\n<p>055\/422-599;\u00a0<strong><u>065\/824-333<\/u><\/strong><\/p>\n<p>Radnim danima 09-19h<\/p>\n<p>Subotom 09-16h<\/p>\n<p>www.technoshopbn.com<\/p>\n<p><a href=\"https:\/\/olx.ba\/artikal\/51187537\/gaming-racunar-pc-i5-10400f-16gb-gtx-1660-ti\">info@technoshopbn.com<\/a><\/p>\n","protected":false},"excerpt":{"rendered":"<ul>\n<li><strong>Interfejs:<\/strong>\u00a0USB 3.2 Gen 1<\/li>\n<li><strong>Kapacitet:<\/strong>\u00a0256GB<\/li>\n<li><strong>Dizajn:<\/strong>\u00a0Kompaktan, prenosiv<\/li>\n<li><strong>Kompatibilnost:<\/strong>\u00a0Windows, Mac OS, Linux, Chrome OS<\/li>\n<\/ul>\n","protected":false},"featured_media":11688,"comment_status":"open","ping_status":"closed","template":"","meta":{"_mi_skip_tracking":false,"_exactmetrics_sitenote_active":false,"_exactmetrics_sitenote_note":"","_exactmetrics_sitenote_category":0,"spay_email":""},"product_cat":[8204],"product_tag":[],"brands":[{"id":8205,"name":"Kingston","slug":"kingston"}],"df_price":49,"df_sale_price":"","df_regular_price":49,"df_image_link":"https:\/\/i0.wp.com\/astehshop.com\/wp-content\/uploads\/2025\/08\/39300-Kingston-USB-C-DT70-256GB-32-1.webp?fit=450%2C450","jetpack_publicize_connections":[],"jetpack_sharing_enabled":true,"jetpack_likes_enabled":true,"jetpack-related-posts":[{"id":11694,"url":"http:\/\/astehshop.com\/index.php\/product\/kingston-usb-memorija-dtxs-64gb-usb-3-2\/","url_meta":{"origin":11687,"position":0},"title":"Kingston USB Memorija DTXS 64GB USB 3.2","date":"24. kolovoza 2025.","format":false,"excerpt":"Model DTXS\/64GB, Kapacitet 64GB, Brzina \u010citanja\/Pisanja Podataka USB 3.2 G1, Dimensions: 57mm x 19mm x 11.8mm","rel":"","context":"Srodne objave","img":{"alt_text":"","src":"https:\/\/i2.wp.com\/astehshop.com\/wp-content\/uploads\/2025\/08\/39263-Kingston-USB-Memorija-DataTraveler-Exodia-S-64GB-USB-32-1.webp?fit=450%2C450&resize=350%2C200","width":350,"height":200},"classes":[]},{"id":10382,"url":"http:\/\/astehshop.com\/index.php\/product\/toshiba-1tb-external-hdd-2-5-usb-3-0\/","url_meta":{"origin":11687,"position":1},"title":"Toshiba 1TB External HDD 2.5&#8243; USB 3.0","date":"15. svibnja 2025.","format":false,"excerpt":"Toshiba 1TB External HDD\u00a02.5\" USB 3.0 1TB, 2.5\" external hard drive, Matt finish, SuperSpeed USB 3.2 Gen 1, USB-powered, Max. transfer rate ~ 5.0 Gbit\/s, Color Black","rel":"","context":"Srodne objave","img":{"alt_text":"","src":"https:\/\/i2.wp.com\/astehshop.com\/wp-content\/uploads\/2025\/05\/15931-Toshiba-Canvio-Basics-25-1TB-USB-30-ext-HDD-2.jpg?fit=450%2C450&resize=350%2C200","width":350,"height":200},"classes":[]},{"id":10976,"url":"http:\/\/astehshop.com\/index.php\/product\/racunar-dell-optiplex-7070-sff-i5-9500-16-256gb-nvme\/","url_meta":{"origin":11687,"position":2},"title":"RA\u010cUNAR Dell OptiPlex 7070 SFF i5-9500 \/ 16 \/ 256GB NvME","date":"10. srpnja 2025.","format":false,"excerpt":"Proizvo\u0111a\u010d: Dell Model: OptiPlex 7070 SFF Procesor: i5-9500 3.00GHz RAM: 16GB DDR4 Pohrana: 256GB SSD NvME","rel":"","context":"Srodne objave","img":{"alt_text":"","src":"https:\/\/i0.wp.com\/astehshop.com\/wp-content\/uploads\/2025\/07\/image-13.jpg?fit=550%2C412&resize=350%2C200","width":350,"height":200},"classes":[]},{"id":11631,"url":"http:\/\/astehshop.com\/index.php\/product\/xiaomi-outdoor-camera-base\/","url_meta":{"origin":11687,"position":3},"title":"XIAOMI OUTDOOR CAMERA BASE","date":"21. kolovoza 2025.","format":false,"excerpt":"Kompatibilnost:\u00a0Xiaomi Outdoor Camera BW300 \/ BW500 Povezivanje:\u00a0Wi-Fi 2.4GHz (IEEE 802.11b\/g\/n) + RJ45 LAN Podr\u017eane kamere:\u00a0Do 4 istovremeno Skladi\u0161tenje:\u00a0microSD (16\u2013256GB) + Cloud opcija Sigurnost:\u00a0MJA1 sigurnosni \u010dip + AES-128 enkripcija Pametne funkcije:\u00a0AI detekcija pokreta + alarm obavijesti Instalacija:\u00a0Plug & Play, bez dodatnih kablova Dizajn:\u00a0Kompaktna unutra\u0161nja jedinica Aplikacija:\u00a0Xiaomi Home (Android\/iOS) Napajanje:\u00a05V \/ 2A\u2026","rel":"","context":"Srodne objave","img":{"alt_text":"","src":"https:\/\/i2.wp.com\/astehshop.com\/wp-content\/uploads\/2025\/08\/xiaomi-outdoor-camera-base-station-bazna-stanica.jpg?fit=400%2C400&resize=350%2C200","width":350,"height":200},"classes":[]},{"id":11372,"url":"http:\/\/astehshop.com\/index.php\/product\/power-station-usb-brzi-quick-punjac-gembird-6-port-75w\/","url_meta":{"origin":11687,"position":4},"title":"Power station USB brzi\/quick punja\u010d GEMBIRD, 6-port 75W","date":"23. srpnja 2025.","format":false,"excerpt":"Tehnologije punjenja:\u00a0QC 3.0 i Power Delivery (PD) GaN tehnologija:\u00a0kompaktan dizajn s pove\u0107anom energetskom u\u010dinkovito\u0161\u0107u Type-C portovi:\u00a0podr\u017eavaju PD do 25 W Type-A portovi:\u00a0podr\u017eavaju QC 3.0 do 18 W Za\u0161tita:\u00a0pametna za\u0161tita od prenapona, preoptere\u0107enja, kratkog spoja i pregrijavanja","rel":"","context":"Srodne objave","img":{"alt_text":"","src":"https:\/\/i0.wp.com\/astehshop.com\/wp-content\/uploads\/2025\/07\/0137062_power-station-usb-brziquick-punjac-gembird-6-port-75w-gan-usb-fast-charger-black-type-c-usb-ta-uc-2a.png?fit=900%2C900&resize=350%2C200","width":350,"height":200},"classes":[]},{"id":11118,"url":"http:\/\/astehshop.com\/index.php\/product\/ssd-lexar-256gb-ns100\/","url_meta":{"origin":11687,"position":5},"title":"SSD Lexar 256GB NS100","date":"16. srpnja 2025.","format":false,"excerpt":"SSD Lexar\u00ae 256GB NS100 2.5\u201d SATA (6Gb\/s) Solid-State Drive, up to 520MB\/s Read and 440 MB\/s write, LX1LNS100256RB","rel":"","context":"Srodne objave","img":{"alt_text":"","src":"https:\/\/i2.wp.com\/astehshop.com\/wp-content\/uploads\/2025\/07\/0129419_ssd-lexar-256gb-ns100-25-sata-6gbs-solid-state-drive-up-to-520mbs-read-and-440-mbs-write-lx1lns10025-1.png?fit=900%2C900&resize=350%2C200","width":350,"height":200},"classes":[]}],"_links":{"self":[{"href":"http:\/\/astehshop.com\/index.php\/wp-json\/wp\/v2\/product\/11687"}],"collection":[{"href":"http:\/\/astehshop.com\/index.php\/wp-json\/wp\/v2\/product"}],"about":[{"href":"http:\/\/astehshop.com\/index.php\/wp-json\/wp\/v2\/types\/product"}],"replies":[{"embeddable":true,"href":"http:\/\/astehshop.com\/index.php\/wp-json\/wp\/v2\/comments?post=11687"}],"wp:featuredmedia":[{"embeddable":true,"href":"http:\/\/astehshop.com\/index.php\/wp-json\/wp\/v2\/media\/11688"}],"wp:attachment":[{"href":"http:\/\/astehshop.com\/index.php\/wp-json\/wp\/v2\/media?parent=11687"}],"wp:term":[{"taxonomy":"product_cat","embeddable":true,"href":"http:\/\/astehshop.com\/index.php\/wp-json\/wp\/v2\/product_cat?post=11687"},{"taxonomy":"product_tag","embeddable":true,"href":"http:\/\/astehshop.com\/index.php\/wp-json\/wp\/v2\/product_tag?post=11687"}],"curies":[{"name":"wp","href":"https:\/\/api.w.org\/{rel}","templated":true}]}}